{"id":737513,"date":"2025-08-27T23:30:31","date_gmt":"2025-08-27T20:30:31","guid":{"rendered":"https:\/\/roveyayinevi.com.tr\/index.php\/urun\/alemin-ezeliligi-uzerine\/"},"modified":"2026-04-16T02:46:55","modified_gmt":"2026-04-15T23:46:55","slug":"alemin-ezeliligi-uzerine","status":"publish","type":"product","link":"https:\/\/roveyayinevi.com.tr\/index.php\/urun\/alemin-ezeliligi-uzerine\/","title":{"rendered":"Alemin Ezelili\u011fi \u00dczerine"},"content":{"rendered":"<p>MS 5. y\u00fczy\u0131lda Platon Akademisinin \u201chalefi\u201d unvan\u0131n\u0131 elde etmi\u015f, ge\u00e7 d\u00f6nem Yeni-Platonculu\u011fun \u00f6nemli temsilcisi Proklos\u2019un Platon\u2019un eserlerine yazd\u0131\u011f\u0131 \u015ferhler ve Yeni-Platoncu derlemeler felsefe tarihinde \u00f6nemli bir konuma sahiptir. Nitekim Proklos, kendisine kadar gelen antik miras\u0131 sistemle\u015ftirmi\u015f; \u00f6zg\u00fcn yorumlar\u0131yla kendisinden sonraki H\u0131ristiyan ve \u0130slam d\u00fc\u015f\u00fcncesini etkilemi\u015ftir. Proklos\u2019un \u00c2lemin Ezel\u00eeli\u011fi \u00dczerine adl\u0131 eseri, hem felsefenin hem de teolojinin temel sorunlar\u0131ndan birini ele alarak \u00e2lemin bir ba\u015flang\u0131c\u0131 ve sonu olmad\u0131\u011f\u0131 tezini mant\u0131ksal a\u00e7\u0131dan g\u00fc\u00e7l\u00fc ve zengin i\u00e7erikli on sekiz delille ispatlamaya giri\u015fmektedir. Bu bak\u0131mdan eser, Yeni-Platoncu felsefenin merkezinde oldu\u011fu kadar paganlarla H\u0131ristiyanlar aras\u0131ndaki tart\u0131\u015fman\u0131n da merkezinde durur.<\/p>\n","protected":false},"excerpt":{"rendered":"<p>MS 5. y\u00fczy\u0131lda Platon Akademisinin \u201chalefi\u201d unvan\u0131n\u0131 elde etmi\u015f, ge\u00e7 d\u00f6nem Yeni-Platonculu\u011fun \u00f6nemli temsilcisi Proklos\u2019un Platon\u2019un eserlerine yazd\u0131\u011f\u0131 \u015ferhler ve Yeni-Platoncu derlemeler felsefe tarihinde \u00f6nemli bir<span class=\"excerpt-hellip\"> [\u2026]<\/span><\/p>\n","protected":false},"featured_media":0,"template":"","meta":{"_monsterinsights_skip_tracking":false,"_monsterinsights_sitenote_active":false,"_monsterinsights_sitenote_note":"","_monsterinsights_sitenote_category":0},"product_brand":[],"product_cat":[12388,13555],"product_tag":[],"class_list":{"0":"post-737513","1":"product","2":"type-product","3":"status-publish","5":"product_cat-felsefe","6":"product_cat-genel-felsefe","7":"pa_cilt-ciltsiz","8":"pa_tur-kitap","9":"pa_yayinevi-pinhan-yayincilik","10":"pa_yazar-proklos","12":"first","13":"instock","14":"sale","15":"shipping-taxable","16":"purchasable","17":"product-type-simple"},"_links":{"self":[{"href":"https:\/\/roveyayinevi.com.tr\/index.php\/wp-json\/wp\/v2\/product\/737513","targetHints":{"allow":["GET"]}}],"collection":[{"href":"https:\/\/roveyayinevi.com.tr\/index.php\/wp-json\/wp\/v2\/product"}],"about":[{"href":"https:\/\/roveyayinevi.com.tr\/index.php\/wp-json\/wp\/v2\/types\/product"}],"wp:attachment":[{"href":"https:\/\/roveyayinevi.com.tr\/index.php\/wp-json\/wp\/v2\/media?parent=737513"}],"wp:term":[{"taxonomy":"product_brand","embeddable":true,"href":"https:\/\/roveyayinevi.com.tr\/index.php\/wp-json\/wp\/v2\/product_brand?post=737513"},{"taxonomy":"product_cat","embeddable":true,"href":"https:\/\/roveyayinevi.com.tr\/index.php\/wp-json\/wp\/v2\/product_cat?post=737513"},{"taxonomy":"product_tag","embeddable":true,"href":"https:\/\/roveyayinevi.com.tr\/index.php\/wp-json\/wp\/v2\/product_tag?post=737513"}],"curies":[{"name":"wp","href":"https:\/\/api.w.org\/{rel}","templated":true}]}}