{"id":737511,"date":"2025-08-27T23:30:29","date_gmt":"2025-08-27T20:30:29","guid":{"rendered":"https:\/\/roveyayinevi.com.tr\/index.php\/urun\/simone-artik-arkadaslarini-sevmiyor\/"},"modified":"2026-04-16T02:46:55","modified_gmt":"2026-04-15T23:46:55","slug":"simone-artik-arkadaslarini-sevmiyor","status":"publish","type":"product","link":"https:\/\/roveyayinevi.com.tr\/index.php\/urun\/simone-artik-arkadaslarini-sevmiyor\/","title":{"rendered":"Simone Art\u0131k Arkada\u015flar\u0131n\u0131 Sevmiyor!"},"content":{"rendered":"<p>Arkada\u015f kime denir? B\u00fct\u00fcn zaman\u0131m\u0131z\u0131 arkada\u015flar\u0131m\u0131zla birlikte mi ge\u00e7irmeliyiz? Arkada\u015flar\u0131m\u0131za emir verebilir miyiz? Ya da onlar\u0131n isteklerine boyun e\u011fmek zorundam\u0131y\u0131z? Arkada\u015f bulmak i\u00e7in ne yapmal\u0131y\u0131z? Duygu Okulu\u2019nda bir sorun ortaya \u00e7\u0131kt\u0131\u011f\u0131nda, felsefe ve ahlak dersleriyle de\u011fil, birlikte tart\u0131\u015f\u0131larak \u00e7\u00f6z\u00fcl\u00fcr. D\u00fc\u015f\u00fcnce payla\u015f\u0131mlar\u0131 bir\u00e7ok sesin duyulmas\u0131n\u0131 sa\u011flar ve d\u00fc\u015f\u00fcnceyi bir \u00e7\u00f6z\u00fcme varana dek y\u00f6nlendirir.Birlikte ya\u015fama, kendini daha iyi anlamay\u0131 h\u0131zland\u0131rman\u0131n bir arac\u0131d\u0131r. Ba\u015fka ara\u00e7lar da vard\u0131r ve hepsi birden tek bir anahtar kelimenin \u00fczerinde temellenir: \u0130leti\u015fim. Simone\u2019yle arkada\u015flar\u0131n\u0131n aras\u0131 m\u0131 a\u00e7\u0131ld\u0131? Bundan s\u00f6z edelim. Arkada\u015f kime denir? Ger\u00e7ek bir arkada\u015fl\u0131k kurulmas\u0131n\u0131 sa\u011flayan \u015fey nedir?Duygu Okulu; duygular\u0131 ve birlikte ya\u015fama kurallar\u0131n\u0131 daha iyi anlamak i\u00e7in ailecek payla\u015f\u0131lacak resimli kitaplar.<\/p>\n","protected":false},"excerpt":{"rendered":"<p>Arkada\u015f kime denir? B\u00fct\u00fcn zaman\u0131m\u0131z\u0131 arkada\u015flar\u0131m\u0131zla birlikte mi ge\u00e7irmeliyiz? Arkada\u015flar\u0131m\u0131za emir verebilir miyiz? Ya da onlar\u0131n isteklerine boyun e\u011fmek zorundam\u0131y\u0131z? Arkada\u015f bulmak i\u00e7in ne yapmal\u0131y\u0131z? Duygu<span class=\"excerpt-hellip\"> [\u2026]<\/span><\/p>\n","protected":false},"featured_media":0,"template":"","meta":{"_monsterinsights_skip_tracking":false,"_monsterinsights_sitenote_active":false,"_monsterinsights_sitenote_note":"","_monsterinsights_sitenote_category":0},"product_brand":[],"product_cat":[12274,12518],"product_tag":[],"class_list":{"0":"post-737511","1":"product","2":"type-product","3":"status-publish","5":"product_cat-cocuk-ve-genclik-kitaplari","6":"product_cat-okul-oncesi-kitaplar","7":"pa_cilt-ciltsiz","8":"pa_tur-kitap","9":"pa_yayinevi-uyurgezer-kitap","10":"pa_yazar-pakita","12":"first","13":"instock","14":"sale","15":"shipping-taxable","16":"purchasable","17":"product-type-simple"},"_links":{"self":[{"href":"https:\/\/roveyayinevi.com.tr\/index.php\/wp-json\/wp\/v2\/product\/737511","targetHints":{"allow":["GET"]}}],"collection":[{"href":"https:\/\/roveyayinevi.com.tr\/index.php\/wp-json\/wp\/v2\/product"}],"about":[{"href":"https:\/\/roveyayinevi.com.tr\/index.php\/wp-json\/wp\/v2\/types\/product"}],"wp:attachment":[{"href":"https:\/\/roveyayinevi.com.tr\/index.php\/wp-json\/wp\/v2\/media?parent=737511"}],"wp:term":[{"taxonomy":"product_brand","embeddable":true,"href":"https:\/\/roveyayinevi.com.tr\/index.php\/wp-json\/wp\/v2\/product_brand?post=737511"},{"taxonomy":"product_cat","embeddable":true,"href":"https:\/\/roveyayinevi.com.tr\/index.php\/wp-json\/wp\/v2\/product_cat?post=737511"},{"taxonomy":"product_tag","embeddable":true,"href":"https:\/\/roveyayinevi.com.tr\/index.php\/wp-json\/wp\/v2\/product_tag?post=737511"}],"curies":[{"name":"wp","href":"https:\/\/api.w.org\/{rel}","templated":true}]}}