{"id":737504,"date":"2025-08-27T23:30:22","date_gmt":"2025-08-27T20:30:22","guid":{"rendered":"https:\/\/roveyayinevi.com.tr\/index.php\/urun\/erken-cocukluk-doneminde-egitim-yaklasimlari\/"},"modified":"2026-04-16T02:46:55","modified_gmt":"2026-04-15T23:46:55","slug":"erken-cocukluk-doneminde-egitim-yaklasimlari","status":"publish","type":"product","link":"https:\/\/roveyayinevi.com.tr\/index.php\/urun\/erken-cocukluk-doneminde-egitim-yaklasimlari\/","title":{"rendered":"Erken \u00c7ocukluk D\u00f6neminde E\u011fitim Yakla\u015f\u0131mlar\u0131"},"content":{"rendered":"<p>Erken \u00c7ocukluk D\u00f6neminde E\u011fitim Yakla\u015f\u0131mlar\u0131 isimli kitab\u0131m\u0131zda d\u00fcnyan\u0131n farkl\u0131 \u00fclkelerinde geli\u015ftirilmi\u015f ve t\u00fcm d\u00fcnyada ses getirmi\u015f olan yakla\u015f\u0131mlar\u0131n on sekizine yer verilmektedir. Kitab\u0131m\u0131z\u0131n b\u00f6l\u00fcmleri, g\u00fcncel ve zengin alanya-z\u0131na h\u00e2kim, alanlar\u0131nda uzman bilim insanlar\u0131 taraf\u0131ndan yaz\u0131lm\u0131\u015ft\u0131r.   Kitapta yer alan her bir e\u011fitim yakla\u015f\u0131m\u0131; tarih\u00e7e, kuramsal temeller, e\u011fitim anlay\u0131\u015f\u0131, \u00f6\u011fretmenin rol\u00fc, \u00f6\u011fretim ortam\u0131n\u0131n d\u00fczenlenmesi, de\u011ferlendirme boyutu ve \u00f6nerilen kaynaklar ba\u015fl\u0131klar\u0131 alt\u0131nda d\u00fczenlenmi\u015ftir. Bu sayede, ki-tab\u0131m\u0131z\u0131n okuyucu kitlesi olan \u00f6\u011fretmen adaylar\u0131, \u00f6\u011fretmenler, ara\u015ft\u0131rmac\u0131lar ve ebeveynlerin, erken \u00e7ocukluk d\u00f6nemi \u00f6\u011frenme ortamlar\u0131nda uygulanabi-lecek, d\u00fcnya \u00e7ap\u0131nda tan\u0131nm\u0131\u015f e\u011fitim yakla\u015f\u0131mlar\u0131 ile ilgili g\u00fcncel ve \u00e7a\u011fda\u015f bilgiye ula\u015fmalar\u0131 hedeflenmi\u015ftir.<\/p>\n","protected":false},"excerpt":{"rendered":"<p>Erken \u00c7ocukluk D\u00f6neminde E\u011fitim Yakla\u015f\u0131mlar\u0131 isimli kitab\u0131m\u0131zda d\u00fcnyan\u0131n farkl\u0131 \u00fclkelerinde geli\u015ftirilmi\u015f ve t\u00fcm d\u00fcnyada ses getirmi\u015f olan yakla\u015f\u0131mlar\u0131n on sekizine yer verilmektedir. Kitab\u0131m\u0131z\u0131n b\u00f6l\u00fcmleri, g\u00fcncel ve<span class=\"excerpt-hellip\"> [\u2026]<\/span><\/p>\n","protected":false},"featured_media":0,"template":"","meta":{"_monsterinsights_skip_tracking":false,"_monsterinsights_sitenote_active":false,"_monsterinsights_sitenote_note":"","_monsterinsights_sitenote_category":0},"product_brand":[],"product_cat":[12573,12566],"product_tag":[],"class_list":{"0":"post-737504","1":"product","2":"type-product","3":"status-publish","5":"product_cat-akademik-kitaplar","6":"product_cat-egitim","7":"pa_cilt-ciltsiz","8":"pa_tur-kitap","9":"pa_yayinevi-egiten-kitap","10":"pa_yazar-feyza-tantekin-erden-h-ozlen-demircan","12":"first","13":"instock","14":"sale","15":"shipping-taxable","16":"purchasable","17":"product-type-simple"},"_links":{"self":[{"href":"https:\/\/roveyayinevi.com.tr\/index.php\/wp-json\/wp\/v2\/product\/737504","targetHints":{"allow":["GET"]}}],"collection":[{"href":"https:\/\/roveyayinevi.com.tr\/index.php\/wp-json\/wp\/v2\/product"}],"about":[{"href":"https:\/\/roveyayinevi.com.tr\/index.php\/wp-json\/wp\/v2\/types\/product"}],"wp:attachment":[{"href":"https:\/\/roveyayinevi.com.tr\/index.php\/wp-json\/wp\/v2\/media?parent=737504"}],"wp:term":[{"taxonomy":"product_brand","embeddable":true,"href":"https:\/\/roveyayinevi.com.tr\/index.php\/wp-json\/wp\/v2\/product_brand?post=737504"},{"taxonomy":"product_cat","embeddable":true,"href":"https:\/\/roveyayinevi.com.tr\/index.php\/wp-json\/wp\/v2\/product_cat?post=737504"},{"taxonomy":"product_tag","embeddable":true,"href":"https:\/\/roveyayinevi.com.tr\/index.php\/wp-json\/wp\/v2\/product_tag?post=737504"}],"curies":[{"name":"wp","href":"https:\/\/api.w.org\/{rel}","templated":true}]}}