{"id":737496,"date":"2025-08-27T23:30:15","date_gmt":"2025-08-27T20:30:15","guid":{"rendered":"https:\/\/roveyayinevi.com.tr\/index.php\/urun\/depresyona-klinik-bir-bakis\/"},"modified":"2026-04-16T02:46:54","modified_gmt":"2026-04-15T23:46:54","slug":"depresyona-klinik-bir-bakis","status":"publish","type":"product","link":"https:\/\/roveyayinevi.com.tr\/index.php\/urun\/depresyona-klinik-bir-bakis\/","title":{"rendered":"Depresyona Klinik Bir Bak\u0131\u015f"},"content":{"rendered":"<p>Farkl\u0131 klinik alt tipleri ile toplumda yayg\u0131n g\u00f6r\u00fclen ve di\u011fer t\u0131bbi rahats\u0131zl\u0131klara s\u0131kl\u0131kla e\u015flik eden depresyon toplumsal, mesleki, sosyal i\u015flevsellik kayb\u0131na yol a\u00e7mas\u0131, \u00f6zk\u0131y\u0131m riskinin olmas\u0131 nedeniyle dikkatli sorgulanmas\u0131, uygun tedavinin planlanmas\u0131 ve hastalar\u0131n bilgilendirilmesi gereken \u00f6nemli bir ruhsal hastal\u0131kt\u0131r.   Depresyona Klinik Bir Bak\u0131\u015f farkl\u0131 psikoterapi yakla\u015f\u0131mlar\u0131n\u0131n depresyon tedavisine yakla\u015f\u0131mlar\u0131n\u0131 b\u00fct\u00fcnc\u00fcl bir \u015fekilde sunmaktad\u0131r. Depresyon tedavisinde etkili psikoterapilerin bir kitapta bir araya getirilmesi hem alanda \u00e7al\u0131\u015fan uzmanlar hem de lisans ve lisans\u00fcst\u00fc \u00f6\u011frencileri i\u00e7in faydal\u0131 olaca\u011f\u0131 kanaatindeyiz.<\/p>\n","protected":false},"excerpt":{"rendered":"<p>Farkl\u0131 klinik alt tipleri ile toplumda yayg\u0131n g\u00f6r\u00fclen ve di\u011fer t\u0131bbi rahats\u0131zl\u0131klara s\u0131kl\u0131kla e\u015flik eden depresyon toplumsal, mesleki, sosyal i\u015flevsellik kayb\u0131na yol a\u00e7mas\u0131, \u00f6zk\u0131y\u0131m riskinin olmas\u0131<span class=\"excerpt-hellip\"> [\u2026]<\/span><\/p>\n","protected":false},"featured_media":0,"template":"","meta":{"_monsterinsights_skip_tracking":false,"_monsterinsights_sitenote_active":false,"_monsterinsights_sitenote_note":"","_monsterinsights_sitenote_category":0},"product_brand":[],"product_cat":[12573,12566],"product_tag":[],"class_list":{"0":"post-737496","1":"product","2":"type-product","3":"status-publish","5":"product_cat-akademik-kitaplar","6":"product_cat-egitim","7":"pa_cilt-ciltsiz","8":"pa_tur-kitap","9":"pa_yayinevi-egiten-kitap","10":"pa_yazar-kahraman-guler","12":"first","13":"instock","14":"sale","15":"shipping-taxable","16":"purchasable","17":"product-type-simple"},"_links":{"self":[{"href":"https:\/\/roveyayinevi.com.tr\/index.php\/wp-json\/wp\/v2\/product\/737496","targetHints":{"allow":["GET"]}}],"collection":[{"href":"https:\/\/roveyayinevi.com.tr\/index.php\/wp-json\/wp\/v2\/product"}],"about":[{"href":"https:\/\/roveyayinevi.com.tr\/index.php\/wp-json\/wp\/v2\/types\/product"}],"wp:attachment":[{"href":"https:\/\/roveyayinevi.com.tr\/index.php\/wp-json\/wp\/v2\/media?parent=737496"}],"wp:term":[{"taxonomy":"product_brand","embeddable":true,"href":"https:\/\/roveyayinevi.com.tr\/index.php\/wp-json\/wp\/v2\/product_brand?post=737496"},{"taxonomy":"product_cat","embeddable":true,"href":"https:\/\/roveyayinevi.com.tr\/index.php\/wp-json\/wp\/v2\/product_cat?post=737496"},{"taxonomy":"product_tag","embeddable":true,"href":"https:\/\/roveyayinevi.com.tr\/index.php\/wp-json\/wp\/v2\/product_tag?post=737496"}],"curies":[{"name":"wp","href":"https:\/\/api.w.org\/{rel}","templated":true}]}}