{"id":737486,"date":"2025-08-27T23:30:04","date_gmt":"2025-08-27T20:30:04","guid":{"rendered":"https:\/\/roveyayinevi.com.tr\/index.php\/urun\/marksistler-1\/"},"modified":"2026-04-16T02:46:54","modified_gmt":"2026-04-15T23:46:54","slug":"marksistler-1","status":"publish","type":"product","link":"https:\/\/roveyayinevi.com.tr\/index.php\/urun\/marksistler-1\/","title":{"rendered":"Marksistler 1"},"content":{"rendered":"<p>21. y\u00fczy\u0131l ba\u015f\u0131nda \u00e7o\u011fu insan sosyalizmin denendi\u011fini ve i\u015fe yaramad\u0131\u011f\u0131n\u0131n g\u00f6r\u00fcld\u00fc\u011f\u00fcn\u00fc, Marksizmin yanl\u0131\u015fland\u0131\u011f\u0131n\u0131 d\u00fc\u015f\u00fcn\u00fcyor. Sungur Savran, Marksistler kitab\u0131nda aksini savunuyor. 20. y\u00fczy\u0131l sosyalizm deneyiminin, tam tersine, Marksizmi do\u011frulad\u0131\u011f\u0131n\u0131 ileri s\u00fcr\u00fcyor. \u00c7\u00f6k\u00fc\u015f\u00fcn Marksist teorinin ve program\u0131n bir a\u015famada terk edilmesi dolay\u0131s\u0131yla ger\u00e7ekle\u015fti\u011fini vurguluyor. Bu birinci ciltte yazar, Marksizmin 19. y\u00fczy\u0131lda teori ile prati\u011fi birle\u015ftiren bir yakla\u015f\u0131mla bir devrim k\u0131lavuzu olarak geli\u015fti\u011fini g\u00f6steriyor. Kapital\u2019in birinci cildi 1867\u2019de yay\u0131nlanm\u0131\u015ft\u0131. \u0130lk kal\u0131c\u0131 i\u015f\u00e7i devrimi 1917\u2019de, ondan tam 50 y\u0131l sonra ger\u00e7ekle\u015fti. Bu sembolik aral\u0131k teorinin pratikte s\u0131nanmas\u0131 ve do\u011frulanmas\u0131 anlam\u0131na geliyordu. Lenin, Marx ve Engels\u2019in \u00f6ng\u00f6r\u00fcleri temelinde yepyeni bir bina in\u015fa etmi\u015fti: Bir i\u015f\u00e7i devleti, onun altyap\u0131s\u0131 olarak kapitalizmden sosyalizme ge\u00e7i\u015f halinde bir ekonomi, d\u00fcnya devrimine d\u00f6n\u00fc\u015fmeye aday bir proletarya devrimi. Savran, kitab\u0131n ikinci cildinde, do\u011fu\u015fundan itibaren harc\u0131nda enternasyonalizm olan bir teori ve program\u0131n milliyet\u00e7ili\u011fin kayal\u0131klar\u0131nda par\u00e7aland\u0131\u011f\u0131n\u0131 anlatmay\u0131 hedefliyor. Ama yazara g\u00f6re bu salt ideolojik bir s\u00fcre\u00e7 de\u011fildir. Burjuvazi ile proletarya aras\u0131ndaki m\u00fccadelenin karma\u015f\u0131k dehlizlerinde do\u011fan bir i\u015f\u00e7i b\u00fcrokrasisinin 20. y\u00fczy\u0131l tarihine getirdi\u011fi bir \u00f6zg\u00fcn geli\u015fmenin \u00fcr\u00fcn\u00fcd\u00fcr. Yazar do\u011fru yolun ancak 20. y\u00fczy\u0131l\u0131n derslerini iyi \u00e7\u0131karmak ko\u015fuluyla bulunabilece\u011fini \u00f6ne s\u00fcr\u00fcyor.<\/p>\n","protected":false},"excerpt":{"rendered":"<p>21. y\u00fczy\u0131l ba\u015f\u0131nda \u00e7o\u011fu insan sosyalizmin denendi\u011fini ve i\u015fe yaramad\u0131\u011f\u0131n\u0131n g\u00f6r\u00fcld\u00fc\u011f\u00fcn\u00fc, Marksizmin yanl\u0131\u015fland\u0131\u011f\u0131n\u0131 d\u00fc\u015f\u00fcn\u00fcyor. Sungur Savran, Marksistler kitab\u0131nda aksini savunuyor. 20. y\u00fczy\u0131l sosyalizm deneyiminin, tam tersine,<span class=\"excerpt-hellip\"> [\u2026]<\/span><\/p>\n","protected":false},"featured_media":0,"template":"","meta":{"_monsterinsights_skip_tracking":false,"_monsterinsights_sitenote_active":false,"_monsterinsights_sitenote_note":"","_monsterinsights_sitenote_category":0},"product_brand":[],"product_cat":[12370,12304],"product_tag":[],"class_list":{"0":"post-737486","1":"product","2":"type-product","3":"status-publish","5":"product_cat-arastirma-inceleme","6":"product_cat-tarih","7":"pa_cilt-ciltsiz","8":"pa_tur-kitap","9":"pa_yayinevi-yordam-kitap","10":"pa_yazar-sungur-savran","12":"first","13":"instock","14":"sale","15":"shipping-taxable","16":"purchasable","17":"product-type-simple"},"_links":{"self":[{"href":"https:\/\/roveyayinevi.com.tr\/index.php\/wp-json\/wp\/v2\/product\/737486","targetHints":{"allow":["GET"]}}],"collection":[{"href":"https:\/\/roveyayinevi.com.tr\/index.php\/wp-json\/wp\/v2\/product"}],"about":[{"href":"https:\/\/roveyayinevi.com.tr\/index.php\/wp-json\/wp\/v2\/types\/product"}],"wp:attachment":[{"href":"https:\/\/roveyayinevi.com.tr\/index.php\/wp-json\/wp\/v2\/media?parent=737486"}],"wp:term":[{"taxonomy":"product_brand","embeddable":true,"href":"https:\/\/roveyayinevi.com.tr\/index.php\/wp-json\/wp\/v2\/product_brand?post=737486"},{"taxonomy":"product_cat","embeddable":true,"href":"https:\/\/roveyayinevi.com.tr\/index.php\/wp-json\/wp\/v2\/product_cat?post=737486"},{"taxonomy":"product_tag","embeddable":true,"href":"https:\/\/roveyayinevi.com.tr\/index.php\/wp-json\/wp\/v2\/product_tag?post=737486"}],"curies":[{"name":"wp","href":"https:\/\/api.w.org\/{rel}","templated":true}]}}