{"id":737473,"date":"2025-08-27T23:29:48","date_gmt":"2025-08-27T20:29:48","guid":{"rendered":"https:\/\/roveyayinevi.com.tr\/index.php\/urun\/mercimek-corbasi-anlatiyor\/"},"modified":"2026-04-16T02:46:53","modified_gmt":"2026-04-15T23:46:53","slug":"mercimek-corbasi-anlatiyor","status":"publish","type":"product","link":"https:\/\/roveyayinevi.com.tr\/index.php\/urun\/mercimek-corbasi-anlatiyor\/","title":{"rendered":"Mercimek \u00c7orbas\u0131 Anlat\u0131yor"},"content":{"rendered":"<p>&#8220;\u00d6yle tenceresinde kaynay\u0131p buzdolab\u0131n\u0131n bir k\u00f6\u015fesinde saklanan \u00e7orbalardan de\u011filim ben. Y\u00fczlerce y\u0131ld\u0131r, y\u00fcz binlerce \u00e7ocukla arkada\u015f olan mercimek \u00e7orbas\u0131y\u0131m. Arkada\u015fl\u0131k kurdu\u011fum hi\u00e7bir \u00e7ocu\u011fu da unutmad\u0131m bug\u00fcne kadar.&#8221;   \u0130\u015fte kar\u015f\u0131n\u0131zda b\u00fcy\u00fck k\u00fc\u00e7\u00fck herkesin sevgilisi, her sofran\u0131n birici\u011fi mercimek \u00e7orbas\u0131! \u00dcstelik \u00e7ok da konu\u015fkan, anlat\u0131yor da anlat\u0131yor\u2026 Dostluk yapt\u0131\u011f\u0131 \u00e7ocuklar, konuk oldu\u011fu evler, lokantalar, \u015fenlendirdi\u011fi yolculuklar, okullar\u2026 Haz\u0131rsak \u015fimdi hepimize bol kep\u00e7e ne\u015fe da\u011f\u0131tacak. Bizi yepyeni d\u00fcnyalarla tan\u0131\u015ft\u0131racak, birle\u015fti\u011fimiz yollar\u0131 bize hat\u0131rlatacak.   K\u0130TAPTAN K\u0131\u015f g\u00fcn\u00fc. Ak\u015fam yeme\u011findeyiz. Annem mutfaktan makarnay\u0131 almaya gitti. Ablam\u0131n kula\u011f\u0131na e\u011fildim ve b\u00fcy\u00fck s\u0131rr\u0131m\u0131 s\u00f6yledim. Neden yapt\u0131m bilmiyorum. Akl\u0131mda yoktu ona s\u00f6ylemek, a\u011fz\u0131mdan ka\u00e7\u0131verdi. \u015eimdi yeti\u015ftirir bizimkilere. Al i\u015fte: \u201cBaba, biliyor musun, Baran mercimek \u00e7orbas\u0131yla arkada\u015f olmu\u015f!\u201d Babam anlamad\u0131 neyse ki. G\u00f6z\u00fc televizyonda. Ama annem elindeki servis ka\u015f\u0131\u011f\u0131yla donakald\u0131. Sadece kirpikleri k\u0131rp\u0131\u015f\u0131yordu, \u201cNas\u0131l yani? Konu\u015fuyorlar m\u0131?\u201d \u201cBenim K\u00fc\u00e7\u00fck Kartal\u0131m yapmaz \u00f6yle \u015feyler\u201d diye m\u0131r\u0131ldand\u0131 babam. Tek kelime anlamad\u0131\u011f\u0131 halde, geldi kuruldu konu\u015fman\u0131n orta yerine. Annemin \u015fa\u015fk\u0131nl\u0131\u011f\u0131 ge\u00e7ince ablama \u00e7\u0131k\u0131\u015ft\u0131, \u201cNe var bunda b\u00fcy\u00fctecek k\u0131z\u0131m? Sen de karde\u015finin ya\u015f\u0131ndayken oyuncak pandanla konu\u015furdun, unuttun mu? Kocaman, yumu\u015fac\u0131k bir pandayd\u0131. Ad\u0131 gelmedi \u015fimdi akl\u0131ma.\u201d Ablam \u00e7att\u0131 ka\u015flar\u0131n\u0131, <\/p>\n","protected":false},"excerpt":{"rendered":"<p>&#8220;\u00d6yle tenceresinde kaynay\u0131p buzdolab\u0131n\u0131n bir k\u00f6\u015fesinde saklanan \u00e7orbalardan de\u011filim ben. Y\u00fczlerce y\u0131ld\u0131r, y\u00fcz binlerce \u00e7ocukla arkada\u015f olan mercimek \u00e7orbas\u0131y\u0131m. Arkada\u015fl\u0131k kurdu\u011fum hi\u00e7bir \u00e7ocu\u011fu da unutmad\u0131m bug\u00fcne<span class=\"excerpt-hellip\"> [\u2026]<\/span><\/p>\n","protected":false},"featured_media":0,"template":"","meta":{"_monsterinsights_skip_tracking":false,"_monsterinsights_sitenote_active":false,"_monsterinsights_sitenote_note":"","_monsterinsights_sitenote_category":0},"product_brand":[],"product_cat":[12275,12274],"product_tag":[],"class_list":{"0":"post-737473","1":"product","2":"type-product","3":"status-publish","5":"product_cat-6-12-yas-kitaplari","6":"product_cat-cocuk-ve-genclik-kitaplari","7":"pa_cilt-ciltsiz","8":"pa_tur-kitap","9":"pa_yayinevi-elma-cocuk","10":"pa_yazar-pelin-ossmann","12":"first","13":"instock","14":"sale","15":"shipping-taxable","16":"purchasable","17":"product-type-simple"},"_links":{"self":[{"href":"https:\/\/roveyayinevi.com.tr\/index.php\/wp-json\/wp\/v2\/product\/737473","targetHints":{"allow":["GET"]}}],"collection":[{"href":"https:\/\/roveyayinevi.com.tr\/index.php\/wp-json\/wp\/v2\/product"}],"about":[{"href":"https:\/\/roveyayinevi.com.tr\/index.php\/wp-json\/wp\/v2\/types\/product"}],"wp:attachment":[{"href":"https:\/\/roveyayinevi.com.tr\/index.php\/wp-json\/wp\/v2\/media?parent=737473"}],"wp:term":[{"taxonomy":"product_brand","embeddable":true,"href":"https:\/\/roveyayinevi.com.tr\/index.php\/wp-json\/wp\/v2\/product_brand?post=737473"},{"taxonomy":"product_cat","embeddable":true,"href":"https:\/\/roveyayinevi.com.tr\/index.php\/wp-json\/wp\/v2\/product_cat?post=737473"},{"taxonomy":"product_tag","embeddable":true,"href":"https:\/\/roveyayinevi.com.tr\/index.php\/wp-json\/wp\/v2\/product_tag?post=737473"}],"curies":[{"name":"wp","href":"https:\/\/api.w.org\/{rel}","templated":true}]}}