{"id":737459,"date":"2025-08-27T23:29:30","date_gmt":"2025-08-27T20:29:30","guid":{"rendered":"https:\/\/roveyayinevi.com.tr\/index.php\/urun\/coldeki-bozkurt\/"},"modified":"2026-04-03T02:52:37","modified_gmt":"2026-04-02T23:52:37","slug":"coldeki-bozkurt","status":"publish","type":"product","link":"https:\/\/roveyayinevi.com.tr\/index.php\/urun\/coldeki-bozkurt\/","title":{"rendered":"\u00c7\u00f6ldeki Bozkurt"},"content":{"rendered":"<p>Akdeniz\u2019in ka\u00e7\u0131n\u0131lmaz kaderine boyun e\u011fmeyen kararl\u0131 bir irade, Mustafa Kemal\u2026   Kutsal bir varl\u0131k gibi g\u00f6rd\u00fc\u011f\u00fc, \u00e7\u00f6l kadar derin ve g\u00f6ky\u00fcz\u00fc kadar yumu\u015fak bak\u0131\u015fl\u0131 adama kar\u015f\u0131 kalbi sevda ile dopdolu k\u00fc\u00e7\u00fck bir k\u0131z \u00e7ocu\u011fu, Fatma&#8230;   R\u00fcyas\u0131nda g\u00f6rd\u00fc\u011f\u00fc Peygamberimizin sa\u011f elini Mustafa Kemal\u2019e verdi\u011fini s\u00f6yleyerek cihat ilan eden Arap co\u011frafyas\u0131n\u0131n en g\u00fc\u00e7l\u00fc lideri Ahmet \u015eerif Senusi&#8230;   \u00c7\u00f6l\u00fcn kumlar\u0131 aras\u0131nda kaybolacak, kurbanlar\u0131n kahraman oldu\u011fu en kadim destanlar\u0131 and\u0131ran ger\u00e7ek bir hik\u00e2yeye \u015fahit olacaks\u0131n\u0131z&#8230;   \u00c7\u00f6ldeki Bozkurt, ya\u015famak i\u00e7in \u00f6lmenin gerekli oldu\u011funu bilen ruhlar\u0131n; Mustafa Kemal\u2019in roman\u0131.   \u201c\u2026Tobruk d\u0131\u015f\u0131ndaki Osmanl\u0131 Ordug\u00e2h\u0131\u2019na ula\u015ft\u0131klar\u0131nda bir heyecan dalgas\u0131 koptu; tatl\u0131, f\u0131s\u0131lt\u0131l\u0131 u\u011fultular halinde yay\u0131ld\u0131. Bu gaml\u0131 yaln\u0131zl\u0131\u011f\u0131n ortas\u0131nda Mustafa Kemal, co\u015fkun bir hayk\u0131r\u0131\u015f gibi y\u00fckseldi. Akdeniz\u2019in y\u00fcz\u00fcne serilen k\u00f6p\u00fckl\u00fc dalgalar\u0131n co\u015fkusu d\u00fc\u015ft\u00fc y\u00fcreklere. Korkulu g\u00f6zlerin pusu, ta\u015f bas\u0131l\u0131 ba\u011f\u0131rlar\u0131n yas\u0131 gitti. \u00c7\u00f6l\u00fcn masmavi ayd\u0131nlatan \u0131\u015f\u0131\u011f\u0131yd\u0131 Anadolu\u2019dan gelen Bozkurt. D\u00fcnyadaki b\u00fct\u00fcn denizlerin g\u00fczelli\u011fi ve o denizlerin \u00fcst\u00fcnde yans\u0131yan b\u00fct\u00fcn g\u00fcne\u015flerin s\u0131cakl\u0131\u011f\u0131 vard\u0131 g\u00f6zlerinde\u2026\u201d <\/p>\n","protected":false},"excerpt":{"rendered":"<p>Akdeniz\u2019in ka\u00e7\u0131n\u0131lmaz kaderine boyun e\u011fmeyen kararl\u0131 bir irade, Mustafa Kemal\u2026 Kutsal bir varl\u0131k gibi g\u00f6rd\u00fc\u011f\u00fc, \u00e7\u00f6l kadar derin ve g\u00f6ky\u00fcz\u00fc kadar yumu\u015fak bak\u0131\u015fl\u0131 adama kar\u015f\u0131 kalbi<span class=\"excerpt-hellip\"> [\u2026]<\/span><\/p>\n","protected":false},"featured_media":0,"template":"","meta":{"_monsterinsights_skip_tracking":false,"_monsterinsights_sitenote_active":false,"_monsterinsights_sitenote_note":"","_monsterinsights_sitenote_category":0},"product_brand":[],"product_cat":[12291,12711],"product_tag":[],"class_list":{"0":"post-737459","1":"product","2":"type-product","3":"status-publish","5":"product_cat-edebiyat","6":"product_cat-roman-oyku","7":"pa_cilt-ciltsiz","8":"pa_tur-kitap","9":"pa_yayinevi-turkuvaz-kitap","10":"pa_yazar-mustafa-cevik","12":"first","13":"instock","14":"sale","15":"shipping-taxable","16":"purchasable","17":"product-type-simple"},"_links":{"self":[{"href":"https:\/\/roveyayinevi.com.tr\/index.php\/wp-json\/wp\/v2\/product\/737459","targetHints":{"allow":["GET"]}}],"collection":[{"href":"https:\/\/roveyayinevi.com.tr\/index.php\/wp-json\/wp\/v2\/product"}],"about":[{"href":"https:\/\/roveyayinevi.com.tr\/index.php\/wp-json\/wp\/v2\/types\/product"}],"wp:attachment":[{"href":"https:\/\/roveyayinevi.com.tr\/index.php\/wp-json\/wp\/v2\/media?parent=737459"}],"wp:term":[{"taxonomy":"product_brand","embeddable":true,"href":"https:\/\/roveyayinevi.com.tr\/index.php\/wp-json\/wp\/v2\/product_brand?post=737459"},{"taxonomy":"product_cat","embeddable":true,"href":"https:\/\/roveyayinevi.com.tr\/index.php\/wp-json\/wp\/v2\/product_cat?post=737459"},{"taxonomy":"product_tag","embeddable":true,"href":"https:\/\/roveyayinevi.com.tr\/index.php\/wp-json\/wp\/v2\/product_tag?post=737459"}],"curies":[{"name":"wp","href":"https:\/\/api.w.org\/{rel}","templated":true}]}}