{"id":737457,"date":"2025-08-27T23:29:27","date_gmt":"2025-08-27T20:29:27","guid":{"rendered":"https:\/\/roveyayinevi.com.tr\/index.php\/urun\/dunyanin-en-meshur-yazarlari\/"},"modified":"2026-04-16T02:46:52","modified_gmt":"2026-04-15T23:46:52","slug":"dunyanin-en-meshur-yazarlari","status":"publish","type":"product","link":"https:\/\/roveyayinevi.com.tr\/index.php\/urun\/dunyanin-en-meshur-yazarlari\/","title":{"rendered":"D\u00fcnyan\u0131n En Me\u015fhur Yazarlar\u0131"},"content":{"rendered":"<p>Dante\u2019nin sosyal medya hesab\u0131 olsayd\u0131 ne olurdu? Sadece onun da de\u011fil, Boccaccio\u2019nun,Christie\u2019nin, Kafka\u2019n\u0131n ya da Ginsberg\u2019in de olsayd\u0131. Miza\u00e7 sorunlar\u0131n\u0131 meslekta\u015flar\u0131n\u0131ntavsiyelerini d\u00f6rt g\u00f6zle bekleyerek herkese a\u00e7\u0131k bir \u015fekilde s\u00f6yleselerdi birbirlerine. Amaayn\u0131 zamanda kendi zay\u0131f y\u00f6nlerini de if\u015fa etseler ve edepsizce konu\u015fup birbirlerinik\u0131\u015fk\u0131rtsalard\u0131. D\u00fcnyan\u0131n En Me\u015fhur Yazarlar\u0131, ya\u015fam ve \u00f6l\u00fcm s\u0131n\u0131rlar\u0131n\u0131n ve zaman\u0131n\u00f6tesinde s\u00fcren edebi diyalo\u011fa ili\u015fkin bir hayali ger\u00e7ekle\u015ftiriyor.Arkadiusz Jakubik: Broda\u2019n\u0131n yeni y\u00fcz\u00fc. Muzip\u00e7e resmedebildi\u011fini biliyordum. Ama uzunzamand\u0131r b\u00f6yle a\u015f\u0131r\u0131 komik bir metin okumam\u0131\u015ft\u0131m. Bir \u00e7e\u015fitleme mi bu? Bu bir if\u015fa.Anita Wincencjusz-Patyna: Tomasz Broda\u2019n\u0131n sanatsal y\u00f6nden muhte\u015fem ve edebi y\u00f6ndenesprili idraki, yazarlar\u0131n \u00f6z ge\u00e7mi\u015flerini \u00fcst\u00fcnk\u00f6r\u00fc bilen ayd\u0131nlardan tutun da her yenili\u011fiyalay\u0131p yutan kitap kurtlar\u0131na ve tercihen sosyal medyadaki iletilerin kendileri i\u00e7in zorunlubir y\u00f6nelim oldu\u011fu, kitap okumaktan bunalm\u0131\u015f \u00f6\u011frencilere kadar herkes i\u00e7in bir \u015f\u00f6len.Agnieszka Wolny-Hamka\u0142o: A\u015f\u0131r\u0131l\u0131klar da, Lucifer ile crossfit de, operadaki balo da, flowda, caz da var. Ah, DJ Broda alelade bir \u00e7ekmeceye kilitleyemez ki bunlar\u0131. Broda basitt\u00fcrlere y\u00f6nelmiyor, bitkin tarzlarla u\u011fra\u015fm\u0131yor. Bunun i\u00e7in de y\u00fcz\u00fcne polonyumlazehirlenmi\u015f ara\u015ft\u0131rmac\u0131n\u0131n tebess\u00fcm\u00fcn\u00fc tak\u0131nm\u0131\u015f bizim i\u00e7in. Bu bir anar\u015fi mi, bilgelik mi?Edebi bir ill\u00fcstrasyon mu bu yoksa yazar if\u015falar\u0131 ar\u015fivinden dev\u015firilmi\u015f metnin ill\u00fcstrasyonanezareti mi? Tarihsel bir kay\u0131t m\u0131 yoksa Faust\u2019a at\u0131lm\u0131\u015f postmodernist bir kahkaha m\u0131?Bunlar\u0131n her biri olmas\u0131 korkutucu. B\u00f6yle oyunlar daima h\u00fcrmete lay\u0131kt\u0131r.Janusz Rudnicki: Zamanda hicivsel ve f\u00fctursuz bir yolculuk gibi bir \u015fey bu. Balonlayap\u0131lan bir yolculuk ama \u00e7uvallarda kum yerine kitab\u0131n yazar\u0131n\u0131n kendileri i\u00e7in havaikonu\u015fma balonlar\u0131 \u00e7izdi\u011fi o yazarlar\u0131n k\u00fclleri var.<\/p>\n","protected":false},"excerpt":{"rendered":"<p>Dante\u2019nin sosyal medya hesab\u0131 olsayd\u0131 ne olurdu? Sadece onun da de\u011fil, Boccaccio\u2019nun,Christie\u2019nin, Kafka\u2019n\u0131n ya da Ginsberg\u2019in de olsayd\u0131. Miza\u00e7 sorunlar\u0131n\u0131 meslekta\u015flar\u0131n\u0131ntavsiyelerini d\u00f6rt g\u00f6zle bekleyerek herkese a\u00e7\u0131k<span class=\"excerpt-hellip\"> [\u2026]<\/span><\/p>\n","protected":false},"featured_media":0,"template":"","meta":{"_monsterinsights_skip_tracking":false,"_monsterinsights_sitenote_active":false,"_monsterinsights_sitenote_note":"","_monsterinsights_sitenote_category":0},"product_brand":[],"product_cat":[13072,12291],"product_tag":[],"class_list":{"0":"post-737457","1":"product","2":"type-product","3":"status-publish","5":"product_cat-arastirma-inceleme-referans","6":"product_cat-edebiyat","7":"pa_cilt-ciltsiz","8":"pa_tur-kitap","9":"pa_yayinevi-yeni-insan-yayinlari","10":"pa_yazar-tomasz-broda","12":"first","13":"instock","14":"sale","15":"shipping-taxable","16":"purchasable","17":"product-type-simple"},"_links":{"self":[{"href":"https:\/\/roveyayinevi.com.tr\/index.php\/wp-json\/wp\/v2\/product\/737457","targetHints":{"allow":["GET"]}}],"collection":[{"href":"https:\/\/roveyayinevi.com.tr\/index.php\/wp-json\/wp\/v2\/product"}],"about":[{"href":"https:\/\/roveyayinevi.com.tr\/index.php\/wp-json\/wp\/v2\/types\/product"}],"wp:attachment":[{"href":"https:\/\/roveyayinevi.com.tr\/index.php\/wp-json\/wp\/v2\/media?parent=737457"}],"wp:term":[{"taxonomy":"product_brand","embeddable":true,"href":"https:\/\/roveyayinevi.com.tr\/index.php\/wp-json\/wp\/v2\/product_brand?post=737457"},{"taxonomy":"product_cat","embeddable":true,"href":"https:\/\/roveyayinevi.com.tr\/index.php\/wp-json\/wp\/v2\/product_cat?post=737457"},{"taxonomy":"product_tag","embeddable":true,"href":"https:\/\/roveyayinevi.com.tr\/index.php\/wp-json\/wp\/v2\/product_tag?post=737457"}],"curies":[{"name":"wp","href":"https:\/\/api.w.org\/{rel}","templated":true}]}}