{"id":737427,"date":"2025-08-27T23:28:02","date_gmt":"2025-08-27T20:28:02","guid":{"rendered":"https:\/\/roveyayinevi.com.tr\/index.php\/urun\/islam-demokrasi-ve-turkiye\/"},"modified":"2025-12-30T10:49:23","modified_gmt":"2025-12-30T07:49:23","slug":"islam-demokrasi-ve-turkiye","status":"publish","type":"product","link":"https:\/\/roveyayinevi.com.tr\/index.php\/urun\/islam-demokrasi-ve-turkiye\/","title":{"rendered":"\u0130slam, Demokrasi ve T\u00fcrkiye"},"content":{"rendered":"<p>\u0130lk bask\u0131s\u0131 1995 y\u0131l\u0131nda yap\u0131lan \u0130sl\u00e2m, Demokrasi ve T\u00fcrkiye&#8217;nin \u00fc\u00e7\u00fcnc\u00fc bask\u0131s\u0131ndaki geni\u015fletme ile bir\u00e7ok yay\u0131nlanmam\u0131\u015f konu\u015fma ve makale de bu derlemeye eklenmi\u015ftir.   \u0130lk yay\u0131nlanma tarihlerinin ard\u0131ndan ge\u00e7en uzun zamana ra\u011fmen a\u011f\u0131rl\u0131\u011f\u0131ndan bir \u015fey kaybetmeyen bu makaleler derlemesini okuyanlar\u0131n fark edebilece\u011fi gibi bu s\u00fcre zarf\u0131nda \u00fclkede meydana gelen bir\u00e7ok geli\u015fmeye, hatta baz\u0131 alanlarda k\u00f6kten d\u00f6n\u00fc\u015f\u00fcmlere ra\u011fmen demokratikle\u015fme ve ho\u015fg\u00f6r\u00fc alanlar\u0131nda fazla bir mesafe kat edilmemi\u015f g\u00f6r\u00fcnmektedir.   \u0130sl\u00e2m felsefesi ve d\u00fc\u015f\u00fcncesi alan\u0131nda uzmanl\u0131\u011f\u0131yla tan\u0131nan Prof. Arslan&#8217;\u0131n son edisyon i\u00e7in kaleme alm\u0131\u015f oldu\u011fu \u00f6ns\u00f6zde belirtti\u011fi gibi umudu tamamen yitirecek kadar karamsar olmak do\u011fru olmasa da \u0130sl\u00e2m d\u00fcnyas\u0131nda ve \u00f6zelde T\u00fcrkiye&#8217;de Bat\u0131l\u0131 anlamda demokratik bir toplumun ortaya \u00e7\u0131kt\u0131\u011f\u0131n\u0131 ve kal\u0131c\u0131 bir varl\u0131k kazand\u0131\u011f\u0131n\u0131 g\u00f6rmek i\u00e7in epey bir zamana ve farkl\u0131 alanlarda ger\u00e7ekle\u015ftirilmesi gereken \u00e7ok say\u0131da b\u00fcy\u00fck at\u0131l\u0131mlara ihtiya\u00e7 var.   Bu eser, okuyucu i\u00e7in ilk bask\u0131s\u0131ndan bu yana ge\u00e7en \u00e7eyrek as\u0131rdan uzun s\u00fcre i\u00e7inde nelerin de\u011fi\u015fti\u011fini, nelerin de\u011fi\u015fmedi\u011fini g\u00f6rmek; \u0130sl\u00e2m, demokrasi ve modernle\u015fme tart\u0131\u015fmalar\u0131nda nerelerden ge\u00e7ip hangi noktalara vard\u0131\u011f\u0131m\u0131z\u0131 veya varamad\u0131\u011f\u0131m\u0131z\u0131 de\u011ferlendirmek i\u00e7in hem bir tarihi cetvel hem de kuramsal bir pusula i\u015flevi g\u00f6rebilir. <\/p>\n","protected":false},"excerpt":{"rendered":"<p>\u0130lk bask\u0131s\u0131 1995 y\u0131l\u0131nda yap\u0131lan \u0130sl\u00e2m, Demokrasi ve T\u00fcrkiye&#8217;nin \u00fc\u00e7\u00fcnc\u00fc bask\u0131s\u0131ndaki geni\u015fletme ile bir\u00e7ok yay\u0131nlanmam\u0131\u015f konu\u015fma ve makale de bu derlemeye eklenmi\u015ftir. \u0130lk yay\u0131nlanma tarihlerinin ard\u0131ndan<span class=\"excerpt-hellip\"> [\u2026]<\/span><\/p>\n","protected":false},"featured_media":0,"template":"","meta":{"_monsterinsights_skip_tracking":false,"_monsterinsights_sitenote_active":false,"_monsterinsights_sitenote_note":"","_monsterinsights_sitenote_category":0},"product_brand":[],"product_cat":[12337,14543],"product_tag":[],"class_list":{"0":"post-737427","1":"product","2":"type-product","3":"status-publish","5":"product_cat-politika-siyaset","6":"product_cat-turkiye-siyaseti-ve-politikasi","7":"pa_cilt-ciltsiz","8":"pa_tur-kitap","9":"pa_yayinevi-serbest-kitaplar","10":"pa_yazar-ahmet-arslan","12":"first","13":"instock","14":"sale","15":"shipping-taxable","16":"purchasable","17":"product-type-simple"},"_links":{"self":[{"href":"https:\/\/roveyayinevi.com.tr\/index.php\/wp-json\/wp\/v2\/product\/737427","targetHints":{"allow":["GET"]}}],"collection":[{"href":"https:\/\/roveyayinevi.com.tr\/index.php\/wp-json\/wp\/v2\/product"}],"about":[{"href":"https:\/\/roveyayinevi.com.tr\/index.php\/wp-json\/wp\/v2\/types\/product"}],"wp:attachment":[{"href":"https:\/\/roveyayinevi.com.tr\/index.php\/wp-json\/wp\/v2\/media?parent=737427"}],"wp:term":[{"taxonomy":"product_brand","embeddable":true,"href":"https:\/\/roveyayinevi.com.tr\/index.php\/wp-json\/wp\/v2\/product_brand?post=737427"},{"taxonomy":"product_cat","embeddable":true,"href":"https:\/\/roveyayinevi.com.tr\/index.php\/wp-json\/wp\/v2\/product_cat?post=737427"},{"taxonomy":"product_tag","embeddable":true,"href":"https:\/\/roveyayinevi.com.tr\/index.php\/wp-json\/wp\/v2\/product_tag?post=737427"}],"curies":[{"name":"wp","href":"https:\/\/api.w.org\/{rel}","templated":true}]}}