{"id":737419,"date":"2025-08-27T23:27:54","date_gmt":"2025-08-27T20:27:54","guid":{"rendered":"https:\/\/roveyayinevi.com.tr\/index.php\/urun\/human-design-insan-tasarimi\/"},"modified":"2026-04-08T02:55:18","modified_gmt":"2026-04-07T23:55:18","slug":"human-design-insan-tasarimi","status":"publish","type":"product","link":"https:\/\/roveyayinevi.com.tr\/index.php\/urun\/human-design-insan-tasarimi\/","title":{"rendered":"Human Design (\u0130nsan Tasar\u0131m\u0131)"},"content":{"rendered":"<p>\u0130deal hayat e\u015finize dair net bir a\u00e7\u0131klama ister misiniz? Daha iyi kararlar almak, ideal kariyerinizi bulmak ve y\u00fcksek potansiyelinize ula\u015fmak ister misiniz? Ger\u00e7ekten kim oldu\u011funuzu bilmek ister misiniz? Astrolojiden \u00e7ok daha detayl\u0131 olan Human Design (\u0130nsan Tasar\u0131m\u0131), t\u00fcm d\u00fcnyada insanlar\u0131n ya\u015famlar\u0131n\u0131 de\u011fi\u015ftiren devrimsel bir sistemdir. Do\u011fum tarihinizi, saatinizi ve yerinizi kullanarak, olmak \u00fczere do\u011fdunuz insan\u0131 ve s\u00fcrmeniz gereken hayat\u0131 ortaya \u00e7\u0131kar\u0131yor.Chetan Parkyn, size parmak izleriniz kadar e\u015fsiz olan ki\u015fisel tasar\u0131m\u0131n\u0131z\u0131, kendi ya\u015fam tablonuzu haritaland\u0131rman\u0131za yard\u0131mc\u0131 olacak t\u00fcm ara\u00e7lar\u0131 sa\u011flayan \u00fccretsiz bir yaz\u0131l\u0131m ile Human Design&#8217;a dair d\u00fcnyadaki tek kapsaml\u0131 rehberi sunuyor.Kullan\u0131m\u0131 kolay olan bu kitap e\u015fli\u011finde, kendi i\u00e7sel \u00f6yk\u00fcn\u00fcz\u00fc ke\u015ffederken arkada\u015flar\u0131n\u0131z\u0131n, aile \u00fcyelerinizin ve d\u00fcnya \u00e7ap\u0131nda isim yapm\u0131\u015f baz\u0131 insanlar\u0131n ger\u00e7ek \u00f6zelliklerini ke\u015ffedebilirsiniz.Bu sistem;Sizi harekete ge\u00e7iren i\u00e7sel do\u011fan\u0131z\u0131 i\u015faret ediyor.Uyum yakalad\u0131\u011f\u0131n\u0131z insanlar\u0131 ve i\u00e7inizdeki cevheri ortaya \u00e7\u0131karabildi\u011finiz ortam t\u00fcrlerini anlat\u0131yor.Ger\u00e7ek benli\u011finizin alt\u0131nda yatan do\u011fay\u0131, tercihleri, ki\u015filik \u00f6zelliklerini, g\u00fc\u00e7l\u00fc yanlar\u0131n\u0131z\u0131, zaaflar\u0131n\u0131z\u0131, becerilerinizi, dinamiklerinizi ve kimyan\u0131z\u0131 ortaya \u00e7\u0131kar\u0131yor.Kucak a\u00e7t\u0131\u011f\u0131n\u0131z veya direndi\u011finiz ihtiya\u00e7 ve duygular\u0131n\u0131z\u0131 hat\u0131rlat\u0131yor.Mutluluk ve tatmin getirecek kararlar alman\u0131n yollar\u0131n\u0131 a\u00e7\u0131kl\u0131yor.Hayat\u0131n\u0131zda daha \u00f6nce b\u00f6yle bir sey g\u00f6rmediginize emin olabilirsiniz.Kendinizle tan\u0131\u015fmaya haz\u0131r olun. Ger\u00e7ek sizle tan\u0131\u015fmaya haz\u0131r olun.Bu sistem hayat\u0131n\u0131z\u0131 de\u011fi\u015ftirecek.<\/p>\n","protected":false},"excerpt":{"rendered":"<p>\u0130deal hayat e\u015finize dair net bir a\u00e7\u0131klama ister misiniz? Daha iyi kararlar almak, ideal kariyerinizi bulmak ve y\u00fcksek potansiyelinize ula\u015fmak ister misiniz? Ger\u00e7ekten kim oldu\u011funuzu bilmek<span class=\"excerpt-hellip\"> [\u2026]<\/span><\/p>\n","protected":false},"featured_media":0,"template":"","meta":{"_monsterinsights_skip_tracking":false,"_monsterinsights_sitenote_active":false,"_monsterinsights_sitenote_note":"","_monsterinsights_sitenote_category":0},"product_brand":[],"product_cat":[12364,12376],"product_tag":[],"class_list":{"0":"post-737419","1":"product","2":"type-product","3":"status-publish","5":"product_cat-genel-konular","6":"product_cat-kisisel-gelisim","7":"pa_cilt-ciltsiz","8":"pa_tur-kitap","9":"pa_yayinevi-butik-yayinlari","10":"pa_yazar-chetan-parkyn-steve-dennis","12":"first","13":"instock","14":"sale","15":"shipping-taxable","16":"purchasable","17":"product-type-simple"},"_links":{"self":[{"href":"https:\/\/roveyayinevi.com.tr\/index.php\/wp-json\/wp\/v2\/product\/737419","targetHints":{"allow":["GET"]}}],"collection":[{"href":"https:\/\/roveyayinevi.com.tr\/index.php\/wp-json\/wp\/v2\/product"}],"about":[{"href":"https:\/\/roveyayinevi.com.tr\/index.php\/wp-json\/wp\/v2\/types\/product"}],"wp:attachment":[{"href":"https:\/\/roveyayinevi.com.tr\/index.php\/wp-json\/wp\/v2\/media?parent=737419"}],"wp:term":[{"taxonomy":"product_brand","embeddable":true,"href":"https:\/\/roveyayinevi.com.tr\/index.php\/wp-json\/wp\/v2\/product_brand?post=737419"},{"taxonomy":"product_cat","embeddable":true,"href":"https:\/\/roveyayinevi.com.tr\/index.php\/wp-json\/wp\/v2\/product_cat?post=737419"},{"taxonomy":"product_tag","embeddable":true,"href":"https:\/\/roveyayinevi.com.tr\/index.php\/wp-json\/wp\/v2\/product_tag?post=737419"}],"curies":[{"name":"wp","href":"https:\/\/api.w.org\/{rel}","templated":true}]}}