{"id":737412,"date":"2025-08-27T23:27:47","date_gmt":"2025-08-27T20:27:47","guid":{"rendered":"https:\/\/roveyayinevi.com.tr\/index.php\/urun\/yasam-sevgi-kahkaha\/"},"modified":"2026-04-16T02:46:50","modified_gmt":"2026-04-15T23:46:50","slug":"yasam-sevgi-kahkaha","status":"publish","type":"product","link":"https:\/\/roveyayinevi.com.tr\/index.php\/urun\/yasam-sevgi-kahkaha\/","title":{"rendered":"Ya\u015fam Sevgi Kahkaha"},"content":{"rendered":"<p>Ya\u015fam kendi i\u00e7inde anlaml\u0131 de\u011fildir.Bo\u015f bir tuval gibidir.Anlam\u0131n ya\u015fam\u0131n i\u00e7inde yarat\u0131lmas\u0131 gerekir; anlam \u00f6nceden verilmez. Sana \u00f6zg\u00fcrl\u00fck verilir, sana yarat\u0131c\u0131l\u0131k verilir, sana ya\u015fam verilir. Anlam yaratmak i\u00e7in gerekli olan her \u015fey verilir. Anlam\u0131 olu\u015fturan temel unsurlar\u0131n hepsi verilir, ama anlam verilmez, anlam\u0131 sen yaratmak zorundas\u0131n.\u00dczerine bir resim yap!Sevginin en \u00fcst\u00fcn hali asla bir ili\u015fki de\u011fil, sadece senin var olma halindir.\u0130nsanlar yava\u015f yava\u015f inanmamay\u0131, g\u00fcvenmemeyi, sevmemeyi,kronik \u015f\u00fcpheciler olmay\u0131 \u00f6\u011frenir. Ve bu o kadar yava\u015f, o kadar k\u00fc\u00e7\u00fck dozlarda olur ki, ba\u015f\u0131na gelene kar\u015f\u0131 asla uyan\u0131k de\u011filsindir.<\/p>\n","protected":false},"excerpt":{"rendered":"<p>Ya\u015fam kendi i\u00e7inde anlaml\u0131 de\u011fildir.Bo\u015f bir tuval gibidir.Anlam\u0131n ya\u015fam\u0131n i\u00e7inde yarat\u0131lmas\u0131 gerekir; anlam \u00f6nceden verilmez. Sana \u00f6zg\u00fcrl\u00fck verilir, sana yarat\u0131c\u0131l\u0131k verilir, sana ya\u015fam verilir. Anlam yaratmak<span class=\"excerpt-hellip\"> [\u2026]<\/span><\/p>\n","protected":false},"featured_media":0,"template":"","meta":{"_monsterinsights_skip_tracking":false,"_monsterinsights_sitenote_active":false,"_monsterinsights_sitenote_note":"","_monsterinsights_sitenote_category":0},"product_brand":[],"product_cat":[12364,12376],"product_tag":[],"class_list":{"0":"post-737412","1":"product","2":"type-product","3":"status-publish","5":"product_cat-genel-konular","6":"product_cat-kisisel-gelisim","7":"pa_cilt-ciltsiz","8":"pa_tur-kitap","9":"pa_yayinevi-butik-yayinlari","10":"pa_yazar-osho","12":"first","13":"instock","14":"sale","15":"shipping-taxable","16":"purchasable","17":"product-type-simple"},"_links":{"self":[{"href":"https:\/\/roveyayinevi.com.tr\/index.php\/wp-json\/wp\/v2\/product\/737412","targetHints":{"allow":["GET"]}}],"collection":[{"href":"https:\/\/roveyayinevi.com.tr\/index.php\/wp-json\/wp\/v2\/product"}],"about":[{"href":"https:\/\/roveyayinevi.com.tr\/index.php\/wp-json\/wp\/v2\/types\/product"}],"wp:attachment":[{"href":"https:\/\/roveyayinevi.com.tr\/index.php\/wp-json\/wp\/v2\/media?parent=737412"}],"wp:term":[{"taxonomy":"product_brand","embeddable":true,"href":"https:\/\/roveyayinevi.com.tr\/index.php\/wp-json\/wp\/v2\/product_brand?post=737412"},{"taxonomy":"product_cat","embeddable":true,"href":"https:\/\/roveyayinevi.com.tr\/index.php\/wp-json\/wp\/v2\/product_cat?post=737412"},{"taxonomy":"product_tag","embeddable":true,"href":"https:\/\/roveyayinevi.com.tr\/index.php\/wp-json\/wp\/v2\/product_tag?post=737412"}],"curies":[{"name":"wp","href":"https:\/\/api.w.org\/{rel}","templated":true}]}}