{"id":737411,"date":"2025-08-27T23:27:46","date_gmt":"2025-08-27T20:27:46","guid":{"rendered":"https:\/\/roveyayinevi.com.tr\/index.php\/urun\/kuvvetle-ayaga-kalkmak\/"},"modified":"2026-04-12T02:52:08","modified_gmt":"2026-04-11T23:52:08","slug":"kuvvetle-ayaga-kalkmak","status":"publish","type":"product","link":"https:\/\/roveyayinevi.com.tr\/index.php\/urun\/kuvvetle-ayaga-kalkmak\/","title":{"rendered":"Kuvvetle Aya\u011fa Kalkmak"},"content":{"rendered":"<p>Hikayelerimizi reddetti\u011fimizde onlar bizi tan\u0131mlar.Hikayelerimizi sahiplendi\u011fimizde sonu yazmak bizim elimizde olur.Brene Brown, cesaret, k\u0131r\u0131lganl\u0131k, utan\u00e7 ve de\u011ferlilik \u00fczerine k\u00fcresel bir s\u00f6yle\u015fi ba\u015flatt\u0131. \u00d6nc\u00fc \u00e7al\u0131\u015fmalar\u0131 derin bir ger\u00e7e\u011fi ortaya \u00e7\u0131kard\u0131: K\u0131r\u0131lganl\u0131k sonu\u00e7 garantili de\u011filken ortaya \u00e7\u0131k\u0131p g\u00f6r\u00fclmeye istekli olmak daha fazla sevgiye, aidiyete, yarat\u0131c\u0131l\u0131\u011fa ve mutlulu\u011fa giden tek yoldur. Ama cesurca ya\u015famak her zaman kolay de\u011fildir: T\u00f6kezlememiz ve d\u00fc\u015fmemiz ka\u00e7\u0131n\u0131lmazd\u0131r.Brown, Kuvvetle Aya\u011fa Kalkmak\u2019ta d\u00fc\u015ft\u00fckten sonra aya\u011fa kalkma konusunu ele al\u0131yor. Temellendirilmi\u015f kuram ara\u015ft\u0131rmac\u0131s\u0131 olan Brown, Fortune 500 \u015firketlerinin liderlerinden ve ordu \u00fcyelerinden tutun sanat\u00e7\u0131lara, uzun zamand\u0131r beraber olan \u00e7iftlere, \u00f6\u011fretmenlere ve ebeveynlere kadar bir\u00e7ok ki\u015fiyi dinledi ve onlar\u0131n cesaret, d\u00fc\u015f\u00fc\u015f ve tekrar aya\u011fa kalk\u0131\u015f hikayelerini payla\u015ft\u0131. Brown kendisine \u015funu sordu: G\u00fc\u00e7l\u00fc ve sevgi dolu ili\u015fkileri olan bu insanlar\u0131n, yarat\u0131c\u0131l\u0131\u011f\u0131 besleyen bu liderlerin, yeniliklere \u00f6nc\u00fc olan bu sanat\u00e7\u0131lar\u0131n ve insanlara inan\u00e7 ve gizem yolunda e\u015flik eden bu adamlar\u0131n ortak noktas\u0131 nedir? Cevap netti: Bu insanlar duygular\u0131n g\u00fcc\u00fcn\u00fcn fark\u0131ndalar ve kendilerini rahats\u0131zl\u0131\u011f\u0131n kuca\u011f\u0131na b\u0131rakmaktan korkmuyorlar.\u0130ncinme hikayelerimizin i\u00e7ine girmek bize tehlikeli gelebilir. Ama m\u00fccadelenin ortas\u0131nda ayaklar\u0131m\u0131z\u0131 yere yeniden sa\u011flam basma s\u00fcreci, cesaretimizin s\u0131nand\u0131\u011f\u0131, de\u011ferlerimizin peki\u015fti\u011fi aland\u0131r. M\u00fccadele hik\u00e2yelerimiz i\u015fimizi kaybetmek ya da ili\u015fkimizin bitmesi gibi b\u00fcy\u00fck hikayeler olabildi\u011fi gibi bir arkada\u015f\u0131m\u0131zla ya da meslekta\u015f\u0131m\u0131zla ya\u015fad\u0131\u011f\u0131m\u0131z uyu\u015fmazl\u0131k gibi daha k\u00fc\u00e7\u00fck hikayeler de olabilir. Olay\u0131n b\u00fcy\u00fckl\u00fc\u011f\u00fc ya da \u015fartlar\u0131 ne olursa olsun kuvvetle aya\u011fa kalkma s\u00fcreci ayn\u0131d\u0131r: Duygular\u0131m\u0131zla hesaplama yapar, hislerimiz konusunda meraka kap\u0131l\u0131r\u0131z; ger\u00e7e\u011fe ula\u015fana kadar hik\u00e2yelerimizle bo\u011fu\u015furuz ve bu s\u00fcreci prati\u011fe d\u00f6n\u00fc\u015fene, hayatlar\u0131m\u0131zda adeta bir devrim yaratana dek her g\u00fcn ya\u015far\u0131z. D\u00fc\u015ft\u00fckten sonra kuvvetle aya\u011fa kalkmak, i\u00e7tenli\u011fi besleme yolumuzdur.Brown, bunun bize kim oldu\u011fumuzla ilgili en \u00e7ok \u015feyi \u00f6\u011freten s\u00fcre\u00e7 oldu\u011funu yaz.<\/p>\n","protected":false},"excerpt":{"rendered":"<p>Hikayelerimizi reddetti\u011fimizde onlar bizi tan\u0131mlar.Hikayelerimizi sahiplendi\u011fimizde sonu yazmak bizim elimizde olur.Brene Brown, cesaret, k\u0131r\u0131lganl\u0131k, utan\u00e7 ve de\u011ferlilik \u00fczerine k\u00fcresel bir s\u00f6yle\u015fi ba\u015flatt\u0131. \u00d6nc\u00fc \u00e7al\u0131\u015fmalar\u0131 derin bir<span class=\"excerpt-hellip\"> [\u2026]<\/span><\/p>\n","protected":false},"featured_media":0,"template":"","meta":{"_monsterinsights_skip_tracking":false,"_monsterinsights_sitenote_active":false,"_monsterinsights_sitenote_note":"","_monsterinsights_sitenote_category":0},"product_brand":[],"product_cat":[12364,12376],"product_tag":[],"class_list":{"0":"post-737411","1":"product","2":"type-product","3":"status-publish","5":"product_cat-genel-konular","6":"product_cat-kisisel-gelisim","7":"pa_cilt-ciltsiz","8":"pa_tur-kitap","9":"pa_yayinevi-butik-yayinlari","10":"pa_yazar-brene-brown","12":"first","13":"instock","14":"sale","15":"shipping-taxable","16":"purchasable","17":"product-type-simple"},"_links":{"self":[{"href":"https:\/\/roveyayinevi.com.tr\/index.php\/wp-json\/wp\/v2\/product\/737411","targetHints":{"allow":["GET"]}}],"collection":[{"href":"https:\/\/roveyayinevi.com.tr\/index.php\/wp-json\/wp\/v2\/product"}],"about":[{"href":"https:\/\/roveyayinevi.com.tr\/index.php\/wp-json\/wp\/v2\/types\/product"}],"wp:attachment":[{"href":"https:\/\/roveyayinevi.com.tr\/index.php\/wp-json\/wp\/v2\/media?parent=737411"}],"wp:term":[{"taxonomy":"product_brand","embeddable":true,"href":"https:\/\/roveyayinevi.com.tr\/index.php\/wp-json\/wp\/v2\/product_brand?post=737411"},{"taxonomy":"product_cat","embeddable":true,"href":"https:\/\/roveyayinevi.com.tr\/index.php\/wp-json\/wp\/v2\/product_cat?post=737411"},{"taxonomy":"product_tag","embeddable":true,"href":"https:\/\/roveyayinevi.com.tr\/index.php\/wp-json\/wp\/v2\/product_tag?post=737411"}],"curies":[{"name":"wp","href":"https:\/\/api.w.org\/{rel}","templated":true}]}}