{"id":737404,"date":"2025-08-27T23:27:38","date_gmt":"2025-08-27T20:27:38","guid":{"rendered":"https:\/\/roveyayinevi.com.tr\/index.php\/urun\/cesur-minik-rakun\/"},"modified":"2026-04-16T02:46:50","modified_gmt":"2026-04-15T23:46:50","slug":"cesur-minik-rakun","status":"publish","type":"product","link":"https:\/\/roveyayinevi.com.tr\/index.php\/urun\/cesur-minik-rakun\/","title":{"rendered":"Cesur Minik Rakun"},"content":{"rendered":"<p>Bu yeni Audrey Penn kitab\u0131nda, Minik Rakun cesur olman\u0131n anlam\u0131n\u0131 ve korkular\u0131n\u0131 yenmede kendisine yard\u0131mc\u0131 olacak bir y\u00f6ntem \u00f6\u011frenir. Arkada\u015flar\u0131yla birlikte u\u00e7ma dersleri almaktan \u00e7ekinen k\u00fc\u00e7\u00fck bir ser\u00e7enin hik\u00e2yesini anlatan Anne Rakun, cesur olman\u0131n korkusuz olmak anlam\u0131na gelmedi\u011fini s\u00f6yler. Cesur olmak korkunun seni engellemesine izin vermemektir. Anne Rakun o\u011fluna \u00f6nemli bir strateji \u00f6\u011fretir: D\u00fc\u015f\u00fcn S\u00f6yle Yap. Minik Rakun\u2019un avucundaki \u00f6p\u00fcc\u00fck de ona az\u0131c\u0131k yard\u0131m etmektedir elbette. Bu basit strateji \u00e7ocuklara bir\u00e7ok zor durumu a\u015fmalar\u0131nda yard\u0131m edecektir.<\/p>\n","protected":false},"excerpt":{"rendered":"<p>Bu yeni Audrey Penn kitab\u0131nda, Minik Rakun cesur olman\u0131n anlam\u0131n\u0131 ve korkular\u0131n\u0131 yenmede kendisine yard\u0131mc\u0131 olacak bir y\u00f6ntem \u00f6\u011frenir. Arkada\u015flar\u0131yla birlikte u\u00e7ma dersleri almaktan \u00e7ekinen k\u00fc\u00e7\u00fck<span class=\"excerpt-hellip\"> [\u2026]<\/span><\/p>\n","protected":false},"featured_media":0,"template":"","meta":{"_monsterinsights_skip_tracking":false,"_monsterinsights_sitenote_active":false,"_monsterinsights_sitenote_note":"","_monsterinsights_sitenote_category":0},"product_brand":[],"product_cat":[12274,12284],"product_tag":[],"class_list":{"0":"post-737404","1":"product","2":"type-product","3":"status-publish","5":"product_cat-cocuk-ve-genclik-kitaplari","6":"product_cat-hikayeler","7":"pa_cilt-ciltsiz","8":"pa_tur-kitap","9":"pa_yayinevi-butik-yayinlari","10":"pa_yazar-audrey-penn","12":"first","13":"instock","14":"sale","15":"shipping-taxable","16":"purchasable","17":"product-type-simple"},"_links":{"self":[{"href":"https:\/\/roveyayinevi.com.tr\/index.php\/wp-json\/wp\/v2\/product\/737404","targetHints":{"allow":["GET"]}}],"collection":[{"href":"https:\/\/roveyayinevi.com.tr\/index.php\/wp-json\/wp\/v2\/product"}],"about":[{"href":"https:\/\/roveyayinevi.com.tr\/index.php\/wp-json\/wp\/v2\/types\/product"}],"wp:attachment":[{"href":"https:\/\/roveyayinevi.com.tr\/index.php\/wp-json\/wp\/v2\/media?parent=737404"}],"wp:term":[{"taxonomy":"product_brand","embeddable":true,"href":"https:\/\/roveyayinevi.com.tr\/index.php\/wp-json\/wp\/v2\/product_brand?post=737404"},{"taxonomy":"product_cat","embeddable":true,"href":"https:\/\/roveyayinevi.com.tr\/index.php\/wp-json\/wp\/v2\/product_cat?post=737404"},{"taxonomy":"product_tag","embeddable":true,"href":"https:\/\/roveyayinevi.com.tr\/index.php\/wp-json\/wp\/v2\/product_tag?post=737404"}],"curies":[{"name":"wp","href":"https:\/\/api.w.org\/{rel}","templated":true}]}}