{"id":737400,"date":"2025-08-27T23:27:33","date_gmt":"2025-08-27T20:27:33","guid":{"rendered":"https:\/\/roveyayinevi.com.tr\/index.php\/urun\/kozmik-gezgin\/"},"modified":"2026-04-16T02:46:50","modified_gmt":"2026-04-15T23:46:50","slug":"kozmik-gezgin","status":"publish","type":"product","link":"https:\/\/roveyayinevi.com.tr\/index.php\/urun\/kozmik-gezgin\/","title":{"rendered":"Kozmik Gezgin"},"content":{"rendered":"<p>Ya\u015fam\u0131n anlam\u0131 nedir? Ruh arkada\u015f\u0131m\u0131 ne zaman bulaca\u011f\u0131m? \u00d6ld\u00fckten sonra bana ne olacak? Astrolojik kaderime ba\u011f\u0131ml\u0131 m\u0131y\u0131m, onu de\u011fi\u015ftirebilir miyim? T\u00fcm bunlar\u0131 bu kitapta bulacaks\u0131n\u0131z. Kitapta, sizi zodyak\u0131n on iki burcunun her birinin arketip g\u00fcc\u00fcne ba\u011flayacak \u00f6zel \u0130branice harfleri bulacaks\u0131n\u0131z. Bu g\u00fc\u00e7l\u00fc simgeleri, g\u00f6klerin enerjisine eri\u015fmek i\u00e7in anahtar olarak kullanarak hayallerinizi a\u00e7\u0131\u011fa \u00e7\u0131karabilecek ve astrolojik kaderinizin k\u0131s\u0131tlamalar\u0131n\u0131 a\u015fabileceksiniz. Bu b\u00fcy\u00fc sizi bir gizemciye d\u00f6n\u00fc\u015ft\u00fcrecek. Hi\u00e7 kimse Tanr\u0131\u2019n\u0131n varl\u0131\u011f\u0131n\u0131 kesin olarak kan\u0131tlamam\u0131\u015ft\u0131r; yine de yery\u00fcz\u00fc n\u00fcfusunun b\u00fcy\u00fck bir k\u0131sm\u0131 g\u00fc\u00e7l\u00fc bir \u015fekilde Tanr\u0131\u2019ya inanmaktad\u0131r. Benim astrolojinin ge\u00e7erlili\u011fi do\u011frultusundaki tutumumu, Alexander Graham Bell\u2019in \u015fu s\u00f6zleri \u00e7ok g\u00fczel \u00f6zetlemektedir: &#8220;Bu g\u00fcc\u00fcn ne oldu\u011funu s\u00f6yleyemeyece\u011fim. B\u00fct\u00fcn bildi\u011fim, onun var oldu\u011fudur.&#8221;<\/p>\n","protected":false},"excerpt":{"rendered":"<p>Ya\u015fam\u0131n anlam\u0131 nedir? Ruh arkada\u015f\u0131m\u0131 ne zaman bulaca\u011f\u0131m? \u00d6ld\u00fckten sonra bana ne olacak? Astrolojik kaderime ba\u011f\u0131ml\u0131 m\u0131y\u0131m, onu de\u011fi\u015ftirebilir miyim? T\u00fcm bunlar\u0131 bu kitapta bulacaks\u0131n\u0131z. Kitapta,<span class=\"excerpt-hellip\"> [\u2026]<\/span><\/p>\n","protected":false},"featured_media":0,"template":"","meta":{"_monsterinsights_skip_tracking":false,"_monsterinsights_sitenote_active":false,"_monsterinsights_sitenote_note":"","_monsterinsights_sitenote_category":0},"product_brand":[],"product_cat":[12364,16154],"product_tag":[],"class_list":{"0":"post-737400","1":"product","2":"type-product","3":"status-publish","5":"product_cat-genel-konular","6":"product_cat-parapsikoloji","7":"pa_cilt-ciltsiz","8":"pa_tur-kitap","9":"pa_yayinevi-butik-yayinlari","10":"pa_yazar-gahl-sasson","12":"first","13":"instock","14":"sale","15":"shipping-taxable","16":"purchasable","17":"product-type-simple"},"_links":{"self":[{"href":"https:\/\/roveyayinevi.com.tr\/index.php\/wp-json\/wp\/v2\/product\/737400","targetHints":{"allow":["GET"]}}],"collection":[{"href":"https:\/\/roveyayinevi.com.tr\/index.php\/wp-json\/wp\/v2\/product"}],"about":[{"href":"https:\/\/roveyayinevi.com.tr\/index.php\/wp-json\/wp\/v2\/types\/product"}],"wp:attachment":[{"href":"https:\/\/roveyayinevi.com.tr\/index.php\/wp-json\/wp\/v2\/media?parent=737400"}],"wp:term":[{"taxonomy":"product_brand","embeddable":true,"href":"https:\/\/roveyayinevi.com.tr\/index.php\/wp-json\/wp\/v2\/product_brand?post=737400"},{"taxonomy":"product_cat","embeddable":true,"href":"https:\/\/roveyayinevi.com.tr\/index.php\/wp-json\/wp\/v2\/product_cat?post=737400"},{"taxonomy":"product_tag","embeddable":true,"href":"https:\/\/roveyayinevi.com.tr\/index.php\/wp-json\/wp\/v2\/product_tag?post=737400"}],"curies":[{"name":"wp","href":"https:\/\/api.w.org\/{rel}","templated":true}]}}