{"id":737394,"date":"2025-08-27T23:27:27","date_gmt":"2025-08-27T20:27:27","guid":{"rendered":"https:\/\/roveyayinevi.com.tr\/index.php\/urun\/besli-cete\/"},"modified":"2026-04-16T02:46:50","modified_gmt":"2026-04-15T23:46:50","slug":"besli-cete","status":"publish","type":"product","link":"https:\/\/roveyayinevi.com.tr\/index.php\/urun\/besli-cete\/","title":{"rendered":"Be\u015fli \u00c7ete"},"content":{"rendered":"<p>AK Parti Genel Ba\u015fkan\u0131 Recep Tayyip Erdo\u011fan ve ekibi, \u201cBe\u015fli \u00c7ete\u201d arac\u0131l\u0131\u011f\u0131yla \u00fclkemiz birikimlerinin b\u00fcy\u00fck bir b\u00f6l\u00fcm\u00fcne yolsuzluk yoluyla el koymu\u015f durumda. \u00d6rnek olmas\u0131 a\u00e7\u0131s\u0131ndan kitapta detaylar\u0131yla yer bulan temel bir veriyi sizlerle payla\u015fmak istiyorum: \u201cBe\u015fli \u00c7ete\u2019nin 2021 y\u0131l\u0131 sonuna kadar kamudan ald\u0131klar\u0131 kamu ihale bedellerinin toplam\u0131 yakla\u015f\u0131k 150 milyar dolar civar\u0131nda\u2026\u201d CHP Mersin Milletvekili Ali Mahir Ba\u015far\u0131r, \u201cBe\u015fli \u00c7ete\u201d kitab\u0131yla, bu el koyma prati\u011finin tarihsel bir d\u00f6k\u00fcm\u00fcn\u00fc yap\u0131yor. T\u00fcrkiye ekonomi tarihi a\u00e7\u0131s\u0131ndan da referans olacak i\u00e7erikteki bu \u00e7al\u0131\u015fma sunuyor. Kemal K\u0131l\u0131\u00e7daro\u011flu CHP Genel Ba\u015fkan\u0131 <\/p>\n","protected":false},"excerpt":{"rendered":"<p>AK Parti Genel Ba\u015fkan\u0131 Recep Tayyip Erdo\u011fan ve ekibi, \u201cBe\u015fli \u00c7ete\u201d arac\u0131l\u0131\u011f\u0131yla \u00fclkemiz birikimlerinin b\u00fcy\u00fck bir b\u00f6l\u00fcm\u00fcne yolsuzluk yoluyla el koymu\u015f durumda. \u00d6rnek olmas\u0131 a\u00e7\u0131s\u0131ndan kitapta<span class=\"excerpt-hellip\"> [\u2026]<\/span><\/p>\n","protected":false},"featured_media":0,"template":"","meta":{"_monsterinsights_skip_tracking":false,"_monsterinsights_sitenote_active":false,"_monsterinsights_sitenote_note":"","_monsterinsights_sitenote_category":0},"product_brand":[],"product_cat":[13590,12337],"product_tag":[],"class_list":{"0":"post-737394","1":"product","2":"type-product","3":"status-publish","5":"product_cat-arastirma-inceleme-politika-siyaset","6":"product_cat-politika-siyaset","7":"pa_cilt-ciltsiz","8":"pa_tur-kitap","9":"pa_yayinevi-kirmizi-kedi-yayinevi","10":"pa_yazar-ali-mahir-basarir","12":"first","13":"instock","14":"sale","15":"shipping-taxable","16":"purchasable","17":"product-type-simple"},"_links":{"self":[{"href":"https:\/\/roveyayinevi.com.tr\/index.php\/wp-json\/wp\/v2\/product\/737394","targetHints":{"allow":["GET"]}}],"collection":[{"href":"https:\/\/roveyayinevi.com.tr\/index.php\/wp-json\/wp\/v2\/product"}],"about":[{"href":"https:\/\/roveyayinevi.com.tr\/index.php\/wp-json\/wp\/v2\/types\/product"}],"wp:attachment":[{"href":"https:\/\/roveyayinevi.com.tr\/index.php\/wp-json\/wp\/v2\/media?parent=737394"}],"wp:term":[{"taxonomy":"product_brand","embeddable":true,"href":"https:\/\/roveyayinevi.com.tr\/index.php\/wp-json\/wp\/v2\/product_brand?post=737394"},{"taxonomy":"product_cat","embeddable":true,"href":"https:\/\/roveyayinevi.com.tr\/index.php\/wp-json\/wp\/v2\/product_cat?post=737394"},{"taxonomy":"product_tag","embeddable":true,"href":"https:\/\/roveyayinevi.com.tr\/index.php\/wp-json\/wp\/v2\/product_tag?post=737394"}],"curies":[{"name":"wp","href":"https:\/\/api.w.org\/{rel}","templated":true}]}}