{"id":737391,"date":"2025-08-27T23:27:23","date_gmt":"2025-08-27T20:27:23","guid":{"rendered":"https:\/\/roveyayinevi.com.tr\/index.php\/urun\/horimiya-horisan-ile-miyamurakun-1-cilt\/"},"modified":"2026-04-16T02:46:50","modified_gmt":"2026-04-15T23:46:50","slug":"horimiya-horisan-ile-miyamurakun-1-cilt","status":"publish","type":"product","link":"https:\/\/roveyayinevi.com.tr\/index.php\/urun\/horimiya-horisan-ile-miyamurakun-1-cilt\/","title":{"rendered":"Horimiya Horisan ile Miyamurakun 1. Cilt"},"content":{"rendered":"<p>Okulda zeki, ba\u015far\u0131l\u0131 ve pop\u00fcler bir k\u0131z olmas\u0131yla tan\u0131nan Kyouko Hori, asl\u0131na bakars\u0131n\u0131z okul d\u0131\u015f\u0131nda arkada\u015flar\u0131n\u0131n onu tan\u0131d\u0131\u011f\u0131ndan \u00e7ok farkl\u0131 biri. \u0130\u015fkolik anne ve babas\u0131n\u0131n yoklu\u011funda erkek karde\u015fine bakmak, al\u0131\u015fveri\u015f ve ev i\u015flerini yapmak zorunda olan Hori\u2019nin, arkada\u015flar\u0131 gibi gezip e\u011flenmeye ay\u0131racak hi\u00e7 zaman\u0131 yok.   Bir g\u00fcn sessiz, s\u0131k\u0131c\u0131 s\u0131n\u0131f arkada\u015f\u0131 beklenmedik bir \u015fekilde ve okuldakinden bamba\u015fka bir g\u00f6r\u00fcn\u00fcmle kar\u015f\u0131s\u0131nda belirdi\u011finde, Hori her insan\u0131n ba\u015fkalar\u0131ndan gizledi\u011fi bir yan\u0131 ve her hik\u00e2yenin birden fazla taraf\u0131 oldu\u011funu ke\u015ffeder! B\u00f6ylece Hori\u2019nin hayat\u0131nda yeni bir sayfa a\u00e7\u0131l\u0131r!   Okul hayat\u0131, arkada\u015fl\u0131klar ve kendini ke\u015ffetme hakk\u0131nda ilham verici hik\u00e2yesiyle Horimiya sizi etkisi alt\u0131na alacak!<\/p>\n","protected":false},"excerpt":{"rendered":"<p>Okulda zeki, ba\u015far\u0131l\u0131 ve pop\u00fcler bir k\u0131z olmas\u0131yla tan\u0131nan Kyouko Hori, asl\u0131na bakars\u0131n\u0131z okul d\u0131\u015f\u0131nda arkada\u015flar\u0131n\u0131n onu tan\u0131d\u0131\u011f\u0131ndan \u00e7ok farkl\u0131 biri. \u0130\u015fkolik anne ve babas\u0131n\u0131n yoklu\u011funda<span class=\"excerpt-hellip\"> [\u2026]<\/span><\/p>\n","protected":false},"featured_media":0,"template":"","meta":{"_monsterinsights_skip_tracking":false,"_monsterinsights_sitenote_active":false,"_monsterinsights_sitenote_note":"","_monsterinsights_sitenote_category":0},"product_brand":[],"product_cat":[12416,12291],"product_tag":[],"class_list":{"0":"post-737391","1":"product","2":"type-product","3":"status-publish","5":"product_cat-cizgi-roman","6":"product_cat-edebiyat","7":"pa_cilt-ciltsiz","8":"pa_tur-kitap","9":"pa_yayinevi-akil-celen-kitaplar","10":"pa_yazar-hero","12":"first","13":"instock","14":"sale","15":"shipping-taxable","16":"purchasable","17":"product-type-simple"},"_links":{"self":[{"href":"https:\/\/roveyayinevi.com.tr\/index.php\/wp-json\/wp\/v2\/product\/737391","targetHints":{"allow":["GET"]}}],"collection":[{"href":"https:\/\/roveyayinevi.com.tr\/index.php\/wp-json\/wp\/v2\/product"}],"about":[{"href":"https:\/\/roveyayinevi.com.tr\/index.php\/wp-json\/wp\/v2\/types\/product"}],"wp:attachment":[{"href":"https:\/\/roveyayinevi.com.tr\/index.php\/wp-json\/wp\/v2\/media?parent=737391"}],"wp:term":[{"taxonomy":"product_brand","embeddable":true,"href":"https:\/\/roveyayinevi.com.tr\/index.php\/wp-json\/wp\/v2\/product_brand?post=737391"},{"taxonomy":"product_cat","embeddable":true,"href":"https:\/\/roveyayinevi.com.tr\/index.php\/wp-json\/wp\/v2\/product_cat?post=737391"},{"taxonomy":"product_tag","embeddable":true,"href":"https:\/\/roveyayinevi.com.tr\/index.php\/wp-json\/wp\/v2\/product_tag?post=737391"}],"curies":[{"name":"wp","href":"https:\/\/api.w.org\/{rel}","templated":true}]}}