{"id":737381,"date":"2025-08-27T23:27:12","date_gmt":"2025-08-27T20:27:12","guid":{"rendered":"https:\/\/roveyayinevi.com.tr\/index.php\/urun\/ejderin-muhru\/"},"modified":"2026-04-16T02:46:49","modified_gmt":"2026-04-15T23:46:49","slug":"ejderin-muhru","status":"publish","type":"product","link":"https:\/\/roveyayinevi.com.tr\/index.php\/urun\/ejderin-muhru\/","title":{"rendered":"Ejderin M\u00fchr\u00fc"},"content":{"rendered":"<p>Il\u0131k r\u00fczg\u00e2r bir tap\u0131na\u011f\u0131n kar\u015f\u0131s\u0131ndaki evin bah\u00e7esindeki hu\u015f a\u011fac\u0131n\u0131n yapraklar\u0131n\u0131 yalarken bahar\u0131n \u00e7amuruna bulanm\u0131\u015f \u00e7izmeler \u00e7oktan ezilmi\u015f, \u00e7imlerin \u00fcst\u00fcnde ilerliyordu. Bir kirpi ezilmemek i\u00e7in f\u0131t\u0131 f\u0131t\u0131 tap\u0131na\u011fa do\u011fru ka\u00e7t\u0131. Sonra akl\u0131na oran\u0131n bir \u015einto tap\u0131na\u011f\u0131 oldu\u011fu ve bir beyaz y\u0131lana ev sahipli\u011fi yapt\u0131\u011f\u0131 gelmi\u015f olacak ki yolunu de\u011fi\u015ftirdi. \u00c7izmelerin sahibi, kirpiye bir bak\u0131\u015f att\u0131 ve ne kadar sevimli oldu\u011funu d\u00fc\u015f\u00fcn\u00fcp yoluna devam etti. Akl\u0131n\u0131n bir k\u00f6\u015fesine bir kirpi sahiplenmeyi yazd\u0131 ve ad\u0131mlar\u0131n\u0131 s\u0131kla\u015ft\u0131rd\u0131. \u0130\u015fte bu, o kirpinin hik\u00e2yesi de\u011fil. Bu, o \u00e7izmelerin ve kirpi sahiplenme fikrinin sahibinin hik\u00e2yesi. Bu bir kahramanl\u0131k destan\u0131 veya bir efsane de\u011fil. Bu, zay\u0131f bir adam\u0131n ve farkl\u0131 bir yerin \u00f6yk\u00fcs\u00fc. Bu bir k\u0131yamet senfonisi.<\/p>\n","protected":false},"excerpt":{"rendered":"<p>Il\u0131k r\u00fczg\u00e2r bir tap\u0131na\u011f\u0131n kar\u015f\u0131s\u0131ndaki evin bah\u00e7esindeki hu\u015f a\u011fac\u0131n\u0131n yapraklar\u0131n\u0131 yalarken bahar\u0131n \u00e7amuruna bulanm\u0131\u015f \u00e7izmeler \u00e7oktan ezilmi\u015f, \u00e7imlerin \u00fcst\u00fcnde ilerliyordu. Bir kirpi ezilmemek i\u00e7in f\u0131t\u0131 f\u0131t\u0131<span class=\"excerpt-hellip\"> [\u2026]<\/span><\/p>\n","protected":false},"featured_media":0,"template":"","meta":{"_monsterinsights_skip_tracking":false,"_monsterinsights_sitenote_active":false,"_monsterinsights_sitenote_note":"","_monsterinsights_sitenote_category":0},"product_brand":[],"product_cat":[12291,14777],"product_tag":[],"class_list":{"0":"post-737381","1":"product","2":"type-product","3":"status-publish","5":"product_cat-edebiyat","6":"product_cat-fantastik","7":"pa_cilt-ciltsiz","8":"pa_tur-kitap","9":"pa_yayinevi-elpis-yayinlari","10":"pa_yazar-erdem-o-hayali","12":"first","13":"instock","14":"sale","15":"shipping-taxable","16":"purchasable","17":"product-type-simple"},"_links":{"self":[{"href":"https:\/\/roveyayinevi.com.tr\/index.php\/wp-json\/wp\/v2\/product\/737381","targetHints":{"allow":["GET"]}}],"collection":[{"href":"https:\/\/roveyayinevi.com.tr\/index.php\/wp-json\/wp\/v2\/product"}],"about":[{"href":"https:\/\/roveyayinevi.com.tr\/index.php\/wp-json\/wp\/v2\/types\/product"}],"wp:attachment":[{"href":"https:\/\/roveyayinevi.com.tr\/index.php\/wp-json\/wp\/v2\/media?parent=737381"}],"wp:term":[{"taxonomy":"product_brand","embeddable":true,"href":"https:\/\/roveyayinevi.com.tr\/index.php\/wp-json\/wp\/v2\/product_brand?post=737381"},{"taxonomy":"product_cat","embeddable":true,"href":"https:\/\/roveyayinevi.com.tr\/index.php\/wp-json\/wp\/v2\/product_cat?post=737381"},{"taxonomy":"product_tag","embeddable":true,"href":"https:\/\/roveyayinevi.com.tr\/index.php\/wp-json\/wp\/v2\/product_tag?post=737381"}],"curies":[{"name":"wp","href":"https:\/\/api.w.org\/{rel}","templated":true}]}}