{"id":737372,"date":"2025-08-27T23:27:00","date_gmt":"2025-08-27T20:27:00","guid":{"rendered":"https:\/\/roveyayinevi.com.tr\/index.php\/urun\/yarim-yamalaklar-adasi\/"},"modified":"2026-04-16T02:46:49","modified_gmt":"2026-04-15T23:46:49","slug":"yarim-yamalaklar-adasi","status":"publish","type":"product","link":"https:\/\/roveyayinevi.com.tr\/index.php\/urun\/yarim-yamalaklar-adasi\/","title":{"rendered":"Yar\u0131m Yamalaklar Adas\u0131"},"content":{"rendered":"<p>Di\u015fsiz bir kurt, \u00e7izgileri olmayan bir zebra, k\u0131sa hortumlu bir fil, g\u00f6zleri g\u00f6rmeyen bir bizon, u\u00e7maktan korkan bir ku\u015f ve s\u00fcrekli y\u00fczlerine vurulan kusurlar\u0131yla kendini d\u0131\u015flanm\u0131\u015f hisseden daha pek \u00e7ok hayvand\u0131 onlar. Ellerine ge\u00e7en bir mektupla, ya\u015fad\u0131klar\u0131 yerden ayr\u0131l\u0131p umut dolu yeni bir hayat i\u00e7in yola \u00e7\u0131kt\u0131lar. Yolculu\u011fun sonunda ula\u015ft\u0131klar\u0131 yer, Yar\u0131m Yamalaklar Adas\u0131\u2019yd\u0131. Onlara daha adil ve \u00f6zg\u00fcr, kimsenin kimseyi hor g\u00f6rmedi\u011fi bir ya\u015fam vadeden adan\u0131n y\u00f6netiminde, Horatio Durane ad\u0131nda bir adam vard\u0131.   Her \u015fey tam da umut ettikleri gibi ba\u015flam\u0131\u015ft\u0131. Kendilerini di\u011ferlerinden \u00fcst\u00fcn g\u00f6rmeyen hayvanlar\u0131n aras\u0131nda, hep birlikte mutlu mesut ya\u015fayacaklar\u0131 i\u00e7in \u00e7ok heyecanl\u0131yd\u0131lar. Horatio\u2019nun b\u00fct\u00fcn emirlerini uygulamak, \u00e7ok \u00e7al\u0131\u015f\u0131p az dinlenmek, \u00e7ok \u00fcretip az beslenmek, ellerinden gelen her fedak\u00e2rl\u0131\u011f\u0131 yapmak; s\u00fcrekli d\u0131\u015flanmaktan ve dalga ge\u00e7ilmekten daha zor olamazd\u0131 ya\u2026   Ama acaba ger\u00e7ekten \u00f6yle miydi?   Dayan\u0131\u015fman\u0131n ve birlik olman\u0131n en i\u00e7ten \u00f6rne\u011fini sunan, farkl\u0131 sebeplerle kendini eksik hissedenlerin bu ac\u0131-tatl\u0131 hik\u00e2yesi; uzun s\u00fcre akl\u0131n\u0131zda yer edecek. <\/p>\n","protected":false},"excerpt":{"rendered":"<p>Di\u015fsiz bir kurt, \u00e7izgileri olmayan bir zebra, k\u0131sa hortumlu bir fil, g\u00f6zleri g\u00f6rmeyen bir bizon, u\u00e7maktan korkan bir ku\u015f ve s\u00fcrekli y\u00fczlerine vurulan kusurlar\u0131yla kendini d\u0131\u015flanm\u0131\u015f<span class=\"excerpt-hellip\"> [\u2026]<\/span><\/p>\n","protected":false},"featured_media":0,"template":"","meta":{"_monsterinsights_skip_tracking":false,"_monsterinsights_sitenote_active":false,"_monsterinsights_sitenote_note":"","_monsterinsights_sitenote_category":0},"product_brand":[],"product_cat":[12275,12274],"product_tag":[],"class_list":{"0":"post-737372","1":"product","2":"type-product","3":"status-publish","5":"product_cat-6-12-yas-kitaplari","6":"product_cat-cocuk-ve-genclik-kitaplari","7":"pa_cilt-ciltsiz","8":"pa_tur-kitap","9":"pa_yayinevi-ithaki-yayinlari","10":"pa_yazar-asli-yertutan","12":"first","13":"instock","14":"sale","15":"shipping-taxable","16":"purchasable","17":"product-type-simple"},"_links":{"self":[{"href":"https:\/\/roveyayinevi.com.tr\/index.php\/wp-json\/wp\/v2\/product\/737372","targetHints":{"allow":["GET"]}}],"collection":[{"href":"https:\/\/roveyayinevi.com.tr\/index.php\/wp-json\/wp\/v2\/product"}],"about":[{"href":"https:\/\/roveyayinevi.com.tr\/index.php\/wp-json\/wp\/v2\/types\/product"}],"wp:attachment":[{"href":"https:\/\/roveyayinevi.com.tr\/index.php\/wp-json\/wp\/v2\/media?parent=737372"}],"wp:term":[{"taxonomy":"product_brand","embeddable":true,"href":"https:\/\/roveyayinevi.com.tr\/index.php\/wp-json\/wp\/v2\/product_brand?post=737372"},{"taxonomy":"product_cat","embeddable":true,"href":"https:\/\/roveyayinevi.com.tr\/index.php\/wp-json\/wp\/v2\/product_cat?post=737372"},{"taxonomy":"product_tag","embeddable":true,"href":"https:\/\/roveyayinevi.com.tr\/index.php\/wp-json\/wp\/v2\/product_tag?post=737372"}],"curies":[{"name":"wp","href":"https:\/\/api.w.org\/{rel}","templated":true}]}}