{"id":737369,"date":"2025-08-27T23:26:56","date_gmt":"2025-08-27T20:26:56","guid":{"rendered":"https:\/\/roveyayinevi.com.tr\/index.php\/urun\/robotlar-ve-imparatorluk-robot-serisi-4-kitap\/"},"modified":"2026-04-16T02:46:49","modified_gmt":"2026-04-15T23:46:49","slug":"robotlar-ve-imparatorluk-robot-serisi-4-kitap","status":"publish","type":"product","link":"https:\/\/roveyayinevi.com.tr\/index.php\/urun\/robotlar-ve-imparatorluk-robot-serisi-4-kitap\/","title":{"rendered":"Robotlar ve \u0130mparatorluk &#8211; Robot Serisi 4. Kitap"},"content":{"rendered":"<p>Bir D\u00fcnyal\u0131 olan Elijah Baley\u2019ye kar\u015f\u0131 ald\u0131\u011f\u0131 k\u00fc\u00e7\u00fck d\u00fc\u015f\u00fcr\u00fcc\u00fc yenilginin \u00fcst\u00fcnden 200 y\u0131l ge\u00e7mi\u015fti ama Keldon Amadiro h\u00e2l\u00e2 intikam arzusuyla doluydu. Ve nihayet, yerle\u015fimcileri galaksinin d\u00f6rt bir yan\u0131na da\u011f\u0131lmaya ba\u015flayan D\u00fcnya gezegenini t\u00fcmden mahvedebilecek plan\u0131 i\u00e7in harekete ge\u00e7meye haz\u0131rd\u0131. Fakat \u00f6l\u00fcm\u00fcnden uzun y\u0131llar sonra bile Dedektif Elijah Baley onun planlar\u0131 i\u00e7in engel te\u015fkil ediyordu. Baley\u2019nin robot orta\u011f\u0131 Daneel ve robot Giskard, D\u00fcnya\u2019y\u0131 kurtarabilecek yeg\u00e2ne varl\u0131klard\u0131. Amadiro bu ikiliye kar\u015f\u0131 \u00dc\u00e7 Robot Kanunu\u2019na g\u00fcveniyordu ama bu konuda onu bir s\u00fcrpriz bekliyordu&#8230;<\/p>\n","protected":false},"excerpt":{"rendered":"<p>Bir D\u00fcnyal\u0131 olan Elijah Baley\u2019ye kar\u015f\u0131 ald\u0131\u011f\u0131 k\u00fc\u00e7\u00fck d\u00fc\u015f\u00fcr\u00fcc\u00fc yenilginin \u00fcst\u00fcnden 200 y\u0131l ge\u00e7mi\u015fti ama Keldon Amadiro h\u00e2l\u00e2 intikam arzusuyla doluydu. Ve nihayet, yerle\u015fimcileri galaksinin d\u00f6rt<span class=\"excerpt-hellip\"> [\u2026]<\/span><\/p>\n","protected":false},"featured_media":0,"template":"","meta":{"_monsterinsights_skip_tracking":false,"_monsterinsights_sitenote_active":false,"_monsterinsights_sitenote_note":"","_monsterinsights_sitenote_category":0},"product_brand":[],"product_cat":[12540,12291],"product_tag":[],"class_list":{"0":"post-737369","1":"product","2":"type-product","3":"status-publish","5":"product_cat-bilim-kurgu","6":"product_cat-edebiyat","7":"pa_cilt-ciltsiz","8":"pa_tur-kitap","9":"pa_yayinevi-ithaki-yayinlari","10":"pa_yazar-isaac-asimov","12":"first","13":"instock","14":"sale","15":"shipping-taxable","16":"purchasable","17":"product-type-simple"},"_links":{"self":[{"href":"https:\/\/roveyayinevi.com.tr\/index.php\/wp-json\/wp\/v2\/product\/737369","targetHints":{"allow":["GET"]}}],"collection":[{"href":"https:\/\/roveyayinevi.com.tr\/index.php\/wp-json\/wp\/v2\/product"}],"about":[{"href":"https:\/\/roveyayinevi.com.tr\/index.php\/wp-json\/wp\/v2\/types\/product"}],"wp:attachment":[{"href":"https:\/\/roveyayinevi.com.tr\/index.php\/wp-json\/wp\/v2\/media?parent=737369"}],"wp:term":[{"taxonomy":"product_brand","embeddable":true,"href":"https:\/\/roveyayinevi.com.tr\/index.php\/wp-json\/wp\/v2\/product_brand?post=737369"},{"taxonomy":"product_cat","embeddable":true,"href":"https:\/\/roveyayinevi.com.tr\/index.php\/wp-json\/wp\/v2\/product_cat?post=737369"},{"taxonomy":"product_tag","embeddable":true,"href":"https:\/\/roveyayinevi.com.tr\/index.php\/wp-json\/wp\/v2\/product_tag?post=737369"}],"curies":[{"name":"wp","href":"https:\/\/api.w.org\/{rel}","templated":true}]}}