{"id":737368,"date":"2025-08-27T23:26:55","date_gmt":"2025-08-27T20:26:55","guid":{"rendered":"https:\/\/roveyayinevi.com.tr\/index.php\/urun\/meksika-gotigi\/"},"modified":"2026-04-16T02:46:49","modified_gmt":"2026-04-15T23:46:49","slug":"meksika-gotigi","status":"publish","type":"product","link":"https:\/\/roveyayinevi.com.tr\/index.php\/urun\/meksika-gotigi\/","title":{"rendered":"Meksika Goti\u011fi"},"content":{"rendered":"<p>Locus En \u0130yi Korku Roman\u0131 \u00d6d\u00fcl\u00fc \/ Britanya Fantazi En \u0130yi Korku Roman\u0131 \u00d6d\u00fcl\u00fc   The New Yorker, Vanity Fair, NPR, The Washington Post, Tor.com, Marie Claire, Vox ve Book Riot\u2019a G\u00f6re Yay\u0131mland\u0131\u011f\u0131 Y\u0131l\u0131n En \u0130yi Kitaplar\u0131ndan   1950\u2019lerin Meksika\u2019s\u0131nda sosyetenin gen\u00e7 g\u00f6zdelerinden Noem\u00ed Taboada g\u00f6nl\u00fcn\u00fcn istedi\u011fi gibi ya\u015f\u0131yor, e\u011fleniyordu. Ancak yeni evlenen kuzeninden gelen mektupta okuduklar\u0131 onu afallatacakt\u0131. E\u015finin onu zehirledi\u011fini d\u00fc\u015f\u00fcnen ve birinin ona yard\u0131m etmesi i\u00e7in yalvaran kuzeni Catalina\u2019y\u0131 g\u00f6rmeye, kentten uzakta bir malik\u00e2ne olan Doruk Mevki\u2019ye do\u011fru yola \u00e7\u0131kan Noem\u00ed oraya vard\u0131\u011f\u0131nda ne bulaca\u011f\u0131ndan emin de\u011fildi. Kuzeninin e\u015fini ve adam\u0131n varl\u0131kl\u0131 ailesini tan\u0131m\u0131yordu, gidece\u011fi b\u00f6lge hakk\u0131nda da \u00e7ok az bilgisi vard\u0131.   \u015e\u0131k k\u0131yafetleri ve k\u0131rm\u0131z\u0131 rujuyla kokteyl partilerine kat\u0131lmaya daha \u00e7ok al\u0131\u015fk\u0131n olsa da \u00f6n\u00fcne \u00e7\u0131kan hi\u00e7bir zorluktan \u00e7ekinmeyen Noem\u00ed, kuzenini kurtarmak i\u00e7in elinden geleni yapacak, Catalina\u2019n\u0131n hem yak\u0131\u015f\u0131kl\u0131 hem de korkutucu e\u015fi Virgil de, ona fazlas\u0131yla ilgi g\u00f6steren ailenin ihtiyar reisi Howard Doyle da g\u00f6z\u00fcn\u00fc korkutamayacakt\u0131. Fakat duvarlar\u0131n ard\u0131nda pek \u00e7ok s\u0131r saklayan evin kendisinin, Doruk Mevki\u2019nin Noem\u00ed\u2019ye oynayaca\u011f\u0131 oyunlar yeni ba\u015fl\u0131yordu. Kan ile \u015fiddet, r\u00fcya ve ger\u00e7ek, delilik ve akl\u0131selim birbirine girecek, yeralt\u0131na g\u00f6m\u00fcl\u00fc mazi \u00f6yle ya da b\u00f6yle intikam i\u00e7in tekrar y\u00fczeye \u00e7\u0131kacakt\u0131.   Ye\u015fimin ve G\u00f6lgenin Tanr\u0131lar\u0131\u2019n\u0131n \u00f6d\u00fcll\u00fc yazar\u0131 Silvia MorenoGarcia\u2019dan Meksika Goti\u011fi, t\u00fcr\u00fcn al\u0131\u015f\u0131ld\u0131k yap\u0131s\u0131na \u00e7a\u011fda\u015f bir bak\u0131\u015f a\u00e7\u0131s\u0131 sunan, k\u00e2bus tekinsizli\u011fine sahip bir roman.   \u201cBir ustal\u0131k eseri&#8230; kasveti g\u00f6rkemli bir macera, korkutucu, ak\u0131ll\u0131 ve alayc\u0131. Noem\u00ed Taboada gizem, skandal ve hayaletlerle dolu bu d\u00fcnyada muhte\u015fem bir k\u0131lavuz.\u201d \u2013Victor LaValle   \u201cMeksika Goti\u011fi hem \u00f6d\u00fcm\u00fc kopard\u0131 hem de akl\u0131m\u0131 ald\u0131. Silvia MorenoGarcia bir kere daha t\u00fcrden t\u00fcre atlayabilen bir b\u00fcy\u00fcc\u00fc oldu\u011funu kan\u0131tl\u0131yor, g\u00fcn\u00fcm\u00fcz\u00fcn en heyecan verici yazarlar\u0131ndan.\u201d \u2013Charlie Jane Anders <\/p>\n","protected":false},"excerpt":{"rendered":"<p>Locus En \u0130yi Korku Roman\u0131 \u00d6d\u00fcl\u00fc \/ Britanya Fantazi En \u0130yi Korku Roman\u0131 \u00d6d\u00fcl\u00fc The New Yorker, Vanity Fair, NPR, The Washington Post, Tor.com, Marie Claire,<span class=\"excerpt-hellip\"> [\u2026]<\/span><\/p>\n","protected":false},"featured_media":0,"template":"","meta":{"_monsterinsights_skip_tracking":false,"_monsterinsights_sitenote_active":false,"_monsterinsights_sitenote_note":"","_monsterinsights_sitenote_category":0},"product_brand":[],"product_cat":[12291,17033],"product_tag":[],"class_list":{"0":"post-737368","1":"product","2":"type-product","3":"status-publish","5":"product_cat-edebiyat","6":"product_cat-korku-gerilim","7":"pa_cilt-ciltsiz","8":"pa_tur-kitap","9":"pa_yayinevi-ithaki-yayinlari","10":"pa_yazar-silvia-moreno-garcia","12":"first","13":"instock","14":"sale","15":"shipping-taxable","16":"purchasable","17":"product-type-simple"},"_links":{"self":[{"href":"https:\/\/roveyayinevi.com.tr\/index.php\/wp-json\/wp\/v2\/product\/737368","targetHints":{"allow":["GET"]}}],"collection":[{"href":"https:\/\/roveyayinevi.com.tr\/index.php\/wp-json\/wp\/v2\/product"}],"about":[{"href":"https:\/\/roveyayinevi.com.tr\/index.php\/wp-json\/wp\/v2\/types\/product"}],"wp:attachment":[{"href":"https:\/\/roveyayinevi.com.tr\/index.php\/wp-json\/wp\/v2\/media?parent=737368"}],"wp:term":[{"taxonomy":"product_brand","embeddable":true,"href":"https:\/\/roveyayinevi.com.tr\/index.php\/wp-json\/wp\/v2\/product_brand?post=737368"},{"taxonomy":"product_cat","embeddable":true,"href":"https:\/\/roveyayinevi.com.tr\/index.php\/wp-json\/wp\/v2\/product_cat?post=737368"},{"taxonomy":"product_tag","embeddable":true,"href":"https:\/\/roveyayinevi.com.tr\/index.php\/wp-json\/wp\/v2\/product_tag?post=737368"}],"curies":[{"name":"wp","href":"https:\/\/api.w.org\/{rel}","templated":true}]}}