{"id":737351,"date":"2025-08-27T23:26:35","date_gmt":"2025-08-27T20:26:35","guid":{"rendered":"https:\/\/roveyayinevi.com.tr\/index.php\/urun\/llama-llama-ve-sansli-pijama\/"},"modified":"2026-04-16T02:46:47","modified_gmt":"2026-04-15T23:46:47","slug":"llama-llama-ve-sansli-pijama","status":"publish","type":"product","link":"https:\/\/roveyayinevi.com.tr\/index.php\/urun\/llama-llama-ve-sansli-pijama\/","title":{"rendered":"Llama Llama ve \u015eansl\u0131 Pijama"},"content":{"rendered":"<p>Bug\u00fcn Llama Llama\u2019n\u0131n \u015fansl\u0131 g\u00fcn\u00fc! Oyunlar\u0131 kazan\u0131yor, att\u0131\u011f\u0131 \u015futlar basket oluyor ve hatta tostunu bile her zamanki gibi yakm\u0131yor. T\u00fcm bunlar\u0131n \u015fansl\u0131 pijamas\u0131 sayesinde oldu\u011funu d\u00fc\u015f\u00fcn\u00fcyor. Peki ya i\u015fler yine ters giderse? Sizce Llama i\u015fleri tekrar yoluna koymay\u0131 ba\u015farabilecek mi?   Bu kitapta neler var? Aile ve Sevgi Hayal G\u00fcc\u00fc ve Yarat\u0131c\u0131l\u0131k Arkadasl\u0131k ve Dayan\u0131sma  <\/p>\n","protected":false},"excerpt":{"rendered":"<p>Bug\u00fcn Llama Llama\u2019n\u0131n \u015fansl\u0131 g\u00fcn\u00fc! Oyunlar\u0131 kazan\u0131yor, att\u0131\u011f\u0131 \u015futlar basket oluyor ve hatta tostunu bile her zamanki gibi yakm\u0131yor. T\u00fcm bunlar\u0131n \u015fansl\u0131 pijamas\u0131 sayesinde oldu\u011funu d\u00fc\u015f\u00fcn\u00fcyor.<span class=\"excerpt-hellip\"> [\u2026]<\/span><\/p>\n","protected":false},"featured_media":0,"template":"","meta":{"_monsterinsights_skip_tracking":false,"_monsterinsights_sitenote_active":false,"_monsterinsights_sitenote_note":"","_monsterinsights_sitenote_category":0},"product_brand":[],"product_cat":[12274,12518],"product_tag":[],"class_list":{"0":"post-737351","1":"product","2":"type-product","3":"status-publish","5":"product_cat-cocuk-ve-genclik-kitaplari","6":"product_cat-okul-oncesi-kitaplar","7":"pa_cilt-ciltsiz","8":"pa_tur-kitap","9":"pa_yayinevi-mundi","10":"pa_yazar-anna-dewdney","12":"first","13":"instock","14":"sale","15":"shipping-taxable","16":"purchasable","17":"product-type-simple"},"_links":{"self":[{"href":"https:\/\/roveyayinevi.com.tr\/index.php\/wp-json\/wp\/v2\/product\/737351","targetHints":{"allow":["GET"]}}],"collection":[{"href":"https:\/\/roveyayinevi.com.tr\/index.php\/wp-json\/wp\/v2\/product"}],"about":[{"href":"https:\/\/roveyayinevi.com.tr\/index.php\/wp-json\/wp\/v2\/types\/product"}],"wp:attachment":[{"href":"https:\/\/roveyayinevi.com.tr\/index.php\/wp-json\/wp\/v2\/media?parent=737351"}],"wp:term":[{"taxonomy":"product_brand","embeddable":true,"href":"https:\/\/roveyayinevi.com.tr\/index.php\/wp-json\/wp\/v2\/product_brand?post=737351"},{"taxonomy":"product_cat","embeddable":true,"href":"https:\/\/roveyayinevi.com.tr\/index.php\/wp-json\/wp\/v2\/product_cat?post=737351"},{"taxonomy":"product_tag","embeddable":true,"href":"https:\/\/roveyayinevi.com.tr\/index.php\/wp-json\/wp\/v2\/product_tag?post=737351"}],"curies":[{"name":"wp","href":"https:\/\/api.w.org\/{rel}","templated":true}]}}