{"id":737348,"date":"2025-08-27T23:26:32","date_gmt":"2025-08-27T20:26:32","guid":{"rendered":"https:\/\/roveyayinevi.com.tr\/index.php\/urun\/ekonomi-demokrasi-siyaset-iliskisi\/"},"modified":"2026-01-29T03:18:13","modified_gmt":"2026-01-29T00:18:13","slug":"ekonomi-demokrasi-siyaset-iliskisi","status":"publish","type":"product","link":"https:\/\/roveyayinevi.com.tr\/index.php\/urun\/ekonomi-demokrasi-siyaset-iliskisi\/","title":{"rendered":"Ekonomi &#8211; Demokrasi &#8211; Siyaset \u0130li\u015fkisi"},"content":{"rendered":"<p>\u0130\u015f d\u00fcnyas\u0131n\u0131n i\u00e7inden bir ses olarak Mustafa G\u00fcler\u2019in bu kapsaml\u0131 \u00e7al\u0131\u015fmas\u0131n\u0131n dikkat \u00e7ekici \u00f6zelliklerinden birisi, T\u00fcrkiye\u2019nin yak\u0131n iktisadi ve politik tarihini bir \u00f6l\u00e7\u00fcde k\u00fclt\u00fcrel ve sosyolojik ba\u011flamlar\u0131yla da ele alm\u0131\u015f olmas\u0131d\u0131r. \u00c7al\u0131\u015fma, bu anlamda politika-iktisat ve tarih alan\u0131 ile sosyolojinin ili\u015fkisini gayet ba\u015far\u0131l\u0131 bir bi\u00e7imde kurmaktad\u0131r. Ayr\u0131ca dosyan\u0131n veri ve bilgi y\u00f6n\u00fcnden zengin niteli\u011fi okuyucuya, yak\u0131n tarihi anlamay\u0131 m\u00fcmk\u00fcn k\u0131lacak hemen b\u00fct\u00fcn par\u00e7alar\u0131 g\u00f6rme imkan\u0131 sa\u011flamaktad\u0131r. Bu durum okuyucuya, veri ve bilgi par\u00e7alar\u0131n\u0131n yerlerini de\u011fi\u015ftirerek ba\u015fka t\u00fcr bir okuma imkan\u0131 da vermektedir. Dolay\u0131s\u0131yla okuyucunun s\u00f6z konusu tarihe yeni\/ba\u015fka anlamlar y\u00fcklemesi de m\u00fcmk\u00fcnd\u00fcr. \u00d6zetle bu kitap T\u00fcrkiye\u2019nin yak\u0131n iktisadi-politik-sosyolojik ahvalini birlikte ve daha kapsaml\u0131 bir tart\u0131\u015fmaya y\u00f6nelik davet olarak d\u00fc\u015f\u00fcn\u00fclmelidir. \u015e\u00fckr\u00fc Aslan <\/p>\n","protected":false},"excerpt":{"rendered":"<p>\u0130\u015f d\u00fcnyas\u0131n\u0131n i\u00e7inden bir ses olarak Mustafa G\u00fcler\u2019in bu kapsaml\u0131 \u00e7al\u0131\u015fmas\u0131n\u0131n dikkat \u00e7ekici \u00f6zelliklerinden birisi, T\u00fcrkiye\u2019nin yak\u0131n iktisadi ve politik tarihini bir \u00f6l\u00e7\u00fcde k\u00fclt\u00fcrel ve sosyolojik<span class=\"excerpt-hellip\"> [\u2026]<\/span><\/p>\n","protected":false},"featured_media":0,"template":"","meta":{"_monsterinsights_skip_tracking":false,"_monsterinsights_sitenote_active":false,"_monsterinsights_sitenote_note":"","_monsterinsights_sitenote_category":0},"product_brand":[],"product_cat":[13590,12337],"product_tag":[],"class_list":{"0":"post-737348","1":"product","2":"type-product","3":"status-publish","5":"product_cat-arastirma-inceleme-politika-siyaset","6":"product_cat-politika-siyaset","7":"pa_cilt-ciltsiz","8":"pa_tur-kitap","9":"pa_yayinevi-utopya-yayinevi","10":"pa_yazar-mustafa-guler","12":"first","13":"instock","14":"sale","15":"shipping-taxable","16":"purchasable","17":"product-type-simple"},"_links":{"self":[{"href":"https:\/\/roveyayinevi.com.tr\/index.php\/wp-json\/wp\/v2\/product\/737348","targetHints":{"allow":["GET"]}}],"collection":[{"href":"https:\/\/roveyayinevi.com.tr\/index.php\/wp-json\/wp\/v2\/product"}],"about":[{"href":"https:\/\/roveyayinevi.com.tr\/index.php\/wp-json\/wp\/v2\/types\/product"}],"wp:attachment":[{"href":"https:\/\/roveyayinevi.com.tr\/index.php\/wp-json\/wp\/v2\/media?parent=737348"}],"wp:term":[{"taxonomy":"product_brand","embeddable":true,"href":"https:\/\/roveyayinevi.com.tr\/index.php\/wp-json\/wp\/v2\/product_brand?post=737348"},{"taxonomy":"product_cat","embeddable":true,"href":"https:\/\/roveyayinevi.com.tr\/index.php\/wp-json\/wp\/v2\/product_cat?post=737348"},{"taxonomy":"product_tag","embeddable":true,"href":"https:\/\/roveyayinevi.com.tr\/index.php\/wp-json\/wp\/v2\/product_tag?post=737348"}],"curies":[{"name":"wp","href":"https:\/\/api.w.org\/{rel}","templated":true}]}}