{"id":737340,"date":"2025-08-27T23:26:22","date_gmt":"2025-08-27T20:26:22","guid":{"rendered":"https:\/\/roveyayinevi.com.tr\/index.php\/urun\/zaman-tuneliyle-sumere-yolculuk\/"},"modified":"2026-04-16T02:46:47","modified_gmt":"2026-04-15T23:46:47","slug":"zaman-tuneliyle-sumere-yolculuk","status":"publish","type":"product","link":"https:\/\/roveyayinevi.com.tr\/index.php\/urun\/zaman-tuneliyle-sumere-yolculuk\/","title":{"rendered":"Zaman T\u00fcneliyle S\u00fcmer&#8217;e Yolculuk"},"content":{"rendered":"<p>Muazzez \u0130lmiye \u00c7i\u011f \u0130le Sumer Uygarl\u0131\u011f\u0131\u2019na Do\u011fru Bir Yolculu\u011fa \u00c7\u0131kmaya Ne Dersiniz?Sizleri Sumer\u2019de \u0130ki Ya\u015f\u0131t\u0131n\u0131z Kar\u015f\u0131layacak. Adlar\u0131 Ludingirra Ve Dada.Bizlerden Tam 4000 Y\u0131l \u00d6nce Ya\u015fam\u0131\u015flar.Ama Ya\u015fad\u0131klar\u0131 Sorunlardan Duygular\u0131na,D\u00fc\u015f\u00fcncelerine Kadar Bize \u00d6ylesine Benziyorlar Ki\u2026Gelin Onlarla Birlikte Bizden Binlerce Y\u0131l \u00d6nce Ya\u015fam\u0131\u015fBu B\u00fcy\u00fck Uygarl\u0131\u011f\u0131 Tan\u0131yal\u0131m.\u201cSumerlilerin Asya Topraklarindan G\u00f6\u00e7 Etmeleri NedeniyleT\u00fcrklerle \u0130li\u015fkileri Olabilece\u011fini D\u00fc\u015f\u00fcnen B\u00fcy\u00fck Atat\u00fcrk,Sumer Dili Ve K\u00fclt\u00fcr\u00fcn\u00fcn \u00dclkemizde Taninmasini \u0130stiyordu.Bu Nedenle Sumeroloji E\u011fitimini Ba\u015flatti. Bu K\u00fc\u00e7\u00fck Kitap,\u0130stanbul Arkeoloji M\u00fczeleri \u00c7iviyazili Belgeler Ar\u015fivi\u2019ndeOn Binlerce Sumer Tableti \u00dczerinde Uzun Yillar Yapti\u011fim \u00c7ali\u015fmalarin\u00c7ocuklarimiza Ve Halkimiza Sundu\u011fum Birer K\u00fc\u00e7\u00fck \u00dcr\u00fcn\u00fcd\u00fcr.\u201d                                                                                                Muazzez \u0130lmiye \u00c7i\u011f<\/p>\n","protected":false},"excerpt":{"rendered":"<p>Muazzez \u0130lmiye \u00c7i\u011f \u0130le Sumer Uygarl\u0131\u011f\u0131\u2019na Do\u011fru Bir Yolculu\u011fa \u00c7\u0131kmaya Ne Dersiniz?Sizleri Sumer\u2019de \u0130ki Ya\u015f\u0131t\u0131n\u0131z Kar\u015f\u0131layacak. Adlar\u0131 Ludingirra Ve Dada.Bizlerden Tam 4000 Y\u0131l \u00d6nce Ya\u015fam\u0131\u015flar.Ama Ya\u015fad\u0131klar\u0131<span class=\"excerpt-hellip\"> [\u2026]<\/span><\/p>\n","protected":false},"featured_media":0,"template":"","meta":{"_monsterinsights_skip_tracking":false,"_monsterinsights_sitenote_active":false,"_monsterinsights_sitenote_note":"","_monsterinsights_sitenote_category":0},"product_brand":[],"product_cat":[12275,12274],"product_tag":[],"class_list":{"0":"post-737340","1":"product","2":"type-product","3":"status-publish","5":"product_cat-6-12-yas-kitaplari","6":"product_cat-cocuk-ve-genclik-kitaplari","7":"pa_cilt-ciltsiz","8":"pa_tur-kitap","9":"pa_yayinevi-boyalikus-yayinlari","10":"pa_yazar-muazzez-ilmiye-cig","12":"first","13":"instock","14":"sale","15":"shipping-taxable","16":"purchasable","17":"product-type-simple"},"_links":{"self":[{"href":"https:\/\/roveyayinevi.com.tr\/index.php\/wp-json\/wp\/v2\/product\/737340","targetHints":{"allow":["GET"]}}],"collection":[{"href":"https:\/\/roveyayinevi.com.tr\/index.php\/wp-json\/wp\/v2\/product"}],"about":[{"href":"https:\/\/roveyayinevi.com.tr\/index.php\/wp-json\/wp\/v2\/types\/product"}],"wp:attachment":[{"href":"https:\/\/roveyayinevi.com.tr\/index.php\/wp-json\/wp\/v2\/media?parent=737340"}],"wp:term":[{"taxonomy":"product_brand","embeddable":true,"href":"https:\/\/roveyayinevi.com.tr\/index.php\/wp-json\/wp\/v2\/product_brand?post=737340"},{"taxonomy":"product_cat","embeddable":true,"href":"https:\/\/roveyayinevi.com.tr\/index.php\/wp-json\/wp\/v2\/product_cat?post=737340"},{"taxonomy":"product_tag","embeddable":true,"href":"https:\/\/roveyayinevi.com.tr\/index.php\/wp-json\/wp\/v2\/product_tag?post=737340"}],"curies":[{"name":"wp","href":"https:\/\/api.w.org\/{rel}","templated":true}]}}