{"id":737337,"date":"2025-08-27T23:26:18","date_gmt":"2025-08-27T20:26:18","guid":{"rendered":"https:\/\/roveyayinevi.com.tr\/index.php\/urun\/kanli-oda\/"},"modified":"2026-04-16T02:46:46","modified_gmt":"2026-04-15T23:46:46","slug":"kanli-oda","status":"publish","type":"product","link":"https:\/\/roveyayinevi.com.tr\/index.php\/urun\/kanli-oda\/","title":{"rendered":"Kanl\u0131 Oda"},"content":{"rendered":"<p>Halk hik\u00e2yelerinde ve masallarda karart\u0131l\u0131p g\u00f6rmezden gelinen arzular, lanetlenmi\u015f di\u015fil enerji ve kad\u0131n cinselli\u011fi; Kanl\u0131 Oda&#8217;da Angela Carter&#8217;\u0131n fantastik, gotik ve b\u00fcy\u00fcl\u00fc ger\u00e7ek\u00e7i dokunu\u015flar\u0131yla t\u0131pk\u0131 bir prizmadan yans\u0131rcas\u0131na \u0131\u015f\u0131yor.Mitlerdeki feminist ele\u015ftiriye tabi tutulan toplumsal cinsiyet kal\u0131plar\u0131 yaln\u0131zca i\u00e7erik\u00e7e de\u011fil, bi\u00e7em ve karakterler ba\u011flam\u0131nda da tersy\u00fcz ediliyor: K\u0131rm\u0131z\u0131 Ba\u015fl\u0131kl\u0131 K\u0131z, \u00c7izmeli Kedi, Mavi Sakal, G\u00fczel ve \u00c7irkin, Pamuk Prenses, Kont Drakula&#8230; Carter, her birini yap\u0131s\u00f6k\u00fcme u\u011fratarak Bront\u00eb Karde\u015fler&#8217;den ve Poe&#8217;dan ald\u0131\u011f\u0131 ilhamla, kad\u0131n yaz\u0131n\u0131nda \u00e7\u0131\u011f\u0131r a\u00e7an Jeanette Winterson, Margaret Atwood ve Clarissa Pinkola Est\u00e9s&#8217;e uzanan sonsuz bir k\u00f6pr\u00fcn\u00fcn temellerini at\u0131yor.Beyaz atl\u0131 prensler eyerlerinden \u00e7oktan d\u00fc\u015ft\u00fc; ve s\u00f6z\u00fc kad\u0131nlar ald\u0131..<\/p>\n","protected":false},"excerpt":{"rendered":"<p>Halk hik\u00e2yelerinde ve masallarda karart\u0131l\u0131p g\u00f6rmezden gelinen arzular, lanetlenmi\u015f di\u015fil enerji ve kad\u0131n cinselli\u011fi; Kanl\u0131 Oda&#8217;da Angela Carter&#8217;\u0131n fantastik, gotik ve b\u00fcy\u00fcl\u00fc ger\u00e7ek\u00e7i dokunu\u015flar\u0131yla t\u0131pk\u0131 bir<span class=\"excerpt-hellip\"> [\u2026]<\/span><\/p>\n","protected":false},"featured_media":0,"template":"","meta":{"_monsterinsights_skip_tracking":false,"_monsterinsights_sitenote_active":false,"_monsterinsights_sitenote_note":"","_monsterinsights_sitenote_category":0},"product_brand":[],"product_cat":[12291,12711],"product_tag":[],"class_list":{"0":"post-737337","1":"product","2":"type-product","3":"status-publish","5":"product_cat-edebiyat","6":"product_cat-roman-oyku","7":"pa_cilt-ciltsiz","8":"pa_tur-kitap","9":"pa_yayinevi-sel-yayincilik","10":"pa_yazar-angela-carter","12":"first","13":"instock","14":"sale","15":"shipping-taxable","16":"purchasable","17":"product-type-simple"},"_links":{"self":[{"href":"https:\/\/roveyayinevi.com.tr\/index.php\/wp-json\/wp\/v2\/product\/737337","targetHints":{"allow":["GET"]}}],"collection":[{"href":"https:\/\/roveyayinevi.com.tr\/index.php\/wp-json\/wp\/v2\/product"}],"about":[{"href":"https:\/\/roveyayinevi.com.tr\/index.php\/wp-json\/wp\/v2\/types\/product"}],"wp:attachment":[{"href":"https:\/\/roveyayinevi.com.tr\/index.php\/wp-json\/wp\/v2\/media?parent=737337"}],"wp:term":[{"taxonomy":"product_brand","embeddable":true,"href":"https:\/\/roveyayinevi.com.tr\/index.php\/wp-json\/wp\/v2\/product_brand?post=737337"},{"taxonomy":"product_cat","embeddable":true,"href":"https:\/\/roveyayinevi.com.tr\/index.php\/wp-json\/wp\/v2\/product_cat?post=737337"},{"taxonomy":"product_tag","embeddable":true,"href":"https:\/\/roveyayinevi.com.tr\/index.php\/wp-json\/wp\/v2\/product_tag?post=737337"}],"curies":[{"name":"wp","href":"https:\/\/api.w.org\/{rel}","templated":true}]}}