{"id":737334,"date":"2025-08-27T23:26:14","date_gmt":"2025-08-27T20:26:14","guid":{"rendered":"https:\/\/roveyayinevi.com.tr\/index.php\/urun\/mahfuz\/"},"modified":"2026-04-12T02:52:06","modified_gmt":"2026-04-11T23:52:06","slug":"mahfuz","status":"publish","type":"product","link":"https:\/\/roveyayinevi.com.tr\/index.php\/urun\/mahfuz\/","title":{"rendered":"Mahfuz"},"content":{"rendered":"<p>Ey \u00c2demo\u011flu! O elma zehirli, h\u00e2l\u00e2 anlamad\u0131n m\u0131?   Bunca kaos ortam\u0131, yang\u0131nlar, hastal\u0131klar, iflaslar, \u00f6l\u00fcmler, depremler, seller, afetler ve a\u00e7l\u0131k seni neye haz\u0131rlamak i\u00e7in?   Bizlerden neyi sakl\u0131yorlar? Akl\u0131n\u0131n kontrol\u00fcn\u00fc kaybeden herkes \u201cneye inanaca\u011f\u0131m\u0131z\u0131 \u015fa\u015f\u0131rd\u0131k\u201d diyerek denize d\u00fc\u015ft\u00fc ve y\u0131lana sar\u0131ld\u0131. Oysa zehir \u015fifayd\u0131, plan ise y\u0131lan.   Yalan da y\u0131land\u0131 ve o da \u015feytana aitti.   Bir \u015feyi anlamay\u0131p ink\u00e2r etti\u011finizde o \u015feyin esaretinden de kurtulamazs\u0131n\u0131z. O y\u00fczden ba\u015f\u0131m\u0131za gelen her \u015feyin olanlara bir bahane olabilece\u011fini \u00f6nce bir anla ve ba\u015fla.   Oku!   Susma, durma, hakk\u0131n\u0131 ara, inan, niyet et, dua et, \u00e7al\u0131\u015f, irade g\u00f6ster, harekete ge\u00e7, anla ve uyan!   ***Art\u0131k ismimi de\u011fi\u015ftirmek i\u00e7in \u00e7ok ge\u00e7. Geri d\u00f6nmek i\u00e7in de \u00f6yle. Nerede ne ne yap\u0131yorum, neciyim\u2026 Hi\u00e7bir \u015fey i\u00e7in geriye d\u00f6n\u00fc\u015f yok. Senin i\u00e7in de \u00f6yle! Bizi yok etmek i\u00e7in her \u015feyi yapacaklar. Madem bu d\u00fcnya ve bu vatan bizim, o zaman onlara nas\u0131l sava\u015f\u0131laca\u011f\u0131n\u0131 g\u00f6sterelim!   ***   G\u00fcl, dalga ge\u00e7, alaya al, inanma ama silkelen!   Sen uyursan savunmas\u0131z insanlar mahsun olur, aileler y\u0131k\u0131l\u0131r, tabiat bozulur, \u00f6l\u00fcmler artar, hastal\u0131klar boyut de\u011fi\u015ftirir. Yang\u0131nlar \u00e7o\u011fal\u0131r, iklimler bozulur, deprem ve tsunamiler her \u015feyi al\u0131r g\u00f6t\u00fcr\u00fcr. \u0130nsanl\u0131k susuz kal\u0131r, a\u00e7 kal\u0131r, k\u00f6le olur ve \u015feytan\u0131n elinde yok olur gider!   Sen uyursan, her \u015fey mahfuz kal\u0131r! <\/p>\n","protected":false},"excerpt":{"rendered":"<p>Ey \u00c2demo\u011flu! O elma zehirli, h\u00e2l\u00e2 anlamad\u0131n m\u0131? Bunca kaos ortam\u0131, yang\u0131nlar, hastal\u0131klar, iflaslar, \u00f6l\u00fcmler, depremler, seller, afetler ve a\u00e7l\u0131k seni neye haz\u0131rlamak i\u00e7in? Bizlerden neyi<span class=\"excerpt-hellip\"> [\u2026]<\/span><\/p>\n","protected":false},"featured_media":0,"template":"","meta":{"_monsterinsights_skip_tracking":false,"_monsterinsights_sitenote_active":false,"_monsterinsights_sitenote_note":"","_monsterinsights_sitenote_category":0},"product_brand":[],"product_cat":[12364,12376],"product_tag":[],"class_list":{"0":"post-737334","1":"product","2":"type-product","3":"status-publish","5":"product_cat-genel-konular","6":"product_cat-kisisel-gelisim","7":"pa_cilt-ciltsiz","8":"pa_tur-kitap","9":"pa_yayinevi-hayykitap","10":"pa_yazar-eray-haciosmanoglu","12":"first","13":"instock","14":"sale","15":"shipping-taxable","16":"purchasable","17":"product-type-simple"},"_links":{"self":[{"href":"https:\/\/roveyayinevi.com.tr\/index.php\/wp-json\/wp\/v2\/product\/737334","targetHints":{"allow":["GET"]}}],"collection":[{"href":"https:\/\/roveyayinevi.com.tr\/index.php\/wp-json\/wp\/v2\/product"}],"about":[{"href":"https:\/\/roveyayinevi.com.tr\/index.php\/wp-json\/wp\/v2\/types\/product"}],"wp:attachment":[{"href":"https:\/\/roveyayinevi.com.tr\/index.php\/wp-json\/wp\/v2\/media?parent=737334"}],"wp:term":[{"taxonomy":"product_brand","embeddable":true,"href":"https:\/\/roveyayinevi.com.tr\/index.php\/wp-json\/wp\/v2\/product_brand?post=737334"},{"taxonomy":"product_cat","embeddable":true,"href":"https:\/\/roveyayinevi.com.tr\/index.php\/wp-json\/wp\/v2\/product_cat?post=737334"},{"taxonomy":"product_tag","embeddable":true,"href":"https:\/\/roveyayinevi.com.tr\/index.php\/wp-json\/wp\/v2\/product_tag?post=737334"}],"curies":[{"name":"wp","href":"https:\/\/api.w.org\/{rel}","templated":true}]}}