{"id":737323,"date":"2025-08-27T23:26:01","date_gmt":"2025-08-27T20:26:01","guid":{"rendered":"https:\/\/roveyayinevi.com.tr\/index.php\/urun\/gulun-dikeni-2\/"},"modified":"2026-04-16T02:46:46","modified_gmt":"2026-04-15T23:46:46","slug":"gulun-dikeni-2","status":"publish","type":"product","link":"https:\/\/roveyayinevi.com.tr\/index.php\/urun\/gulun-dikeni-2\/","title":{"rendered":"G\u00fcl\u00fcn Dikeni"},"content":{"rendered":"<p>O, bu kitab\u0131 kendi deyimiyle \u201cya\u015fama devam etmek i\u00e7in\u201d yazm\u0131\u015f, \u201cintikam almak i\u00e7in de\u011fil O, bu kitab\u0131 kendi deyimiyle ya\u015fama devam etmek i\u00e7in yazm\u0131\u015f, intikam almak i\u00e7in de\u011fil. Almanya&#8217;n\u0131n adalet mekanizmas\u0131 ve cezaevlerini, hayat\u0131nda bug\u00fcne kadar ya\u015fanmas\u0131na ihtimal vermedi\u011fimiz olaylar\u0131 anlat\u0131yor. G\u00fcn\u00fcm\u00fcz T\u00fcrkiye&#8217;sinde kad\u0131n haklar\u0131 kad\u0131na \u015fiddet kimi yerlerde 2. Hatta 3. S\u0131n\u0131f vatanda\u015f olarak TV haberlerinde, gazetelerde g\u00f6r\u00fcyoruz. Avrupa&#8217;n\u0131n be\u015fi\u011fi Almanya&#8217;da bile kad\u0131nlar e\u015fit de\u011fil mi? Acaba! Bu kitap Almanya&#8217;da \u00f6nce yasakland\u0131, sonra sans\u00fcre u\u011frad\u0131. Ama 1 milyon satmas\u0131na engel olunamad\u0131. <\/p>\n","protected":false},"excerpt":{"rendered":"<p>O, bu kitab\u0131 kendi deyimiyle \u201cya\u015fama devam etmek i\u00e7in\u201d yazm\u0131\u015f, \u201cintikam almak i\u00e7in de\u011fil O, bu kitab\u0131 kendi deyimiyle ya\u015fama devam etmek i\u00e7in yazm\u0131\u015f, intikam almak<span class=\"excerpt-hellip\"> [\u2026]<\/span><\/p>\n","protected":false},"featured_media":0,"template":"","meta":{"_monsterinsights_skip_tracking":false,"_monsterinsights_sitenote_active":false,"_monsterinsights_sitenote_note":"","_monsterinsights_sitenote_category":0},"product_brand":[],"product_cat":[12291,12711],"product_tag":[],"class_list":{"0":"post-737323","1":"product","2":"type-product","3":"status-publish","5":"product_cat-edebiyat","6":"product_cat-roman-oyku","7":"pa_cilt-ciltsiz","8":"pa_tur-kitap","9":"pa_yayinevi-nergiz-yayinlari","10":"pa_yazar-sara-gul-turan-ozpak","12":"first","13":"instock","14":"sale","15":"shipping-taxable","16":"purchasable","17":"product-type-simple"},"_links":{"self":[{"href":"https:\/\/roveyayinevi.com.tr\/index.php\/wp-json\/wp\/v2\/product\/737323","targetHints":{"allow":["GET"]}}],"collection":[{"href":"https:\/\/roveyayinevi.com.tr\/index.php\/wp-json\/wp\/v2\/product"}],"about":[{"href":"https:\/\/roveyayinevi.com.tr\/index.php\/wp-json\/wp\/v2\/types\/product"}],"wp:attachment":[{"href":"https:\/\/roveyayinevi.com.tr\/index.php\/wp-json\/wp\/v2\/media?parent=737323"}],"wp:term":[{"taxonomy":"product_brand","embeddable":true,"href":"https:\/\/roveyayinevi.com.tr\/index.php\/wp-json\/wp\/v2\/product_brand?post=737323"},{"taxonomy":"product_cat","embeddable":true,"href":"https:\/\/roveyayinevi.com.tr\/index.php\/wp-json\/wp\/v2\/product_cat?post=737323"},{"taxonomy":"product_tag","embeddable":true,"href":"https:\/\/roveyayinevi.com.tr\/index.php\/wp-json\/wp\/v2\/product_tag?post=737323"}],"curies":[{"name":"wp","href":"https:\/\/api.w.org\/{rel}","templated":true}]}}

Gülün Dikeni

<p>O, bu kitabı kendi deyimiyle “yaşama devam etmek için” yazmış, “intikam almak için değil O, bu kitabı kendi deyimiyle yaşama devam etmek için yazmış, intikam almak için değil. Almanya&#8217;nın adalet mekanizması ve cezaevlerini, hayatında bugüne kadar yaşanmasına ihtimal vermediğimiz olayları anlatıyor. Günümüz Türkiye&#8217;sinde kadın hakları kadına şiddet kimi yerlerde 2. Hatta 3. Sınıf vatandaş olarak TV haberlerinde, gazetelerde görüyoruz. Avrupa&#8217;nın beşiği Almanya&#8217;da bile kadınlar eşit değil mi? Acaba! Bu kitap Almanya&#8217;da önce yasaklandı, sonra sansüre uğradı. Ama 1 milyon satmasına engel olunamadı. </p>

<p>O, bu kitabı kendi deyimiyle “yaşama devam etmek için” yazmış, “intikam almak için değil O, bu kitabı kendi deyimiyle yaşama devam etmek için yazmış, intikam almak<span class="excerpt-hellip"> […]</span></p>
