{"id":737318,"date":"2025-08-27T23:25:56","date_gmt":"2025-08-27T20:25:56","guid":{"rendered":"https:\/\/roveyayinevi.com.tr\/index.php\/urun\/iran-bir-ulkenin-akademik-anatomisi\/"},"modified":"2026-04-16T02:46:46","modified_gmt":"2026-04-15T23:46:46","slug":"iran-bir-ulkenin-akademik-anatomisi","status":"publish","type":"product","link":"https:\/\/roveyayinevi.com.tr\/index.php\/urun\/iran-bir-ulkenin-akademik-anatomisi\/","title":{"rendered":"\u0130ran &#8211; Bir \u00dclkenin Akademik Anatomisi"},"content":{"rendered":"<p>Tarih boyunca \u0130ran co\u011frafyas\u0131 radikal de\u011fi\u015fiklikler ve geli\u015fmelere evsahipli\u011fi yapm\u0131\u015f bir havza olmu\u015ftur. Kadim ve derin bir medeniyete sahip olan \u0130ran g\u00fcn\u00fcm\u00fczde de ilgi \u00e7ekici \u00f6zelli\u011fini korumaktad\u0131r. 1979 y\u0131l\u0131nda ger\u00e7ekle\u015fen \u0130ran Devrimi, 20. asr\u0131n en m\u00fchim olaylar\u0131ndan biri olarak kar\u015f\u0131m\u0131za \u00e7\u0131km\u0131\u015f, \u0130ran\u2019\u0131n ad\u0131n\u0131 \u201c\u0130ran \u0130slam Cumhuriyeti\u201dne d\u00f6n\u00fc\u015ft\u00fcren \u0130ran Devrimi, \u0130slam d\u00fcnyas\u0131n\u0131n yan\u0131 s\u0131ra uluslararas\u0131 politikada ciddi ses getirmi\u015ftir. \u0130ran, sosyal bilimlerin bir\u00e7ok alan\u0131nda d\u00fcnyada ve \u00fclkemizde farkl\u0131 perspektiflerden anla\u015f\u0131lmaya \u00e7al\u0131\u015f\u0131lan ve halen de \u00e7al\u0131\u015f\u0131lmaya devam edilen bir \u00fclke olmu\u015ftur. \u0130slam bize \u00f6nce bilip sonra inanmam\u0131z\u0131 tavsiye eder. \u0130ran\u2019\u0131 bilmek, tan\u0131mak ve do\u011fru anlamak sadece \u00fclkemiz ve Ortado\u011fu a\u00e7\u0131s\u0131ndan de\u011fil, \u0130slam d\u00fcnyas\u0131 ve insanl\u0131k tarihi bak\u0131m\u0131ndan da olduk\u00e7a m\u00fchimdir. Bu \u00e7al\u0131\u015fma \u0130ran\u2019\u0131 her y\u00f6n\u00fcyle akademik olarak ve disiplinler aras\u0131 bak\u0131\u015f a\u00e7\u0131s\u0131yla ele alan ve anlama \u00e7abas\u0131 i\u00e7ine girmi\u015f temel bir kaynak niteli\u011fi ta\u015f\u0131maktad\u0131r. Prof. Dr. Hasan Onat\u0130ran\u2019da 1980 ba\u015flar\u0131nda devrimin ger\u00e7ekle\u015fti\u011fi d\u00f6nemde klasik uluslararas\u0131 ili\u015fkiler bilgileriyle ne olup bitti\u011fini anlamam\u0131z epeyi zaman alm\u0131\u015ft\u0131. Ge\u00e7mi\u015fte b\u00fcy\u00fck bir imparatorlu\u011fun sahibi olarak, Ortado\u011fu ve Asya ekseninde b\u00fcy\u00fck bir medeniyet yaratan ve b\u00f6lgenin tarihine katk\u0131s\u0131 bulunan bir \u00fclke olan \u0130ran\u2019\u0131n yap\u0131s\u0131, T\u00fcrkiye\u2019nin de\u011fi\u015fik \u00fcniversitelerinden katk\u0131 yapan akademisyenlerin ve \u0130ran uzmanlar\u0131n\u0131n \u00e7abas\u0131yla, ilk defa kapsaml\u0131 bir \u015fekilde ele al\u0131n\u0131yor.\u0130ran; tarihi, siyaseti, toplumsal ve dinsel yap\u0131s\u0131, k\u00fclt\u00fcr, sanat ve medyas\u0131 ile ilk defa bir b\u00fct\u00fcn olarak g\u00f6zler \u00f6n\u00fcne seriliyor. Sosyal bilimlerin \u00e7e\u015fitli dallar\u0131ndaki \u00f6\u011frenciler, ara\u015ft\u0131rmac\u0131lar, diplomatlar ve uluslararas\u0131 ili\u015fkiler akademisyenleri i\u00e7in bir ba\u015fucu kitab\u0131 olaca\u011f\u0131 g\u00f6r\u00fcl\u00fcyor. Bu eser i\u00e7in harcanan \u00e7abay\u0131 g\u00f6z \u00f6n\u00fcnde tutarak, eseri yaratanlar\u0131 ve olu\u015fmas\u0131na katk\u0131 yapanlar\u0131 tebrik ediyorum.Prof. Dr. Hasan K\u00f6ni\u0130ran, bir b\u00f6lgesel g\u00fc\u00e7t\u00fcr. Tarihi, Ortado\u011fu ve d\u00fcnya politikalar\u0131ndaki \u00f6nemi bu \u00fclkeyi ilgi \u00e7ekici k\u0131lm\u0131\u015ft\u0131r. T\u00fcrkiye, kom\u015fusu \u0130ran\u2019\u0131n \u00f6nemini d\u0131\u015f politika de\u011ferlendirmelerinde daima g\u00f6z \u00f6n\u00fcnde bulundurmu\u015ftur. T\u00fcrk diplomasisi de bu \u00fclke ile ili\u015fkilerinde gereken dikkati g\u00f6stermeyi hi\u00e7bir zaman ihmal etmemi\u015f, hem kom\u015fumuz olmas\u0131 ve hem de tarihsel ili\u015fkilerimiz nedeniyle \u00e7\u0131karlar\u0131m\u0131z a\u00e7\u0131s\u0131ndan dikkatle izlenmesi gereken bir \u00fclke olmu\u015ftur. Bu nedenle \u0130ran\u2019\u0131n her y\u00f6n\u00fcyle anla\u015f\u0131lmas\u0131 i\u00e7in elinizdeki eser hi\u00e7 \u015f\u00fcphesiz \u00f6nemli bir kaynak niteli\u011findedir. Konular\u0131n\u0131n uzmanlar\u0131 taraf\u0131ndan kaleme al\u0131nm\u0131\u015f, \u0130ran\u2019daki din-mezhep, i\u00e7 ve d\u0131\u015f politikalar ve k\u00fclt\u00fcr ile ekonomi yan\u0131nda tarihsel ge\u00e7mi\u015f ve kurumlar\u0131n tahlilini ger\u00e7ekle\u015ftiren \u00e7e\u015fitli yetkin makalelerden olu\u015fan bu eser, T\u00fcrkiye\u2019de \u0130ran \u00e7al\u0131\u015fmalar\u0131na katk\u0131da bulunabilecek bir nitelik ta\u015f\u0131maktad\u0131r. Bu eserin dikkatle okunmas\u0131 halinde \u0130ran ile ilgili konular a\u00e7\u0131kl\u0131k kazanacakt\u0131r. Bu suretle, \u0130ran daha iyi anla\u015f\u0131labilecek, T\u00fcrk d\u0131\u015f politikas\u0131 bak\u0131m\u0131ndan \u0130ran\u2019la ilgili de\u011ferlendirmelerimiz daha sa\u011flam esaslar \u00fczerinden ger\u00e7ekle\u015febilecektir. B\u00f6ylelikle bu esere katk\u0131da bulunanlar bu \u00f6nemli \u00fclkeyi ayd\u0131nlatmaya \u00e7al\u0131\u015f\u0131rken, T\u00fcrk-\u0130ran ili\u015fkilerini daha sa\u011flam bir temele dayand\u0131rmalar\u0131 da m\u00fcmk\u00fcn olacakt\u0131r. B\u00fcy\u00fckel\u00e7i (E) Prof. Dr. Ali Engin Oba<\/p>\n","protected":false},"excerpt":{"rendered":"<p>Tarih boyunca \u0130ran co\u011frafyas\u0131 radikal de\u011fi\u015fiklikler ve geli\u015fmelere evsahipli\u011fi yapm\u0131\u015f bir havza olmu\u015ftur. Kadim ve derin bir medeniyete sahip olan \u0130ran g\u00fcn\u00fcm\u00fczde de ilgi \u00e7ekici \u00f6zelli\u011fini<span class=\"excerpt-hellip\"> [\u2026]<\/span><\/p>\n","protected":false},"featured_media":0,"template":"","meta":{"_monsterinsights_skip_tracking":false,"_monsterinsights_sitenote_active":false,"_monsterinsights_sitenote_note":"","_monsterinsights_sitenote_category":0},"product_brand":[],"product_cat":[13590,12337],"product_tag":[],"class_list":{"0":"post-737318","1":"product","2":"type-product","3":"status-publish","5":"product_cat-arastirma-inceleme-politika-siyaset","6":"product_cat-politika-siyaset","7":"pa_cilt-ciltsiz","8":"pa_tur-kitap","9":"pa_yayinevi-inkilap-kitabevi","10":"pa_yazar-orhan-karaoglu-nail-elhan","12":"first","13":"instock","14":"sale","15":"shipping-taxable","16":"purchasable","17":"product-type-simple"},"_links":{"self":[{"href":"https:\/\/roveyayinevi.com.tr\/index.php\/wp-json\/wp\/v2\/product\/737318","targetHints":{"allow":["GET"]}}],"collection":[{"href":"https:\/\/roveyayinevi.com.tr\/index.php\/wp-json\/wp\/v2\/product"}],"about":[{"href":"https:\/\/roveyayinevi.com.tr\/index.php\/wp-json\/wp\/v2\/types\/product"}],"wp:attachment":[{"href":"https:\/\/roveyayinevi.com.tr\/index.php\/wp-json\/wp\/v2\/media?parent=737318"}],"wp:term":[{"taxonomy":"product_brand","embeddable":true,"href":"https:\/\/roveyayinevi.com.tr\/index.php\/wp-json\/wp\/v2\/product_brand?post=737318"},{"taxonomy":"product_cat","embeddable":true,"href":"https:\/\/roveyayinevi.com.tr\/index.php\/wp-json\/wp\/v2\/product_cat?post=737318"},{"taxonomy":"product_tag","embeddable":true,"href":"https:\/\/roveyayinevi.com.tr\/index.php\/wp-json\/wp\/v2\/product_tag?post=737318"}],"curies":[{"name":"wp","href":"https:\/\/api.w.org\/{rel}","templated":true}]}}