{"id":737306,"date":"2025-08-27T23:25:40","date_gmt":"2025-08-27T20:25:40","guid":{"rendered":"https:\/\/roveyayinevi.com.tr\/index.php\/urun\/365-gun\/"},"modified":"2026-04-16T02:46:45","modified_gmt":"2026-04-15T23:46:45","slug":"365-gun","status":"publish","type":"product","link":"https:\/\/roveyayinevi.com.tr\/index.php\/urun\/365-gun\/","title":{"rendered":"365 G\u00fcn"},"content":{"rendered":"<p>Gi\u015fe rekorlar\u0131 k\u0131ran ayn\u0131 isimli Netflix filmine ilham veren, uluslararas\u0131 d\u00fczeyde en \u00e7ok satan, son derece seksi ve romantik roman.Laura Biel, sevgilisi ve iki arkada\u015f\u0131 ile b\u00fcy\u00fcleyici Sicilya&#8217;da r\u00fcya gibi bir tatile \u00e7\u0131kar. Gezilerinin ikinci g\u00fcn\u00fcnde, yirmi dokuzuncu do\u011fum g\u00fcn\u00fcnde ka\u00e7\u0131r\u0131l\u0131r. Onu ka\u00e7\u0131ran, Sicilyal\u0131 g\u00fc\u00e7l\u00fc bir su\u00e7 ailesinin ba\u015f\u0131, son derecede yak\u0131\u015f\u0131kl\u0131 gen\u00e7 mafya babas\u0131 Massimo Torricelli, her ne pahas\u0131na olursa olsun Laura\u2019ya sahip olmaya karar vermi\u015ftir.Massimo&#8217;nun kendine g\u00f6re nedenleri vard\u0131r. Hayat\u0131na yap\u0131lan bir suikast giri\u015fiminde \u00f6l\u00fcmle burun buruna gelmi\u015f ve neredeyse \u00f6lmek \u00fczereyken, g\u00f6zlerinin \u00f6n\u00fcnde bir g\u00f6r\u00fcnt\u00fc belirmi\u015ftir: Laura\u2019ya \u00e7ok benzeyen g\u00fczel bir kad\u0131n. \u00d6l\u00fcm\u00fcn e\u015fi\u011findeyken g\u00f6rd\u00fc\u011f\u00fc bu kad\u0131n\u0131 bulaca\u011f\u0131na ve her ne olursa olsun, bu kad\u0131n\u0131n onun olaca\u011f\u0131na dair kendi kendine s\u00f6z verir.Massimo, 365 g\u00fcn boyunca Laura&#8217;y\u0131 g\u00f6rkemli m\u00fclk\u00fcnde tutsak edecek ve kalbini kazanmaya \u00e7al\u0131\u015facakt\u0131r. E\u011fer Laura, herhangi bir noktada ka\u00e7maya \u00e7al\u0131\u015f\u0131rsa, Massimo onun t\u00fcm ailesini bulup \u00f6ld\u00fcrecektir.K\u0131sa bir s\u00fcre sonra Laura, onu esir alan, bu yak\u0131\u015f\u0131kl\u0131 ve g\u00fc\u00e7l\u00fc adam\u0131n b\u00fcy\u00fcs\u00fcne kap\u0131l\u0131r. Fakat aralar\u0131ndaki bu istikrars\u0131z, tehlikeli ili\u015fkiyi, kontrolleri d\u0131\u015f\u0131nda geli\u015fen g\u00fc\u00e7ler, par\u00e7alamakla tehdit etmektedir&#8230;Blanka Lipi\u0144skaBlanka Lipinska, Polonya&#8217;n\u0131n en pop\u00fcler kad\u0131n yazar ve fenomenlerinden biridir. Zorunluluktan \u00e7ok istedi\u011fi i\u00e7in, para kazanmaktan \u00e7ok e\u011flenmek i\u00e7in yazmaktad\u0131r. D\u00f6vmeleri sever, d\u00fcr\u00fcstl\u00fc\u011fe ve fedakarl\u0131\u011fa de\u011fer verir. \u0130nsanlar\u0131n seks konusunda yeterince a\u00e7\u0131k olmamalar\u0131ndan rahats\u0131z olmaktad\u0131r. A\u015fk\u0131n bir\u00e7ok farkl\u0131 y\u00f6n\u00fc oldu\u011funa dair konu\u015fmay\u0131 kendine g\u00f6rev edinmi\u015ftir. Onun i\u00e7in seks hakk\u0131nda konu\u015fman\u0131n, ak\u015fam yeme\u011fi haz\u0131rlamak kadar kolay oldu\u011funu s\u00f6yler.<\/p>\n","protected":false},"excerpt":{"rendered":"<p>Gi\u015fe rekorlar\u0131 k\u0131ran ayn\u0131 isimli Netflix filmine ilham veren, uluslararas\u0131 d\u00fczeyde en \u00e7ok satan, son derece seksi ve romantik roman.Laura Biel, sevgilisi ve iki arkada\u015f\u0131 ile<span class=\"excerpt-hellip\"> [\u2026]<\/span><\/p>\n","protected":false},"featured_media":0,"template":"","meta":{"_monsterinsights_skip_tracking":false,"_monsterinsights_sitenote_active":false,"_monsterinsights_sitenote_note":"","_monsterinsights_sitenote_category":0},"product_brand":[],"product_cat":[12291,12711],"product_tag":[],"class_list":{"0":"post-737306","1":"product","2":"type-product","3":"status-publish","5":"product_cat-edebiyat","6":"product_cat-roman-oyku","7":"pa_cilt-ciltsiz","8":"pa_tur-kitap","9":"pa_yayinevi-theseus-yayinevi","10":"pa_yazar-blanka-lipinska","12":"first","13":"instock","14":"sale","15":"shipping-taxable","16":"purchasable","17":"product-type-simple"},"_links":{"self":[{"href":"https:\/\/roveyayinevi.com.tr\/index.php\/wp-json\/wp\/v2\/product\/737306","targetHints":{"allow":["GET"]}}],"collection":[{"href":"https:\/\/roveyayinevi.com.tr\/index.php\/wp-json\/wp\/v2\/product"}],"about":[{"href":"https:\/\/roveyayinevi.com.tr\/index.php\/wp-json\/wp\/v2\/types\/product"}],"wp:attachment":[{"href":"https:\/\/roveyayinevi.com.tr\/index.php\/wp-json\/wp\/v2\/media?parent=737306"}],"wp:term":[{"taxonomy":"product_brand","embeddable":true,"href":"https:\/\/roveyayinevi.com.tr\/index.php\/wp-json\/wp\/v2\/product_brand?post=737306"},{"taxonomy":"product_cat","embeddable":true,"href":"https:\/\/roveyayinevi.com.tr\/index.php\/wp-json\/wp\/v2\/product_cat?post=737306"},{"taxonomy":"product_tag","embeddable":true,"href":"https:\/\/roveyayinevi.com.tr\/index.php\/wp-json\/wp\/v2\/product_tag?post=737306"}],"curies":[{"name":"wp","href":"https:\/\/api.w.org\/{rel}","templated":true}]}}