{"id":737294,"date":"2025-08-27T23:25:26","date_gmt":"2025-08-27T20:25:26","guid":{"rendered":"https:\/\/roveyayinevi.com.tr\/index.php\/urun\/travmayi-iyilestirmek\/"},"modified":"2026-04-16T02:46:44","modified_gmt":"2026-04-15T23:46:44","slug":"travmayi-iyilestirmek","status":"publish","type":"product","link":"https:\/\/roveyayinevi.com.tr\/index.php\/urun\/travmayi-iyilestirmek\/","title":{"rendered":"Travmay\u0131 \u0130yile\u015ftirmek"},"content":{"rendered":"<p>Hayat\u0131n\u0131z\u0131 yeniden kazanmak i\u00e7in duygusal \u00f6zg\u00fcrle\u015fme rehberi   \u201cGe\u00e7mi\u015finde travma ya\u015fam\u0131\u015f bireyler veya travma \u00fczerine \u00e7al\u0131\u015fan uzmanlar i\u00e7in harika bir rehber olan bu kitapta Cori, travman\u0131n ne oldu\u011funa, travman\u0131n farkl\u0131 t\u00fcrlerine ve tedavi y\u00f6ntemlerine dair \u00e7ok faydal\u0131 somut bilgiler veriyor.\u201d \u0130pek Aykol, Evlilik ve Aile Terapisti   Travmadan kurtulmaya y\u00f6nelik bir\u00e7ok yakla\u015f\u0131m olmas\u0131na ra\u011fmen bunlardan \u00e7ok az\u0131 yeni bir bak\u0131\u015f a\u00e7\u0131s\u0131 ve se\u00e7enek yelpazesi sunmaktad\u0131r. Travmayla ili\u015fkili zorluklara yenilik\u00e7i bir anlay\u0131\u015f getiren Jasmin Lee Cori \u015funlar\u0131 yapman\u0131za yard\u0131mc\u0131 oluyor: \u00b7         travmay\u0131 ve y\u0131k\u0131c\u0131 etkilerini anlamak \u00b7         travma semptomlar\u0131n\u0131 (disosiyasyon, uyu\u015fma, vs.) ve travmadan kaynaklanan yayg\u0131n ruhsal sorunlar\u0131 belirlemek \u00b7         travmatik tepkilerle ve an\u0131larla ba\u015fa \u00e7\u0131kmak \u00b7         iyile\u015fmenizi destekleyen daha dengeli bir hayat yaratmak \u00b7         uygun m\u00fcdahaleleri se\u00e7mek (terapiler, ki\u015fisel yard\u0131m gruplar\u0131, ila\u00e7lar ve alternatifler) \u00b7         iyile\u015fme s\u00fcrecinizde ne kadar yol katetti\u011finizi ve geli\u015fmeye devam etmek i\u00e7in nelere ihtiyac\u0131n\u0131z oldu\u011funu g\u00f6rmek Al\u0131\u015ft\u0131rmalarla, iyile\u015fmeyle ilgili \u00f6yk\u00fclerle, unutulmamas\u0131 gereken noktalarla ve kaynaklarla dolu olan bu kitap, hayat\u0131n\u0131 travman\u0131n y\u0131k\u0131c\u0131 etkilerinden geri almak isteyen herkes i\u00e7in kusursuz bir arkada\u015f. <\/p>\n","protected":false},"excerpt":{"rendered":"<p>Hayat\u0131n\u0131z\u0131 yeniden kazanmak i\u00e7in duygusal \u00f6zg\u00fcrle\u015fme rehberi \u201cGe\u00e7mi\u015finde travma ya\u015fam\u0131\u015f bireyler veya travma \u00fczerine \u00e7al\u0131\u015fan uzmanlar i\u00e7in harika bir rehber olan bu kitapta Cori, travman\u0131n ne<span class=\"excerpt-hellip\"> [\u2026]<\/span><\/p>\n","protected":false},"featured_media":0,"template":"","meta":{"_monsterinsights_skip_tracking":false,"_monsterinsights_sitenote_active":false,"_monsterinsights_sitenote_note":"","_monsterinsights_sitenote_category":0},"product_brand":[],"product_cat":[12364,12376],"product_tag":[],"class_list":{"0":"post-737294","1":"product","2":"type-product","3":"status-publish","5":"product_cat-genel-konular","6":"product_cat-kisisel-gelisim","7":"pa_cilt-ciltsiz","8":"pa_tur-kitap","9":"pa_yayinevi-koridor-yayincilik","10":"pa_yazar-jasmin-lee-cori","12":"first","13":"instock","14":"sale","15":"shipping-taxable","16":"purchasable","17":"product-type-simple"},"_links":{"self":[{"href":"https:\/\/roveyayinevi.com.tr\/index.php\/wp-json\/wp\/v2\/product\/737294","targetHints":{"allow":["GET"]}}],"collection":[{"href":"https:\/\/roveyayinevi.com.tr\/index.php\/wp-json\/wp\/v2\/product"}],"about":[{"href":"https:\/\/roveyayinevi.com.tr\/index.php\/wp-json\/wp\/v2\/types\/product"}],"wp:attachment":[{"href":"https:\/\/roveyayinevi.com.tr\/index.php\/wp-json\/wp\/v2\/media?parent=737294"}],"wp:term":[{"taxonomy":"product_brand","embeddable":true,"href":"https:\/\/roveyayinevi.com.tr\/index.php\/wp-json\/wp\/v2\/product_brand?post=737294"},{"taxonomy":"product_cat","embeddable":true,"href":"https:\/\/roveyayinevi.com.tr\/index.php\/wp-json\/wp\/v2\/product_cat?post=737294"},{"taxonomy":"product_tag","embeddable":true,"href":"https:\/\/roveyayinevi.com.tr\/index.php\/wp-json\/wp\/v2\/product_tag?post=737294"}],"curies":[{"name":"wp","href":"https:\/\/api.w.org\/{rel}","templated":true}]}}