{"id":737273,"date":"2025-08-27T23:24:59","date_gmt":"2025-08-27T20:24:59","guid":{"rendered":"https:\/\/roveyayinevi.com.tr\/index.php\/urun\/lamekan-2\/"},"modified":"2026-04-16T02:46:44","modified_gmt":"2026-04-15T23:46:44","slug":"lamekan-2","status":"publish","type":"product","link":"https:\/\/roveyayinevi.com.tr\/index.php\/urun\/lamekan-2\/","title":{"rendered":"Lamekan"},"content":{"rendered":"<p>\u00c7ekirdek ailesi ile birlikte mutlu bir ya\u015fam s\u00fcren Minel&#8217;in hayat\u0131, en mutlu g\u00fcn\u00fc sand\u0131\u011f\u0131 16 May\u0131s&#8217;ta yani do\u011fum g\u00fcn\u00fcnde birdenbire de\u011fi\u015fir ve kendini bir \u00e7\u0131kmaz\u0131n i\u00e7inde terk edilmi\u015f h\u00e2lde bulur.\u201cBir \u00e7ocuk incindi\u011fi vakit, t\u00fcm d\u00fcnya dara\u011fac\u0131nda sallanmaya mahk\u00fbmdur.\u201dAnnesinin ve karde\u015finin ba\u015f\u0131na gelenlerden dolay\u0131 Minel&#8217;i sorumlu tutan ve onu u\u011fursuz addeden babas\u0131, sonraki hayat\u0131nda nas\u0131l bir yol \u00e7izecektir?\u00d6ks\u00fczl\u00fc\u011f\u00fcn\u00fcn yan\u0131nda bir de yetim b\u0131rak\u0131lan Minel&#8217;in \u00e7ocuk kalbi, tuttu\u011fu yas ve baba sevgisiyle adeta yan\u0131p kavrulurken yine bir kaza neticesinde \u00f6\u011frendi\u011fi ger\u00e7ekler, ona hayat\u0131 yeniden sorgulat\u0131p kendini affedememesine yol a\u00e7arken siz okurlara da bir insan\u0131 yarg\u0131laman\u0131n ne denli onulmaz yaralar a\u00e7t\u0131\u011f\u0131n\u0131 derinden hissettirecek.<\/p>\n","protected":false},"excerpt":{"rendered":"<p>\u00c7ekirdek ailesi ile birlikte mutlu bir ya\u015fam s\u00fcren Minel&#8217;in hayat\u0131, en mutlu g\u00fcn\u00fc sand\u0131\u011f\u0131 16 May\u0131s&#8217;ta yani do\u011fum g\u00fcn\u00fcnde birdenbire de\u011fi\u015fir ve kendini bir \u00e7\u0131kmaz\u0131n i\u00e7inde<span class=\"excerpt-hellip\"> [\u2026]<\/span><\/p>\n","protected":false},"featured_media":0,"template":"","meta":{"_monsterinsights_skip_tracking":false,"_monsterinsights_sitenote_active":false,"_monsterinsights_sitenote_note":"","_monsterinsights_sitenote_category":0},"product_brand":[],"product_cat":[12291,12711],"product_tag":[],"class_list":{"0":"post-737273","1":"product","2":"type-product","3":"status-publish","5":"product_cat-edebiyat","6":"product_cat-roman-oyku","7":"pa_cilt-ciltsiz","8":"pa_tur-kitap","9":"pa_yayinevi-perseus","10":"pa_yazar-aleyna-karakurt","12":"first","13":"instock","14":"sale","15":"shipping-taxable","16":"purchasable","17":"product-type-simple"},"_links":{"self":[{"href":"https:\/\/roveyayinevi.com.tr\/index.php\/wp-json\/wp\/v2\/product\/737273","targetHints":{"allow":["GET"]}}],"collection":[{"href":"https:\/\/roveyayinevi.com.tr\/index.php\/wp-json\/wp\/v2\/product"}],"about":[{"href":"https:\/\/roveyayinevi.com.tr\/index.php\/wp-json\/wp\/v2\/types\/product"}],"wp:attachment":[{"href":"https:\/\/roveyayinevi.com.tr\/index.php\/wp-json\/wp\/v2\/media?parent=737273"}],"wp:term":[{"taxonomy":"product_brand","embeddable":true,"href":"https:\/\/roveyayinevi.com.tr\/index.php\/wp-json\/wp\/v2\/product_brand?post=737273"},{"taxonomy":"product_cat","embeddable":true,"href":"https:\/\/roveyayinevi.com.tr\/index.php\/wp-json\/wp\/v2\/product_cat?post=737273"},{"taxonomy":"product_tag","embeddable":true,"href":"https:\/\/roveyayinevi.com.tr\/index.php\/wp-json\/wp\/v2\/product_tag?post=737273"}],"curies":[{"name":"wp","href":"https:\/\/api.w.org\/{rel}","templated":true}]}}