{"id":737270,"date":"2025-08-27T23:24:55","date_gmt":"2025-08-27T20:24:55","guid":{"rendered":"https:\/\/roveyayinevi.com.tr\/index.php\/urun\/kadin-olmak-zor-zanaat\/"},"modified":"2026-04-16T02:46:44","modified_gmt":"2026-04-15T23:46:44","slug":"kadin-olmak-zor-zanaat","status":"publish","type":"product","link":"https:\/\/roveyayinevi.com.tr\/index.php\/urun\/kadin-olmak-zor-zanaat\/","title":{"rendered":"Kad\u0131n Olmak Zor Zanaat"},"content":{"rendered":"<p>Sus sus nereye kadar, duvarla konu\u015fmak varken.O duvar ki duvar gibi sana bakmaktayken.Nas\u0131l \u00e7\u0131kar bo\u011faz\u0131ndan dem hayk\u0131r\u0131\u015flar?Ancak \u00e7\u0131\u011fl\u0131k yara\u015f\u0131r bu susmalara, durma!D\u00f6k zehir zemberek katran y\u00fcre\u011findeki ac\u0131lar\u0131 bir bir.Hayk\u0131r duvardaki olmayan surete tek tek.<\/p>\n","protected":false},"excerpt":{"rendered":"<p>Sus sus nereye kadar, duvarla konu\u015fmak varken.O duvar ki duvar gibi sana bakmaktayken.Nas\u0131l \u00e7\u0131kar bo\u011faz\u0131ndan dem hayk\u0131r\u0131\u015flar?Ancak \u00e7\u0131\u011fl\u0131k yara\u015f\u0131r bu susmalara, durma!D\u00f6k zehir zemberek katran y\u00fcre\u011findeki<span class=\"excerpt-hellip\"> [\u2026]<\/span><\/p>\n","protected":false},"featured_media":0,"template":"","meta":{"_monsterinsights_skip_tracking":false,"_monsterinsights_sitenote_active":false,"_monsterinsights_sitenote_note":"","_monsterinsights_sitenote_category":0},"product_brand":[],"product_cat":[12291,12711],"product_tag":[],"class_list":{"0":"post-737270","1":"product","2":"type-product","3":"status-publish","5":"product_cat-edebiyat","6":"product_cat-roman-oyku","7":"pa_cilt-ciltsiz","8":"pa_tur-kitap","9":"pa_yayinevi-perseus","10":"pa_yazar-songul-yumrutepe","12":"first","13":"instock","14":"sale","15":"shipping-taxable","16":"purchasable","17":"product-type-simple"},"_links":{"self":[{"href":"https:\/\/roveyayinevi.com.tr\/index.php\/wp-json\/wp\/v2\/product\/737270","targetHints":{"allow":["GET"]}}],"collection":[{"href":"https:\/\/roveyayinevi.com.tr\/index.php\/wp-json\/wp\/v2\/product"}],"about":[{"href":"https:\/\/roveyayinevi.com.tr\/index.php\/wp-json\/wp\/v2\/types\/product"}],"wp:attachment":[{"href":"https:\/\/roveyayinevi.com.tr\/index.php\/wp-json\/wp\/v2\/media?parent=737270"}],"wp:term":[{"taxonomy":"product_brand","embeddable":true,"href":"https:\/\/roveyayinevi.com.tr\/index.php\/wp-json\/wp\/v2\/product_brand?post=737270"},{"taxonomy":"product_cat","embeddable":true,"href":"https:\/\/roveyayinevi.com.tr\/index.php\/wp-json\/wp\/v2\/product_cat?post=737270"},{"taxonomy":"product_tag","embeddable":true,"href":"https:\/\/roveyayinevi.com.tr\/index.php\/wp-json\/wp\/v2\/product_tag?post=737270"}],"curies":[{"name":"wp","href":"https:\/\/api.w.org\/{rel}","templated":true}]}}