{"id":737234,"date":"2025-08-27T23:24:12","date_gmt":"2025-08-27T20:24:12","guid":{"rendered":"https:\/\/roveyayinevi.com.tr\/index.php\/urun\/ailenizi-uzaylilara-nasil-satarsiniz\/"},"modified":"2026-04-16T02:46:42","modified_gmt":"2026-04-15T23:46:42","slug":"ailenizi-uzaylilara-nasil-satarsiniz","status":"publish","type":"product","link":"https:\/\/roveyayinevi.com.tr\/index.php\/urun\/ailenizi-uzaylilara-nasil-satarsiniz\/","title":{"rendered":"Ailenizi Uzayl\u0131lara Nas\u0131l Satars\u0131n\u0131z"},"content":{"rendered":"<p>Happy Conklin\u2019in k\u00f6t\u00fc biri oldu\u011funa karar vermeden \u00f6nce bilmeniz gereken birka\u00e7 \u015fey var: \u00b7         Baba Happy Conklin d\u00e2hi bir mucit ve icatlar\u0131n\u0131 ilk \u00f6nce kendi \u00e7ocuklar\u0131 \u00fczerinde test ediyor.\u00b7         Happy Conklin&#8217;in kendiyle ayn\u0131 ad\u0131 ta\u015f\u0131yan o\u011flu Happy Conklin Junior\u2019sa Sakall\u0131 \u00c7ocuk olarak da biliniyor \u00e7\u00fcnk\u00fc hen\u00fcz on ya\u015f\u0131nda olmas\u0131na ra\u011fmen g\u00fcnde \u00fc\u00e7 kez t\u0131ra\u015f oluyor.\u00b7         Happy Conklin Junior\u2019\u0131n be\u015f k\u0131z karde\u015fi var. K\u0131z karde\u015fleri \u00f6ylesine tuhaf ki Happy\u2019nin sakall\u0131 bir \u00e7ocuk olmas\u0131 resmen normal kal\u0131yor.\u00b7         Tabii, b\u00fcy\u00fckanneden de bahsetmeden olmaz. B\u00fcy\u00fckanne derken torunlar\u0131na sevgiyle kurabiye yapan birini hayal etmeyin. Ailenin babas\u0131 olan Happy Conklin\u2019in icatlardan kazand\u0131\u011f\u0131 paraya el koyup kendine krall\u0131k kuran bir b\u00fcy\u00fckanneden bahsediyoruz. Bu zorlu \u015fartlar alt\u0131nda ya\u015fayan Hap asl\u0131nda ailesini uzayl\u0131lara satmay\u0131 istemiyordu. Ac\u0131mas\u0131z b\u00fcy\u00fckannesinden kurtulman\u0131n bir yolunu buldu\u011fu i\u00e7in denemek istemi\u015fti sadece. Ama bunun bedelini t\u00fcm ailesi \u00f6deyince galaksiler aras\u0131 bir maceran\u0131n ortas\u0131nda bulur kendini.<\/p>\n","protected":false},"excerpt":{"rendered":"<p>Happy Conklin\u2019in k\u00f6t\u00fc biri oldu\u011funa karar vermeden \u00f6nce bilmeniz gereken birka\u00e7 \u015fey var: \u00b7 Baba Happy Conklin d\u00e2hi bir mucit ve icatlar\u0131n\u0131 ilk \u00f6nce kendi \u00e7ocuklar\u0131<span class=\"excerpt-hellip\"> [\u2026]<\/span><\/p>\n","protected":false},"featured_media":0,"template":"","meta":{"_monsterinsights_skip_tracking":false,"_monsterinsights_sitenote_active":false,"_monsterinsights_sitenote_note":"","_monsterinsights_sitenote_category":0},"product_brand":[],"product_cat":[12274,12284],"product_tag":[],"class_list":{"0":"post-737234","1":"product","2":"type-product","3":"status-publish","5":"product_cat-cocuk-ve-genclik-kitaplari","6":"product_cat-hikayeler","7":"pa_cilt-ciltsiz","8":"pa_tur-kitap","9":"pa_yayinevi-epsilon-yayinlari","10":"pa_yazar-paul-noth","12":"first","13":"instock","14":"sale","15":"shipping-taxable","16":"purchasable","17":"product-type-simple"},"_links":{"self":[{"href":"https:\/\/roveyayinevi.com.tr\/index.php\/wp-json\/wp\/v2\/product\/737234","targetHints":{"allow":["GET"]}}],"collection":[{"href":"https:\/\/roveyayinevi.com.tr\/index.php\/wp-json\/wp\/v2\/product"}],"about":[{"href":"https:\/\/roveyayinevi.com.tr\/index.php\/wp-json\/wp\/v2\/types\/product"}],"wp:attachment":[{"href":"https:\/\/roveyayinevi.com.tr\/index.php\/wp-json\/wp\/v2\/media?parent=737234"}],"wp:term":[{"taxonomy":"product_brand","embeddable":true,"href":"https:\/\/roveyayinevi.com.tr\/index.php\/wp-json\/wp\/v2\/product_brand?post=737234"},{"taxonomy":"product_cat","embeddable":true,"href":"https:\/\/roveyayinevi.com.tr\/index.php\/wp-json\/wp\/v2\/product_cat?post=737234"},{"taxonomy":"product_tag","embeddable":true,"href":"https:\/\/roveyayinevi.com.tr\/index.php\/wp-json\/wp\/v2\/product_tag?post=737234"}],"curies":[{"name":"wp","href":"https:\/\/api.w.org\/{rel}","templated":true}]}}