{"id":737229,"date":"2025-08-27T23:23:33","date_gmt":"2025-08-27T20:23:33","guid":{"rendered":"https:\/\/roveyayinevi.com.tr\/index.php\/urun\/dogruluk-perisi-okula-gidiyor\/"},"modified":"2026-04-16T02:46:41","modified_gmt":"2026-04-15T23:46:41","slug":"dogruluk-perisi-okula-gidiyor","status":"publish","type":"product","link":"https:\/\/roveyayinevi.com.tr\/index.php\/urun\/dogruluk-perisi-okula-gidiyor\/","title":{"rendered":"Do\u011fruluk Perisi Okula Gidiyor"},"content":{"rendered":"<p>Kendin olmak varken, Normal olmaya \u00e7al\u0131\u015fmak neden?   Olmad\u0131\u011f\u0131n birine d\u00f6n\u00fc\u015fmeye \u00e7al\u0131\u015fma Kendin olmak en iyisi, hi\u00e7 bo\u015funa yorulma. Do\u011fruluk Perisi bu yeni macerada Aada\u2019yla beraber okula gidiyor. Do\u011frular y\u00fcz\u00fcnden okul kar\u0131\u015f\u0131yor, \u00fcstelik bu kez kar\u015f\u0131lar\u0131na bir zorba \u00e7\u0131k\u0131yor. Peri ile Aada arkada\u015fl\u0131\u011f\u0131n ve kendi olman\u0131n \u00f6nemini ke\u015ffediyor. Bildi\u011finiz gibi Do\u011fruluk Perisi do\u011frular\u0131 s\u00f6ylemekten asla vazge\u00e7mez, kar\u015f\u0131s\u0131na bir trol \u00e7\u0131ksa bile fark etmez. Kitaplar\u0131 \u00e7ok sevilen Matt Haig\u2019in yeni hik\u00e2yesini Chris Mould resimledi. <\/p>\n","protected":false},"excerpt":{"rendered":"<p>Kendin olmak varken, Normal olmaya \u00e7al\u0131\u015fmak neden? Olmad\u0131\u011f\u0131n birine d\u00f6n\u00fc\u015fmeye \u00e7al\u0131\u015fma Kendin olmak en iyisi, hi\u00e7 bo\u015funa yorulma. Do\u011fruluk Perisi bu yeni macerada Aada\u2019yla beraber okula<span class=\"excerpt-hellip\"> [\u2026]<\/span><\/p>\n","protected":false},"featured_media":0,"template":"","meta":{"_monsterinsights_skip_tracking":false,"_monsterinsights_sitenote_active":false,"_monsterinsights_sitenote_note":"","_monsterinsights_sitenote_category":0},"product_brand":[],"product_cat":[12275,12274],"product_tag":[],"class_list":{"0":"post-737229","1":"product","2":"type-product","3":"status-publish","5":"product_cat-6-12-yas-kitaplari","6":"product_cat-cocuk-ve-genclik-kitaplari","7":"pa_cilt-ciltsiz","8":"pa_tur-kitap","9":"pa_yayinevi-yapi-kredi-yayinlari","10":"pa_yazar-matt-haig","12":"first","13":"instock","14":"sale","15":"shipping-taxable","16":"purchasable","17":"product-type-simple"},"_links":{"self":[{"href":"https:\/\/roveyayinevi.com.tr\/index.php\/wp-json\/wp\/v2\/product\/737229","targetHints":{"allow":["GET"]}}],"collection":[{"href":"https:\/\/roveyayinevi.com.tr\/index.php\/wp-json\/wp\/v2\/product"}],"about":[{"href":"https:\/\/roveyayinevi.com.tr\/index.php\/wp-json\/wp\/v2\/types\/product"}],"wp:attachment":[{"href":"https:\/\/roveyayinevi.com.tr\/index.php\/wp-json\/wp\/v2\/media?parent=737229"}],"wp:term":[{"taxonomy":"product_brand","embeddable":true,"href":"https:\/\/roveyayinevi.com.tr\/index.php\/wp-json\/wp\/v2\/product_brand?post=737229"},{"taxonomy":"product_cat","embeddable":true,"href":"https:\/\/roveyayinevi.com.tr\/index.php\/wp-json\/wp\/v2\/product_cat?post=737229"},{"taxonomy":"product_tag","embeddable":true,"href":"https:\/\/roveyayinevi.com.tr\/index.php\/wp-json\/wp\/v2\/product_tag?post=737229"}],"curies":[{"name":"wp","href":"https:\/\/api.w.org\/{rel}","templated":true}]}}