{"id":737227,"date":"2025-08-27T23:23:30","date_gmt":"2025-08-27T20:23:30","guid":{"rendered":"https:\/\/roveyayinevi.com.tr\/index.php\/urun\/bu-oda-ikimizin\/"},"modified":"2025-12-30T10:49:00","modified_gmt":"2025-12-30T07:49:00","slug":"bu-oda-ikimizin","status":"publish","type":"product","link":"https:\/\/roveyayinevi.com.tr\/index.php\/urun\/bu-oda-ikimizin\/","title":{"rendered":"Bu Oda \u0130kimizin"},"content":{"rendered":"<p>Bir Aslan ile bir Kutup Ay\u0131s\u0131 bir odada bulu\u015fursa ne olur? \u0130kisinin de huyu suyu farkl\u0131. Biri s\u0131ca\u011f\u0131 sever, di\u011feri so\u011fu\u011fu. G\u00f6rkem Kantar Arsoy\u2019un yazd\u0131\u011f\u0131 Bu Oda \u0130kimizin kitab\u0131na Anne Hofmann resimleriyle e\u015flik ediyor. <\/p>\n","protected":false},"excerpt":{"rendered":"<p>Bir Aslan ile bir Kutup Ay\u0131s\u0131 bir odada bulu\u015fursa ne olur? \u0130kisinin de huyu suyu farkl\u0131. Biri s\u0131ca\u011f\u0131 sever, di\u011feri so\u011fu\u011fu. G\u00f6rkem Kantar Arsoy\u2019un yazd\u0131\u011f\u0131 Bu<span class=\"excerpt-hellip\"> [\u2026]<\/span><\/p>\n","protected":false},"featured_media":0,"template":"","meta":{"_monsterinsights_skip_tracking":false,"_monsterinsights_sitenote_active":false,"_monsterinsights_sitenote_note":"","_monsterinsights_sitenote_category":0},"product_brand":[],"product_cat":[12274,12284],"product_tag":[],"class_list":{"0":"post-737227","1":"product","2":"type-product","3":"status-publish","5":"product_cat-cocuk-ve-genclik-kitaplari","6":"product_cat-hikayeler","7":"pa_cilt-ciltsiz","8":"pa_tur-kitap","9":"pa_yayinevi-yapi-kredi-yayinlari","10":"pa_yazar-gorkem-kantar-arsoy","12":"first","13":"instock","14":"sale","15":"shipping-taxable","16":"purchasable","17":"product-type-simple"},"_links":{"self":[{"href":"https:\/\/roveyayinevi.com.tr\/index.php\/wp-json\/wp\/v2\/product\/737227","targetHints":{"allow":["GET"]}}],"collection":[{"href":"https:\/\/roveyayinevi.com.tr\/index.php\/wp-json\/wp\/v2\/product"}],"about":[{"href":"https:\/\/roveyayinevi.com.tr\/index.php\/wp-json\/wp\/v2\/types\/product"}],"wp:attachment":[{"href":"https:\/\/roveyayinevi.com.tr\/index.php\/wp-json\/wp\/v2\/media?parent=737227"}],"wp:term":[{"taxonomy":"product_brand","embeddable":true,"href":"https:\/\/roveyayinevi.com.tr\/index.php\/wp-json\/wp\/v2\/product_brand?post=737227"},{"taxonomy":"product_cat","embeddable":true,"href":"https:\/\/roveyayinevi.com.tr\/index.php\/wp-json\/wp\/v2\/product_cat?post=737227"},{"taxonomy":"product_tag","embeddable":true,"href":"https:\/\/roveyayinevi.com.tr\/index.php\/wp-json\/wp\/v2\/product_tag?post=737227"}],"curies":[{"name":"wp","href":"https:\/\/api.w.org\/{rel}","templated":true}]}}