{"id":737208,"date":"2025-08-27T23:23:08","date_gmt":"2025-08-27T20:23:08","guid":{"rendered":"https:\/\/roveyayinevi.com.tr\/index.php\/urun\/karanlik-sir\/"},"modified":"2026-04-16T02:46:41","modified_gmt":"2026-04-15T23:46:41","slug":"karanlik-sir","status":"publish","type":"product","link":"https:\/\/roveyayinevi.com.tr\/index.php\/urun\/karanlik-sir\/","title":{"rendered":"Karanl\u0131k S\u0131r"},"content":{"rendered":"<p>Met\u2019in en \u00f6nemli dedektiflerinden biri olan ColmHealy\u2019nin bir anne ve ikiz k\u0131zlar\u0131n\u0131n \u00e7\u00f6z\u00fcmlenemeyen cinayeti y\u00fcz\u00fcnden kariyeri bitme noktas\u0131na gelir. Her \u015feyini kaybeden bu adam\u0131n tek dile\u011fi bu vah\u015fi cinayetin sorumlular\u0131n\u0131 bulup cezaland\u0131rmakt\u0131r.   Kapanm\u0131\u015f cinayet dosyas\u0131n\u0131 yeniden a\u00e7an Dedektif David Raker, bilmeceyi \u00e7\u00f6zmeye \u00e7al\u0131\u015f\u0131rken kendini karanl\u0131k bir trajedinin i\u00e7inde bulur. So\u011fukkanl\u0131 bir katil, y\u0131llard\u0131r ortaya \u00e7\u0131kmam\u0131\u015f ger\u00e7ekleri sonsuzlu\u011fa g\u00f6mmek i\u00e7in pusuda beklemektedir\u2026   Raker ve Healy, g\u00fcnahs\u0131z bir kad\u0131n ve \u00e7ocuklar\u0131n\u0131n kurban edildi\u011fi bu cinayeti \u00e7\u00f6zmeye \u00e7al\u0131\u015f\u0131rken ak\u0131llara durgunluk verecek s\u0131rlarla kar\u015f\u0131 kar\u015f\u0131ya kalacaklard\u0131r. <\/p>\n","protected":false},"excerpt":{"rendered":"<p>Met\u2019in en \u00f6nemli dedektiflerinden biri olan ColmHealy\u2019nin bir anne ve ikiz k\u0131zlar\u0131n\u0131n \u00e7\u00f6z\u00fcmlenemeyen cinayeti y\u00fcz\u00fcnden kariyeri bitme noktas\u0131na gelir. Her \u015feyini kaybeden bu adam\u0131n tek dile\u011fi<span class=\"excerpt-hellip\"> [\u2026]<\/span><\/p>\n","protected":false},"featured_media":0,"template":"","meta":{"_monsterinsights_skip_tracking":false,"_monsterinsights_sitenote_active":false,"_monsterinsights_sitenote_note":"","_monsterinsights_sitenote_category":0},"product_brand":[],"product_cat":[12291,12711],"product_tag":[],"class_list":{"0":"post-737208","1":"product","2":"type-product","3":"status-publish","5":"product_cat-edebiyat","6":"product_cat-roman-oyku","7":"pa_cilt-ciltsiz","8":"pa_tur-kitap","9":"pa_yayinevi-ephesus-yayinlari","10":"pa_yazar-tim-weaver","12":"first","13":"instock","14":"sale","15":"shipping-taxable","16":"purchasable","17":"product-type-simple"},"_links":{"self":[{"href":"https:\/\/roveyayinevi.com.tr\/index.php\/wp-json\/wp\/v2\/product\/737208","targetHints":{"allow":["GET"]}}],"collection":[{"href":"https:\/\/roveyayinevi.com.tr\/index.php\/wp-json\/wp\/v2\/product"}],"about":[{"href":"https:\/\/roveyayinevi.com.tr\/index.php\/wp-json\/wp\/v2\/types\/product"}],"wp:attachment":[{"href":"https:\/\/roveyayinevi.com.tr\/index.php\/wp-json\/wp\/v2\/media?parent=737208"}],"wp:term":[{"taxonomy":"product_brand","embeddable":true,"href":"https:\/\/roveyayinevi.com.tr\/index.php\/wp-json\/wp\/v2\/product_brand?post=737208"},{"taxonomy":"product_cat","embeddable":true,"href":"https:\/\/roveyayinevi.com.tr\/index.php\/wp-json\/wp\/v2\/product_cat?post=737208"},{"taxonomy":"product_tag","embeddable":true,"href":"https:\/\/roveyayinevi.com.tr\/index.php\/wp-json\/wp\/v2\/product_tag?post=737208"}],"curies":[{"name":"wp","href":"https:\/\/api.w.org\/{rel}","templated":true}]}}