{"id":737204,"date":"2025-08-27T23:23:03","date_gmt":"2025-08-27T20:23:03","guid":{"rendered":"https:\/\/roveyayinevi.com.tr\/index.php\/urun\/scott-pilgrim-1-scott-pilgrimin-degerli-ve-basit-hayati\/"},"modified":"2026-04-16T02:46:41","modified_gmt":"2026-04-15T23:46:41","slug":"scott-pilgrim-1-scott-pilgrimin-degerli-ve-basit-hayati","status":"publish","type":"product","link":"https:\/\/roveyayinevi.com.tr\/index.php\/urun\/scott-pilgrim-1-scott-pilgrimin-degerli-ve-basit-hayati\/","title":{"rendered":"Scott Pilgrim 1: Scott Pilgrim\u2019in De\u011ferli ve Basit Hayat\u0131"},"content":{"rendered":"<p>\u201cScott Pilgrim g\u00f6r\u00fcnenden \u00e7ok daha fazlas\u0131n\u0131 vadeden bir seri. Bilgisayar oyunlar\u0131 ve \u00e7izgi romanlar\u0131n sadece k\u00fclt\u00fcrel mihenk ta\u015flar\u0131na de\u011fil, ayr\u0131ca egemen g\u00f6rsel dile kar\u015f\u0131l\u0131k geldi\u011fi jenerasyon i\u00e7in, b\u00fcy\u00fcmenin ne ifade etti\u011fine dair iddial\u0131 bir d\u00fc\u015f\u00fcnce \u00fcr\u00fcn\u00fc.\u201d \u2013The Globe and Mail   Scott Pilgrim bir liseliyle \u00e7\u0131k\u0131yor fakat gelin g\u00f6r\u00fcn ki Ramona Flowers, Scott\u2019\u0131n beyninden paten kayarak ge\u00e7meye ba\u015flay\u0131nca t\u00fcm hayat\u0131 de\u011fi\u015fiyor. Scott, Ramona\u2019n\u0131n pe\u015fine d\u00fc\u015ft\u00fc\u011f\u00fc s\u0131rada ba\u015fkalar\u0131 da Scott\u2019\u0131 g\u00f6z\u00fcne kestiriyor: Ramona\u2019n\u0131n yedi k\u00f6t\u00fc eski sevgilisi. E\u011fer ki Scott bu ili\u015fkiyi y\u00fcr\u00fctmek istiyorsa her birini alt etmek zorunda. Ama bu \u00fcst\u00fcn gayretin bile yeterli olaca\u011f\u0131n\u0131n garantisi yok!<\/p>\n","protected":false},"excerpt":{"rendered":"<p>\u201cScott Pilgrim g\u00f6r\u00fcnenden \u00e7ok daha fazlas\u0131n\u0131 vadeden bir seri. Bilgisayar oyunlar\u0131 ve \u00e7izgi romanlar\u0131n sadece k\u00fclt\u00fcrel mihenk ta\u015flar\u0131na de\u011fil, ayr\u0131ca egemen g\u00f6rsel dile kar\u015f\u0131l\u0131k geldi\u011fi jenerasyon<span class=\"excerpt-hellip\"> [\u2026]<\/span><\/p>\n","protected":false},"featured_media":0,"template":"","meta":{"_monsterinsights_skip_tracking":false,"_monsterinsights_sitenote_active":false,"_monsterinsights_sitenote_note":"","_monsterinsights_sitenote_category":0},"product_brand":[],"product_cat":[12416,12291],"product_tag":[],"class_list":{"0":"post-737204","1":"product","2":"type-product","3":"status-publish","5":"product_cat-cizgi-roman","6":"product_cat-edebiyat","7":"pa_cilt-ciltsiz","8":"pa_tur-kitap","9":"pa_yayinevi-ithaki-yayinlari","10":"pa_yazar-bryan-lee-omalley","12":"first","13":"instock","14":"sale","15":"shipping-taxable","16":"purchasable","17":"product-type-simple"},"_links":{"self":[{"href":"https:\/\/roveyayinevi.com.tr\/index.php\/wp-json\/wp\/v2\/product\/737204","targetHints":{"allow":["GET"]}}],"collection":[{"href":"https:\/\/roveyayinevi.com.tr\/index.php\/wp-json\/wp\/v2\/product"}],"about":[{"href":"https:\/\/roveyayinevi.com.tr\/index.php\/wp-json\/wp\/v2\/types\/product"}],"wp:attachment":[{"href":"https:\/\/roveyayinevi.com.tr\/index.php\/wp-json\/wp\/v2\/media?parent=737204"}],"wp:term":[{"taxonomy":"product_brand","embeddable":true,"href":"https:\/\/roveyayinevi.com.tr\/index.php\/wp-json\/wp\/v2\/product_brand?post=737204"},{"taxonomy":"product_cat","embeddable":true,"href":"https:\/\/roveyayinevi.com.tr\/index.php\/wp-json\/wp\/v2\/product_cat?post=737204"},{"taxonomy":"product_tag","embeddable":true,"href":"https:\/\/roveyayinevi.com.tr\/index.php\/wp-json\/wp\/v2\/product_tag?post=737204"}],"curies":[{"name":"wp","href":"https:\/\/api.w.org\/{rel}","templated":true}]}}