{"id":737203,"date":"2025-08-27T23:23:01","date_gmt":"2025-08-27T20:23:01","guid":{"rendered":"https:\/\/roveyayinevi.com.tr\/index.php\/urun\/bir-oglanin-yasami\/"},"modified":"2026-04-16T02:46:41","modified_gmt":"2026-04-15T23:46:41","slug":"bir-oglanin-yasami","status":"publish","type":"product","link":"https:\/\/roveyayinevi.com.tr\/index.php\/urun\/bir-oglanin-yasami\/","title":{"rendered":"Bir O\u011flan\u0131n Ya\u015fam\u0131"},"content":{"rendered":"<p>Bram Stoker ve D\u00fcnya Fantazi En \u0130yi Roman \u00d6d\u00fcl\u00fc\u201cStephen King ve Bradbury\u2019nin \u00e7ocuklu\u011fa yakt\u0131klar\u0131 a\u011f\u0131tlar\u0131n g\u00fc\u00e7l\u00fc bir yank\u0131s\u0131.\u201d \u2013Kirkus Reviews1980\u2019li y\u0131llarda Amerikan korku edebiyat\u0131na damga vuran Robert McCammon\u2019\u0131n ustal\u0131k eseri olarak kabul edilen 1991 tarihli roman\u0131 Bir O\u011flan\u0131n Ya\u015fam\u0131, bir s\u00fcreli\u011fine kitap yay\u0131mlamay\u0131 b\u0131rakan ve edebiyata d\u00f6n\u00fc\u015f\u00fcn\u00fcn ard\u0131ndan farkl\u0131 t\u00fcrlere y\u00f6nelen yazar\u0131n korku edebiyat\u0131 kariyerinin zirvesini temsil ediyor.Y\u0131l 1964. So\u011fuk bir bahar sabah\u0131nda Cory Mackenson, s\u00fct da\u011f\u0131tan babas\u0131na e\u015flik ederken o g\u00fcn\u00fcn hayat\u0131n\u0131 de\u011fi\u015ftirecek g\u00fcn oldu\u011fundan habersizdir. \u00d6nlerine aniden \u00e7\u0131kan bir araba dipsiz g\u00f6le dald\u0131\u011f\u0131nda s\u00fcr\u00fcc\u00fcy\u00fc kurtarmak isteyen Cory\u2019nin babas\u0131 umutsuzca u\u011fra\u015f\u0131r fakat ne \u00e7are&#8230; Babas\u0131n\u0131n g\u00f6rd\u00fc\u011f\u00fc manzara uzun s\u00fcre ona i\u015fkence edecektir: Direksiyona kelep\u00e7elenmi\u015f, vah\u015fice d\u00f6v\u00fclm\u00fc\u015f, boynuna dolanm\u0131\u015f bir telle bo\u011fulmu\u015f bir adam. O andan itibaren Cory ile babas\u0131 ger\u00e7e\u011fin pe\u015fine d\u00fc\u015ferken katil de onlar\u0131n pe\u015fine d\u00fc\u015fecektir.Karanl\u0131ktan geliriz ve karanl\u0131\u011fa d\u00f6nmek zorunday\u0131z.<\/p>\n","protected":false},"excerpt":{"rendered":"<p>Bram Stoker ve D\u00fcnya Fantazi En \u0130yi Roman \u00d6d\u00fcl\u00fc\u201cStephen King ve Bradbury\u2019nin \u00e7ocuklu\u011fa yakt\u0131klar\u0131 a\u011f\u0131tlar\u0131n g\u00fc\u00e7l\u00fc bir yank\u0131s\u0131.\u201d \u2013Kirkus Reviews1980\u2019li y\u0131llarda Amerikan korku edebiyat\u0131na damga vuran<span class=\"excerpt-hellip\"> [\u2026]<\/span><\/p>\n","protected":false},"featured_media":0,"template":"","meta":{"_monsterinsights_skip_tracking":false,"_monsterinsights_sitenote_active":false,"_monsterinsights_sitenote_note":"","_monsterinsights_sitenote_category":0},"product_brand":[],"product_cat":[12291,17033],"product_tag":[],"class_list":{"0":"post-737203","1":"product","2":"type-product","3":"status-publish","5":"product_cat-edebiyat","6":"product_cat-korku-gerilim","7":"pa_cilt-ciltsiz","8":"pa_tur-kitap","9":"pa_yayinevi-ithaki-yayinlari","10":"pa_yazar-robert-mccammon","12":"first","13":"instock","14":"sale","15":"shipping-taxable","16":"purchasable","17":"product-type-simple"},"_links":{"self":[{"href":"https:\/\/roveyayinevi.com.tr\/index.php\/wp-json\/wp\/v2\/product\/737203","targetHints":{"allow":["GET"]}}],"collection":[{"href":"https:\/\/roveyayinevi.com.tr\/index.php\/wp-json\/wp\/v2\/product"}],"about":[{"href":"https:\/\/roveyayinevi.com.tr\/index.php\/wp-json\/wp\/v2\/types\/product"}],"wp:attachment":[{"href":"https:\/\/roveyayinevi.com.tr\/index.php\/wp-json\/wp\/v2\/media?parent=737203"}],"wp:term":[{"taxonomy":"product_brand","embeddable":true,"href":"https:\/\/roveyayinevi.com.tr\/index.php\/wp-json\/wp\/v2\/product_brand?post=737203"},{"taxonomy":"product_cat","embeddable":true,"href":"https:\/\/roveyayinevi.com.tr\/index.php\/wp-json\/wp\/v2\/product_cat?post=737203"},{"taxonomy":"product_tag","embeddable":true,"href":"https:\/\/roveyayinevi.com.tr\/index.php\/wp-json\/wp\/v2\/product_tag?post=737203"}],"curies":[{"name":"wp","href":"https:\/\/api.w.org\/{rel}","templated":true}]}}