{"id":737193,"date":"2025-08-27T23:22:49","date_gmt":"2025-08-27T20:22:49","guid":{"rendered":"https:\/\/roveyayinevi.com.tr\/index.php\/urun\/minik-fare-ve-orman-sakinleri\/"},"modified":"2026-04-16T02:46:40","modified_gmt":"2026-04-15T23:46:40","slug":"minik-fare-ve-orman-sakinleri","status":"publish","type":"product","link":"https:\/\/roveyayinevi.com.tr\/index.php\/urun\/minik-fare-ve-orman-sakinleri\/","title":{"rendered":"Minik Fare ve Orman Sakinleri"},"content":{"rendered":"<p>Uzaklardaki bir ormanda, en uzun a\u011fac\u0131n alt\u0131nda, hem konu\u015fkan hem arkada\u015f canl\u0131s\u0131, \u00e7ok sevecen bir fare ya\u015fard\u0131. Minik fare bir g\u00fcn, birka\u00e7 hayvanla kar\u015f\u0131la\u015ft\u0131. Bu hayvanlar, \u015faka yapmaya bay\u0131l\u0131rd\u0131. Bakal\u0131m minik fareye de \u015faka yapacaklar m\u0131?<\/p>\n","protected":false},"excerpt":{"rendered":"<p>Uzaklardaki bir ormanda, en uzun a\u011fac\u0131n alt\u0131nda, hem konu\u015fkan hem arkada\u015f canl\u0131s\u0131, \u00e7ok sevecen bir fare ya\u015fard\u0131. Minik fare bir g\u00fcn, birka\u00e7 hayvanla kar\u015f\u0131la\u015ft\u0131. Bu hayvanlar,<span class=\"excerpt-hellip\"> [\u2026]<\/span><\/p>\n","protected":false},"featured_media":0,"template":"","meta":{"_monsterinsights_skip_tracking":false,"_monsterinsights_sitenote_active":false,"_monsterinsights_sitenote_note":"","_monsterinsights_sitenote_category":0},"product_brand":[],"product_cat":[12274,12518],"product_tag":[],"class_list":{"0":"post-737193","1":"product","2":"type-product","3":"status-publish","5":"product_cat-cocuk-ve-genclik-kitaplari","6":"product_cat-okul-oncesi-kitaplar","7":"pa_cilt-ciltsiz","8":"pa_tur-kitap","9":"pa_yayinevi-is-bankasi-kultur-yayinlari","10":"pa_yazar-joshua-george","12":"first","13":"instock","14":"sale","15":"shipping-taxable","16":"purchasable","17":"product-type-simple"},"_links":{"self":[{"href":"https:\/\/roveyayinevi.com.tr\/index.php\/wp-json\/wp\/v2\/product\/737193","targetHints":{"allow":["GET"]}}],"collection":[{"href":"https:\/\/roveyayinevi.com.tr\/index.php\/wp-json\/wp\/v2\/product"}],"about":[{"href":"https:\/\/roveyayinevi.com.tr\/index.php\/wp-json\/wp\/v2\/types\/product"}],"wp:attachment":[{"href":"https:\/\/roveyayinevi.com.tr\/index.php\/wp-json\/wp\/v2\/media?parent=737193"}],"wp:term":[{"taxonomy":"product_brand","embeddable":true,"href":"https:\/\/roveyayinevi.com.tr\/index.php\/wp-json\/wp\/v2\/product_brand?post=737193"},{"taxonomy":"product_cat","embeddable":true,"href":"https:\/\/roveyayinevi.com.tr\/index.php\/wp-json\/wp\/v2\/product_cat?post=737193"},{"taxonomy":"product_tag","embeddable":true,"href":"https:\/\/roveyayinevi.com.tr\/index.php\/wp-json\/wp\/v2\/product_tag?post=737193"}],"curies":[{"name":"wp","href":"https:\/\/api.w.org\/{rel}","templated":true}]}}