{"id":737192,"date":"2025-08-27T23:22:47","date_gmt":"2025-08-27T20:22:47","guid":{"rendered":"https:\/\/roveyayinevi.com.tr\/index.php\/urun\/tonyanin-findikkiran-balesi\/"},"modified":"2026-04-16T02:46:40","modified_gmt":"2026-04-15T23:46:40","slug":"tonyanin-findikkiran-balesi","status":"publish","type":"product","link":"https:\/\/roveyayinevi.com.tr\/index.php\/urun\/tonyanin-findikkiran-balesi\/","title":{"rendered":"Tonya\u2019n\u0131n F\u0131nd\u0131kk\u0131ran Balesi"},"content":{"rendered":"<p>Ben, Tonya! Seni dedemin f\u0131nd\u0131k bah\u00e7esinde, muhte\u015fem bir y\u0131la davet ediyorum. F\u0131nd\u0131k nas\u0131l yeti\u015fir, hi\u00e7 merak ettin mi? F\u0131nd\u0131k deyip ge\u00e7me! Her f\u0131nd\u0131k tanesinde koca bir senenin eme\u011fi var. Dedem \u00e7ok \u00e7al\u0131\u015ft\u0131, ben de ona yard\u0131m ettim. Sab\u0131rla bekledik, zorluklar kar\u015f\u0131s\u0131nda hi\u00e7 pes etmedik. Do\u011fan\u0131n muhte\u015fem d\u00f6ng\u00fcs\u00fcn\u00fc beraber seyrettik, ona e\u015flik ettik. Sonunda, bu \u00e7abam\u0131z\u0131n kar\u015f\u0131l\u0131\u011f\u0131nda, birbirinden g\u00fczel f\u0131nd\u0131klar\u0131m\u0131z oldu.Sen de bize kat\u0131l, do\u011fan\u0131n e\u015fsiz dans\u0131n\u0131 F\u0131nd\u0131kk\u0131ran Balesi\u2019yle ta\u00e7land\u0131ral\u0131m!<\/p>\n","protected":false},"excerpt":{"rendered":"<p>Ben, Tonya! Seni dedemin f\u0131nd\u0131k bah\u00e7esinde, muhte\u015fem bir y\u0131la davet ediyorum. F\u0131nd\u0131k nas\u0131l yeti\u015fir, hi\u00e7 merak ettin mi? F\u0131nd\u0131k deyip ge\u00e7me! Her f\u0131nd\u0131k tanesinde koca bir<span class=\"excerpt-hellip\"> [\u2026]<\/span><\/p>\n","protected":false},"featured_media":0,"template":"","meta":{"_monsterinsights_skip_tracking":false,"_monsterinsights_sitenote_active":false,"_monsterinsights_sitenote_note":"","_monsterinsights_sitenote_category":0},"product_brand":[],"product_cat":[12274,12518],"product_tag":[],"class_list":{"0":"post-737192","1":"product","2":"type-product","3":"status-publish","5":"product_cat-cocuk-ve-genclik-kitaplari","6":"product_cat-okul-oncesi-kitaplar","7":"pa_cilt-ciltsiz","8":"pa_tur-kitap","9":"pa_yayinevi-is-bankasi-kultur-yayinlari","10":"pa_yazar-goknur-birincioglu","12":"first","13":"instock","14":"sale","15":"shipping-taxable","16":"purchasable","17":"product-type-simple"},"_links":{"self":[{"href":"https:\/\/roveyayinevi.com.tr\/index.php\/wp-json\/wp\/v2\/product\/737192","targetHints":{"allow":["GET"]}}],"collection":[{"href":"https:\/\/roveyayinevi.com.tr\/index.php\/wp-json\/wp\/v2\/product"}],"about":[{"href":"https:\/\/roveyayinevi.com.tr\/index.php\/wp-json\/wp\/v2\/types\/product"}],"wp:attachment":[{"href":"https:\/\/roveyayinevi.com.tr\/index.php\/wp-json\/wp\/v2\/media?parent=737192"}],"wp:term":[{"taxonomy":"product_brand","embeddable":true,"href":"https:\/\/roveyayinevi.com.tr\/index.php\/wp-json\/wp\/v2\/product_brand?post=737192"},{"taxonomy":"product_cat","embeddable":true,"href":"https:\/\/roveyayinevi.com.tr\/index.php\/wp-json\/wp\/v2\/product_cat?post=737192"},{"taxonomy":"product_tag","embeddable":true,"href":"https:\/\/roveyayinevi.com.tr\/index.php\/wp-json\/wp\/v2\/product_tag?post=737192"}],"curies":[{"name":"wp","href":"https:\/\/api.w.org\/{rel}","templated":true}]}}