{"id":737189,"date":"2025-08-27T23:22:44","date_gmt":"2025-08-27T20:22:44","guid":{"rendered":"https:\/\/roveyayinevi.com.tr\/index.php\/urun\/bizim-ev-piril-piril\/"},"modified":"2026-01-30T03:15:44","modified_gmt":"2026-01-30T00:15:44","slug":"bizim-ev-piril-piril","status":"publish","type":"product","link":"https:\/\/roveyayinevi.com.tr\/index.php\/urun\/bizim-ev-piril-piril\/","title":{"rendered":"Bizim Ev P\u0131r\u0131l P\u0131r\u0131l"},"content":{"rendered":"<p>KARAR AILESIYLE TANI\u015eIN: SAKAR, KARMAN \u00c7ORMAN VE BIR DEMET NERGIS KADAR \u00c7ILGIN!.. B\u0130Z\u0130M EV PIRIL PIRIL Karar ailesinin hayat\u0131 hi\u00e7 kolay de\u011fil\u2026 Ailenin babas\u0131 yurt d\u0131\u015f\u0131na \u00e7al\u0131\u015fmaya gidiyor. Y\u0131lba\u015f\u0131 yakla\u015f\u0131rken, tiyatro heyecan\u0131 b\u00fct\u00fcn okulu sar\u0131yor. Chloe\u2019nin sevimsiz s\u0131n\u0131f arkada\u015f\u0131 Imogen her zamankinden daha \u00e7ekilmez davran\u0131yor. Ve \u00e7\u0131lg\u0131n akrabalar\u0131 ziyarete gelmeden \u00f6nce evdeki tadilat\u0131n bitmesi gerekiyor. Acaba bu ev bir g\u00fcn p\u0131r\u0131l p\u0131r\u0131l olabilecek mi? Kimse m\u00fckemmel de\u011fildir, ama bu hi\u00e7 dert de\u011fil. \u00c7\u00fcnk\u00fc \u00e7ok mutlu olmak i\u00e7in m\u00fckemmel olmak gerekmez! KARAR A\u0130LES\u0130N\u0130N MACERALARINI OKURKEN KAHKAHALARINIZI TUTAMAYACAKSINIZ! <\/p>\n","protected":false},"excerpt":{"rendered":"<p>KARAR AILESIYLE TANI\u015eIN: SAKAR, KARMAN \u00c7ORMAN VE BIR DEMET NERGIS KADAR \u00c7ILGIN!.. B\u0130Z\u0130M EV PIRIL PIRIL Karar ailesinin hayat\u0131 hi\u00e7 kolay de\u011fil\u2026 Ailenin babas\u0131 yurt d\u0131\u015f\u0131na<span class=\"excerpt-hellip\"> [\u2026]<\/span><\/p>\n","protected":false},"featured_media":0,"template":"","meta":{"_monsterinsights_skip_tracking":false,"_monsterinsights_sitenote_active":false,"_monsterinsights_sitenote_note":"","_monsterinsights_sitenote_category":0},"product_brand":[],"product_cat":[12274,12284],"product_tag":[],"class_list":{"0":"post-737189","1":"product","2":"type-product","3":"status-publish","5":"product_cat-cocuk-ve-genclik-kitaplari","6":"product_cat-hikayeler","7":"pa_cilt-ciltsiz","8":"pa_tur-kitap","9":"pa_yayinevi-is-bankasi-kultur-yayinlari","10":"pa_yazar-t-s-easton","12":"first","13":"instock","14":"sale","15":"shipping-taxable","16":"purchasable","17":"product-type-simple"},"_links":{"self":[{"href":"https:\/\/roveyayinevi.com.tr\/index.php\/wp-json\/wp\/v2\/product\/737189","targetHints":{"allow":["GET"]}}],"collection":[{"href":"https:\/\/roveyayinevi.com.tr\/index.php\/wp-json\/wp\/v2\/product"}],"about":[{"href":"https:\/\/roveyayinevi.com.tr\/index.php\/wp-json\/wp\/v2\/types\/product"}],"wp:attachment":[{"href":"https:\/\/roveyayinevi.com.tr\/index.php\/wp-json\/wp\/v2\/media?parent=737189"}],"wp:term":[{"taxonomy":"product_brand","embeddable":true,"href":"https:\/\/roveyayinevi.com.tr\/index.php\/wp-json\/wp\/v2\/product_brand?post=737189"},{"taxonomy":"product_cat","embeddable":true,"href":"https:\/\/roveyayinevi.com.tr\/index.php\/wp-json\/wp\/v2\/product_cat?post=737189"},{"taxonomy":"product_tag","embeddable":true,"href":"https:\/\/roveyayinevi.com.tr\/index.php\/wp-json\/wp\/v2\/product_tag?post=737189"}],"curies":[{"name":"wp","href":"https:\/\/api.w.org\/{rel}","templated":true}]}}