{"id":737163,"date":"2025-08-27T23:22:15","date_gmt":"2025-08-27T20:22:15","guid":{"rendered":"https:\/\/roveyayinevi.com.tr\/index.php\/urun\/hakikat-saraptadir\/"},"modified":"2026-04-16T02:46:39","modified_gmt":"2026-04-15T23:46:39","slug":"hakikat-saraptadir","status":"publish","type":"product","link":"https:\/\/roveyayinevi.com.tr\/index.php\/urun\/hakikat-saraptadir\/","title":{"rendered":"Hakikat \u015earaptad\u0131r"},"content":{"rendered":"<p>In Vino Veritas\u2019ta, olaylar\u0131 bize aktaran William Afham\u2019d\u0131r. Afham, Kierkegaard\u2019un di\u011fer metinlerinde rastlad\u0131\u011f\u0131m\u0131z a\u015fina takma adlara kar\u015f\u0131l\u0131k ilk defa bu metinde tan\u0131\u015ft\u0131\u011f\u0131m\u0131z bir karakterdir. Kendisi bir davet d\u00fczenler, davette s\u0131n\u0131rs\u0131z \u015farap olaca\u011f\u0131n\u0131 ve davetlilerden her birinin ancak \u015farap etkisini o ki\u015fide g\u00f6sterdikten sonra, ba\u015fka bir deyi\u015fle normalde ki\u015finin s\u00f6ylemeyece\u011fi \u015feyleri s\u00f6yler duruma gelmesinden sonra konu\u015fmaya ba\u015flayaca\u011f\u0131n\u0131 bize s\u00f6yler. Bu ba\u011flamda konu\u015fmalar olacakt\u0131r, sohbetler de\u011fil. Tart\u0131\u015fman\u0131n konusu Eros\u2019tur ve konu\u015fmalar erotik a\u015fk \u00fczerine d\u00f6necektir.<\/p>\n","protected":false},"excerpt":{"rendered":"<p>In Vino Veritas\u2019ta, olaylar\u0131 bize aktaran William Afham\u2019d\u0131r. Afham, Kierkegaard\u2019un di\u011fer metinlerinde rastlad\u0131\u011f\u0131m\u0131z a\u015fina takma adlara kar\u015f\u0131l\u0131k ilk defa bu metinde tan\u0131\u015ft\u0131\u011f\u0131m\u0131z bir karakterdir. Kendisi bir<span class=\"excerpt-hellip\"> [\u2026]<\/span><\/p>\n","protected":false},"featured_media":0,"template":"","meta":{"_monsterinsights_skip_tracking":false,"_monsterinsights_sitenote_active":false,"_monsterinsights_sitenote_note":"","_monsterinsights_sitenote_category":0},"product_brand":[],"product_cat":[12389,12388],"product_tag":[],"class_list":{"0":"post-737163","1":"product","2":"type-product","3":"status-publish","5":"product_cat-diger-felsefe","6":"product_cat-felsefe","7":"pa_cilt-ciltsiz","8":"pa_tur-kitap","9":"pa_yayinevi-pinhan-yayincilik","10":"pa_yazar-soren-kierkegaard","12":"first","13":"instock","14":"sale","15":"shipping-taxable","16":"purchasable","17":"product-type-simple"},"_links":{"self":[{"href":"https:\/\/roveyayinevi.com.tr\/index.php\/wp-json\/wp\/v2\/product\/737163","targetHints":{"allow":["GET"]}}],"collection":[{"href":"https:\/\/roveyayinevi.com.tr\/index.php\/wp-json\/wp\/v2\/product"}],"about":[{"href":"https:\/\/roveyayinevi.com.tr\/index.php\/wp-json\/wp\/v2\/types\/product"}],"wp:attachment":[{"href":"https:\/\/roveyayinevi.com.tr\/index.php\/wp-json\/wp\/v2\/media?parent=737163"}],"wp:term":[{"taxonomy":"product_brand","embeddable":true,"href":"https:\/\/roveyayinevi.com.tr\/index.php\/wp-json\/wp\/v2\/product_brand?post=737163"},{"taxonomy":"product_cat","embeddable":true,"href":"https:\/\/roveyayinevi.com.tr\/index.php\/wp-json\/wp\/v2\/product_cat?post=737163"},{"taxonomy":"product_tag","embeddable":true,"href":"https:\/\/roveyayinevi.com.tr\/index.php\/wp-json\/wp\/v2\/product_tag?post=737163"}],"curies":[{"name":"wp","href":"https:\/\/api.w.org\/{rel}","templated":true}]}}