{"id":737148,"date":"2025-08-27T23:21:58","date_gmt":"2025-08-27T20:21:58","guid":{"rendered":"https:\/\/roveyayinevi.com.tr\/index.php\/urun\/gol\/"},"modified":"2026-04-16T02:46:39","modified_gmt":"2026-04-15T23:46:39","slug":"gol","status":"publish","type":"product","link":"https:\/\/roveyayinevi.com.tr\/index.php\/urun\/gol\/","title":{"rendered":"G\u00f6l"},"content":{"rendered":"<p>Jean Echenoz, Frans\u0131zlar\u0131n \u00ab Ya\u015fayan Flaubert \u00bb dedi\u011fi d\u00fcnyaca \u00fcnl\u00fc bir yazar. Pek \u00e7ok itibarl\u0131 \u00f6d\u00fcl\u00fc var. G\u00f6l roman\u0131nda polisiye bir macera \u00fczerinden, kendine has \u00fcslubuyla sahici mi alayc\u0131 m\u0131 belirsiz, \u00e7ok katmanl\u0131 bir hik\u00e2ye anlat\u0131yor. Hik\u00e2yede ince bir mizah da seziliyor. Grand Prix \u00f6d\u00fcll\u00fc roman ayn\u0131 zamanda polisiye t\u00fcr\u00fcn\u00fcn bir parodisi olarak da okunabilir.   Arka kapak yaz\u0131s\u0131 : Esrarengiz bir du\u0308nyan\u0131n s\u0131rr\u0131n\u0131 \u00e7\u00f6zmeye \u00e7al\u0131\u015fan Franck Chopin, hem b\u00f6cekbilimci hem casus. Banliy\u00f6lerinin \u00e7\u0131kmaz sokaklar\u0131ndan u\u0308nlu\u0308 meydanlar\u0131na Paris. \u201c\u0130hanet\u201d temas\u0131 \u00e7er\u00e7evesine yerle\u015ftirilmi\u015f a\u015fk ve seru\u0308ven. E\u015fsiz geometrisiyle katman katman a\u00e7\u0131lan, birbirine do\u011fru tutulmu\u015f aynalar\u0131n g\u00f6ru\u0308ntu\u0308su\u0308 gibi su\u0308rekli \u00e7o\u011falan s\u0131rad\u0131\u015f\u0131 bir anlat\u0131. Sahici mi alayl\u0131 m\u0131 belirsiz, kimi zaman anlaml\u0131 kimi zaman yersiz, ama illaki ironik bir macera. Hem polisiye hem polisiye parodisi, hatta belki de polisiyenin \u201cyap\u0131s\u00f6ku\u0308mu\u0308\u201d. Kar\u015f\u0131n\u0131zda Jean Echenoz\u2019nun Grand Prix \u00f6du\u0308llu\u0308 roman\u0131 G\u00f6l. <\/p>\n","protected":false},"excerpt":{"rendered":"<p>Jean Echenoz, Frans\u0131zlar\u0131n \u00ab Ya\u015fayan Flaubert \u00bb dedi\u011fi d\u00fcnyaca \u00fcnl\u00fc bir yazar. Pek \u00e7ok itibarl\u0131 \u00f6d\u00fcl\u00fc var. G\u00f6l roman\u0131nda polisiye bir macera \u00fczerinden, kendine has \u00fcslubuyla<span class=\"excerpt-hellip\"> [\u2026]<\/span><\/p>\n","protected":false},"featured_media":0,"template":"","meta":{"_monsterinsights_skip_tracking":false,"_monsterinsights_sitenote_active":false,"_monsterinsights_sitenote_note":"","_monsterinsights_sitenote_category":0},"product_brand":[],"product_cat":[12291,12711],"product_tag":[],"class_list":{"0":"post-737148","1":"product","2":"type-product","3":"status-publish","5":"product_cat-edebiyat","6":"product_cat-roman-oyku","7":"pa_cilt-ciltsiz","8":"pa_tur-kitap","9":"pa_yayinevi-ketebe-yayinlari","10":"pa_yazar-jean-echenoz","12":"first","13":"instock","14":"sale","15":"shipping-taxable","16":"purchasable","17":"product-type-simple"},"_links":{"self":[{"href":"https:\/\/roveyayinevi.com.tr\/index.php\/wp-json\/wp\/v2\/product\/737148","targetHints":{"allow":["GET"]}}],"collection":[{"href":"https:\/\/roveyayinevi.com.tr\/index.php\/wp-json\/wp\/v2\/product"}],"about":[{"href":"https:\/\/roveyayinevi.com.tr\/index.php\/wp-json\/wp\/v2\/types\/product"}],"wp:attachment":[{"href":"https:\/\/roveyayinevi.com.tr\/index.php\/wp-json\/wp\/v2\/media?parent=737148"}],"wp:term":[{"taxonomy":"product_brand","embeddable":true,"href":"https:\/\/roveyayinevi.com.tr\/index.php\/wp-json\/wp\/v2\/product_brand?post=737148"},{"taxonomy":"product_cat","embeddable":true,"href":"https:\/\/roveyayinevi.com.tr\/index.php\/wp-json\/wp\/v2\/product_cat?post=737148"},{"taxonomy":"product_tag","embeddable":true,"href":"https:\/\/roveyayinevi.com.tr\/index.php\/wp-json\/wp\/v2\/product_tag?post=737148"}],"curies":[{"name":"wp","href":"https:\/\/api.w.org\/{rel}","templated":true}]}}