{"id":737140,"date":"2025-08-27T23:21:48","date_gmt":"2025-08-27T20:21:48","guid":{"rendered":"https:\/\/roveyayinevi.com.tr\/index.php\/urun\/kapitalizmin-tarihi\/"},"modified":"2026-04-16T02:46:38","modified_gmt":"2026-04-15T23:46:38","slug":"kapitalizmin-tarihi","status":"publish","type":"product","link":"https:\/\/roveyayinevi.com.tr\/index.php\/urun\/kapitalizmin-tarihi\/","title":{"rendered":"Kapitalizmin Tarihi"},"content":{"rendered":"<p>Kapitalizm s\u00fcrekli bi\u00e7im de\u011fi\u015fimine tabidir; birikim tarz\u0131, birtak\u0131m d\u00fczenlemeleri de\u011fi\u015fir (Serbest rekabet\u00e7i kapitalizm, tekelci kapitalizm emperyalizm-). Marks\u00b4\u0131n dedi\u011fi gibi kapitalizmin; bug\u00fcnk\u00fc toplumun, kaskat\u0131 bir kristal olmay\u0131p, de\u011fi\u015febilen ve s\u00fcrekli olarak de\u011fi\u015fen bir organizma oldu\u011fu kavran\u0131lmaks\u0131z\u0131n ne kapitalist \u00fcretim bi\u00e7imi ne de onu a\u015fma, sosyalizmi kurma m\u00fccadelesi kavranm\u0131\u015f olur.Bu \u00e7al\u0131\u015fmada kapitalizmin ve krizlerin tarihi de\u011fi\u015fken bir organizman\u0131n tarihi olarak ele al\u0131n\u0131yor ve 1600-1990 aras\u0131nda bu de\u011fi\u015fken organizmada nicel ve nitel de\u011fi\u015fimler \u00f6zellikle \u00e7evrimli krizler (fazla \u00fcretim krizleri) temelinde inceleniyor.Her bir ekonomik formasyonun; \u00fcretim bi\u00e7iminin kendine \u00f6zg\u00fc yasalar\u0131 vard\u0131r. Bu yasalar nesneldir, insanlar taraf\u0131ndan de\u011fi\u015ftirilemez, ancak, ko\u015fullar\u0131 varsa deforme edilebilir. Kapitalizmin tarihinde b\u00f6ylesi geli\u015fmelerin olup olmad\u0131\u011f\u0131 da bu \u00e7al\u0131\u015fman\u0131n bir konusudur.Marks\u00b4\u0131n ?Kapitali nas\u0131l okunmal\u0131d\u0131r diye bir soru bu \u00e7al\u0131\u015fmada yok. Ama Kapital\u00b4in her d\u00f6nem g\u00fcncel okunabilece\u011fi; y\u00f6nteminin ve teorik i\u00e7eri\u011finin, bunun \u00f6tesinde ideolojik b\u00fct\u00fcnselli\u011finin kapitalizm var oldu\u011fu m\u00fcddet\u00e7e hep g\u00fcncel kalaca\u011f\u0131; \u00f6nemli olan\u0131n o ?de\u011fi\u015fken organizmada nicel ve nitel de\u011fi\u015fimi g\u00f6rebilmek oldu\u011fu, bu \u00e7al\u0131\u015fman\u0131n ad\u0131 konmam\u0131\u015f ba\u015fl\u0131klar\u0131 olarak g\u00f6r\u00fclmelidir.<\/p>\n","protected":false},"excerpt":{"rendered":"<p>Kapitalizm s\u00fcrekli bi\u00e7im de\u011fi\u015fimine tabidir; birikim tarz\u0131, birtak\u0131m d\u00fczenlemeleri de\u011fi\u015fir (Serbest rekabet\u00e7i kapitalizm, tekelci kapitalizm emperyalizm-). Marks\u00b4\u0131n dedi\u011fi gibi kapitalizmin; bug\u00fcnk\u00fc toplumun, kaskat\u0131 bir kristal olmay\u0131p,<span class=\"excerpt-hellip\"> [\u2026]<\/span><\/p>\n","protected":false},"featured_media":0,"template":"","meta":{"_monsterinsights_skip_tracking":false,"_monsterinsights_sitenote_active":false,"_monsterinsights_sitenote_note":"","_monsterinsights_sitenote_category":0},"product_brand":[],"product_cat":[12370,12304],"product_tag":[],"class_list":{"0":"post-737140","1":"product","2":"type-product","3":"status-publish","5":"product_cat-arastirma-inceleme","6":"product_cat-tarih","7":"pa_cilt-ciltsiz","8":"pa_tur-kitap","9":"pa_yayinevi-sinirsiz-kitap","10":"pa_yazar-ibrahim-okcuoglu","12":"first","13":"instock","14":"sale","15":"shipping-taxable","16":"purchasable","17":"product-type-simple"},"_links":{"self":[{"href":"https:\/\/roveyayinevi.com.tr\/index.php\/wp-json\/wp\/v2\/product\/737140","targetHints":{"allow":["GET"]}}],"collection":[{"href":"https:\/\/roveyayinevi.com.tr\/index.php\/wp-json\/wp\/v2\/product"}],"about":[{"href":"https:\/\/roveyayinevi.com.tr\/index.php\/wp-json\/wp\/v2\/types\/product"}],"wp:attachment":[{"href":"https:\/\/roveyayinevi.com.tr\/index.php\/wp-json\/wp\/v2\/media?parent=737140"}],"wp:term":[{"taxonomy":"product_brand","embeddable":true,"href":"https:\/\/roveyayinevi.com.tr\/index.php\/wp-json\/wp\/v2\/product_brand?post=737140"},{"taxonomy":"product_cat","embeddable":true,"href":"https:\/\/roveyayinevi.com.tr\/index.php\/wp-json\/wp\/v2\/product_cat?post=737140"},{"taxonomy":"product_tag","embeddable":true,"href":"https:\/\/roveyayinevi.com.tr\/index.php\/wp-json\/wp\/v2\/product_tag?post=737140"}],"curies":[{"name":"wp","href":"https:\/\/api.w.org\/{rel}","templated":true}]}}