{"id":737134,"date":"2025-08-27T23:21:42","date_gmt":"2025-08-27T20:21:42","guid":{"rendered":"https:\/\/roveyayinevi.com.tr\/index.php\/urun\/issizligin-tarihi\/"},"modified":"2026-04-16T02:46:38","modified_gmt":"2026-04-15T23:46:38","slug":"issizligin-tarihi","status":"publish","type":"product","link":"https:\/\/roveyayinevi.com.tr\/index.php\/urun\/issizligin-tarihi\/","title":{"rendered":"\u0130\u015fsizli\u011fin Tarihi"},"content":{"rendered":"<p>Kapitalizmin tarihi i\u015fsizli\u011fin tarihidir. Bunun tersi de do\u011frudur; i\u015fsizli\u011fin tarihi ayn\u0131 zamanda kapitalizmin de tarihidir. Bu anlamda her iki tarih \u00f6zde\u015ftir, birlikte vard\u0131r ve birlikte yok olur. Bu, kendili\u011finden bir yok olma de\u011fildir; kapitalizm ve i\u015fsizlik ancak yok edilebilir. Onu yok edecek s\u0131n\u0131f, gelece\u011fi; sosyalizmi kuracak olan s\u0131n\u0131ft\u0131r, i\u015f\u00e7i s\u0131n\u0131f\u0131d\u0131r. Bu m\u00fccadelede iki kutup var: Bir taraftan burjuvazi ve di\u011fer taraftan da i\u015f\u00e7i s\u0131n\u0131f\u0131. Toplumsal ve ekonomik ya\u015famda bu iki temel s\u0131n\u0131f s\u00fcrekli kar\u015f\u0131 kar\u015f\u0131yad\u0131r. Aralar\u0131ndaki \u00e7eli\u015fki antagonisttir; uzla\u015fmazd\u0131r. Her iki s\u0131n\u0131f aras\u0131ndaki m\u00fccadele nihayetinde sistem m\u00fccadelesidir. Bu nedenle i\u015fsizli\u011fe kar\u015f\u0131 m\u00fccadele esas itibariyle kapitalizmi y\u0131kma ve sosyalizmi kurma m\u00fccadelesidir. <\/p>\n","protected":false},"excerpt":{"rendered":"<p>Kapitalizmin tarihi i\u015fsizli\u011fin tarihidir. Bunun tersi de do\u011frudur; i\u015fsizli\u011fin tarihi ayn\u0131 zamanda kapitalizmin de tarihidir. Bu anlamda her iki tarih \u00f6zde\u015ftir, birlikte vard\u0131r ve birlikte yok<span class=\"excerpt-hellip\"> [\u2026]<\/span><\/p>\n","protected":false},"featured_media":0,"template":"","meta":{"_monsterinsights_skip_tracking":false,"_monsterinsights_sitenote_active":false,"_monsterinsights_sitenote_note":"","_monsterinsights_sitenote_category":0},"product_brand":[],"product_cat":[12370,12304],"product_tag":[],"class_list":{"0":"post-737134","1":"product","2":"type-product","3":"status-publish","5":"product_cat-arastirma-inceleme","6":"product_cat-tarih","7":"pa_cilt-ciltsiz","8":"pa_tur-kitap","9":"pa_yayinevi-sinirsiz-kitap","10":"pa_yazar-ibrahim-okcuoglu","12":"first","13":"instock","14":"sale","15":"shipping-taxable","16":"purchasable","17":"product-type-simple"},"_links":{"self":[{"href":"https:\/\/roveyayinevi.com.tr\/index.php\/wp-json\/wp\/v2\/product\/737134","targetHints":{"allow":["GET"]}}],"collection":[{"href":"https:\/\/roveyayinevi.com.tr\/index.php\/wp-json\/wp\/v2\/product"}],"about":[{"href":"https:\/\/roveyayinevi.com.tr\/index.php\/wp-json\/wp\/v2\/types\/product"}],"wp:attachment":[{"href":"https:\/\/roveyayinevi.com.tr\/index.php\/wp-json\/wp\/v2\/media?parent=737134"}],"wp:term":[{"taxonomy":"product_brand","embeddable":true,"href":"https:\/\/roveyayinevi.com.tr\/index.php\/wp-json\/wp\/v2\/product_brand?post=737134"},{"taxonomy":"product_cat","embeddable":true,"href":"https:\/\/roveyayinevi.com.tr\/index.php\/wp-json\/wp\/v2\/product_cat?post=737134"},{"taxonomy":"product_tag","embeddable":true,"href":"https:\/\/roveyayinevi.com.tr\/index.php\/wp-json\/wp\/v2\/product_tag?post=737134"}],"curies":[{"name":"wp","href":"https:\/\/api.w.org\/{rel}","templated":true}]}}