{"id":737121,"date":"2025-08-27T23:21:28","date_gmt":"2025-08-27T20:21:28","guid":{"rendered":"https:\/\/roveyayinevi.com.tr\/index.php\/urun\/zeka-tuzagi\/"},"modified":"2026-04-16T02:46:37","modified_gmt":"2026-04-15T23:46:37","slug":"zeka-tuzagi","status":"publish","type":"product","link":"https:\/\/roveyayinevi.com.tr\/index.php\/urun\/zeka-tuzagi\/","title":{"rendered":"Zeka Tuza\u011f\u0131"},"content":{"rendered":"<p>\u201cBir\u00e7ok insan d\u00fc\u015f\u00fcnd\u00fc\u011f\u00fcn\u00fc san\u0131r; asl\u0131nda yapt\u0131klar\u0131, sadece \u00f6nyarg\u0131lar\u0131n\u0131 yeniden d\u00fczenlemektir.\u201d WILLIAM JAMES Y\u00fcksek zek\u00e2l\u0131 insanlar\u0131n sonuca varmadan \u00f6nce eldeki verileri bizlerden daha donan\u0131ml\u0131 bir \u015fekilde de\u011ferlendirdi\u011fini varsayar\u0131z. Muhakeme yeteneklerine g\u00fcvenir, \u00f6nyarg\u0131lardan uzak olduklar\u0131n\u0131 d\u00fc\u015f\u00fcn\u00fcr\u00fcz. Ama durum pek de \u00f6yle de\u011fil. \u2022 \u00c7ok zeki insanlar \u00e7ok mant\u0131ks\u0131z kararlar alabiliyor. Nobelli bir fizik\u00e7i Arjantin s\u0131n\u0131r\u0131ndan iki kilo eroin ge\u00e7irmek \u00fczere kand\u0131r\u0131labiliyor, Sherlock gibi bir zihni yaratan Arthur Conan Doyle iki ergen taraf\u0131ndan oyuna getirilebiliyor. Bilgi ve uzmanl\u0131k, insanlar\u0131 \u00f6nyarg\u0131lar\u0131na hapsederek yanl\u0131\u015f d\u00fc\u015f\u00fcncelerin k\u00f6k salmas\u0131na neden olabiliyor. David Robson\u2019\u0131n s\u00f6z\u00fcn\u00fc etti\u011fi \u201cZek\u00e2 Tuza\u011f\u0131\u201d tam da bu. Thomas Edison\u2019dan NASA\u2019ya, Nokia\u2019dan \u0130ngiltere milli futbol tak\u0131m\u0131na kadar zek\u00e2s\u0131na g\u00fcvendi\u011fimiz pek \u00e7ok isim ve kurum bu tuza\u011fa d\u00fc\u015fm\u00fc\u015f, d\u00fc\u015fmeye de devam ediyor. Peki bu kadar zeki oldu\u011funu d\u00fc\u015f\u00fcnd\u00fc\u011f\u00fcm\u00fcz insanlar b\u00f6yle yanl\u0131\u015flara d\u00fc\u015febiliyorsa bizim de d\u00fc\u015fmemiz ka\u00e7\u0131n\u0131lmaz de\u011fil mi? Pek de\u011fil. David Robson, zek\u00e2 ve deneyim konusunda yak\u0131n d\u00f6nemlerde ortaya at\u0131lm\u0131\u015f stratejik cehalet, meta-unutkanl\u0131k ya da i\u015flevsel aptall\u0131k gibi yakla\u015f\u0131mlardan yola \u00e7\u0131karak, bir yandan zek\u00e2s\u0131na \u00e7ok g\u00fcvendi\u011fimiz insanlar\u0131n nas\u0131l ve neden mant\u0131ks\u0131z kararlar alabildiklerini irdeliyor, bir yandan da bizlere de benzer tuzaklardan ka\u00e7\u0131nmak i\u00e7in basit ve uygulanabilir y\u00f6ntemler sunuyor. \u0130ster zekilerden olun ister biz di\u011fer fanilerden, soru bombard\u0131man\u0131n\u0131n kesilmedi\u011fi bu karma\u015f\u0131k y\u00fczy\u0131lda, Zek\u00e2 Tuza\u011f\u0131 bili\u015fsel potansiyelinizi t\u00fcm\u00fcyle kullanabilmeniz ve daha do\u011fru kararlar alabilmeniz i\u00e7in yepyeni bir alet \u00e7antas\u0131. <\/p>\n","protected":false},"excerpt":{"rendered":"<p>\u201cBir\u00e7ok insan d\u00fc\u015f\u00fcnd\u00fc\u011f\u00fcn\u00fc san\u0131r; asl\u0131nda yapt\u0131klar\u0131, sadece \u00f6nyarg\u0131lar\u0131n\u0131 yeniden d\u00fczenlemektir.\u201d WILLIAM JAMES Y\u00fcksek zek\u00e2l\u0131 insanlar\u0131n sonuca varmadan \u00f6nce eldeki verileri bizlerden daha donan\u0131ml\u0131 bir \u015fekilde de\u011ferlendirdi\u011fini<span class=\"excerpt-hellip\"> [\u2026]<\/span><\/p>\n","protected":false},"featured_media":0,"template":"","meta":{"_monsterinsights_skip_tracking":false,"_monsterinsights_sitenote_active":false,"_monsterinsights_sitenote_note":"","_monsterinsights_sitenote_category":0},"product_brand":[],"product_cat":[13005,13006],"product_tag":[],"class_list":{"0":"post-737121","1":"product","2":"type-product","3":"status-publish","5":"product_cat-bilim-muhendislik","6":"product_cat-populer-bilim","7":"pa_cilt-ciltsiz","8":"pa_tur-kitap","9":"pa_yayinevi-domingo-yayinevi","10":"pa_yazar-david-robson","12":"first","13":"instock","14":"sale","15":"shipping-taxable","16":"purchasable","17":"product-type-simple"},"_links":{"self":[{"href":"https:\/\/roveyayinevi.com.tr\/index.php\/wp-json\/wp\/v2\/product\/737121","targetHints":{"allow":["GET"]}}],"collection":[{"href":"https:\/\/roveyayinevi.com.tr\/index.php\/wp-json\/wp\/v2\/product"}],"about":[{"href":"https:\/\/roveyayinevi.com.tr\/index.php\/wp-json\/wp\/v2\/types\/product"}],"wp:attachment":[{"href":"https:\/\/roveyayinevi.com.tr\/index.php\/wp-json\/wp\/v2\/media?parent=737121"}],"wp:term":[{"taxonomy":"product_brand","embeddable":true,"href":"https:\/\/roveyayinevi.com.tr\/index.php\/wp-json\/wp\/v2\/product_brand?post=737121"},{"taxonomy":"product_cat","embeddable":true,"href":"https:\/\/roveyayinevi.com.tr\/index.php\/wp-json\/wp\/v2\/product_cat?post=737121"},{"taxonomy":"product_tag","embeddable":true,"href":"https:\/\/roveyayinevi.com.tr\/index.php\/wp-json\/wp\/v2\/product_tag?post=737121"}],"curies":[{"name":"wp","href":"https:\/\/api.w.org\/{rel}","templated":true}]}}