{"id":737108,"date":"2025-08-27T23:21:15","date_gmt":"2025-08-27T20:21:15","guid":{"rendered":"https:\/\/roveyayinevi.com.tr\/index.php\/urun\/muhasebe-standartlarina-gore-serefiye-deger-degisimi-uzerinde-etki-gucune-sahip-faktorlerin-incelenmesi\/"},"modified":"2026-04-16T02:46:37","modified_gmt":"2026-04-15T23:46:37","slug":"muhasebe-standartlarina-gore-serefiye-deger-degisimi-uzerinde-etki-gucune-sahip-faktorlerin-incelenmesi","status":"publish","type":"product","link":"https:\/\/roveyayinevi.com.tr\/index.php\/urun\/muhasebe-standartlarina-gore-serefiye-deger-degisimi-uzerinde-etki-gucune-sahip-faktorlerin-incelenmesi\/","title":{"rendered":"Muhasebe Standartlar\u0131na G\u00f6re \u015eerefiye De\u011fer De\u011fi\u015fimi \u00dczerinde Etki G\u00fcc\u00fcne Sahip Fakt\u00f6rlerin \u0130ncelenmesi"},"content":{"rendered":"<p>B\u0130R\u0130NC\u0130 B\u00d6L\u00dcM : TMS 36 VARLIKLARDA DE\u011eER D\u00dc\u015e\u00dcKL\u00dc\u011e\u00dc STANDARDI   \u0130K\u0130NC\u0130 B\u00d6L\u00dcM : \u015eEREF\u0130YE   \u00dc\u00c7\u00dcNC\u00dc B\u00d6L\u00dcM : \u015eEREF\u0130YE DE\u011eER D\u00dc\u015e\u00dcKL\u00dc\u011e\u00dc \u0130LE \u0130LG\u0130L\u0130 L\u0130TERAT\u00dcR TARAMASI   D\u00d6RD\u00dcNC\u00dc B\u00d6L\u00dcM : \u015eEREF\u0130YE DE\u011eER D\u00dc\u015e\u00dcKL\u00dc\u011e\u00dcN\u00dcN B\u0130ST 100 ENDEKS\u0130NDE TEST ED\u0130LMES\u0130 <\/p>\n","protected":false},"excerpt":{"rendered":"<p>B\u0130R\u0130NC\u0130 B\u00d6L\u00dcM : TMS 36 VARLIKLARDA DE\u011eER D\u00dc\u015e\u00dcKL\u00dc\u011e\u00dc STANDARDI \u0130K\u0130NC\u0130 B\u00d6L\u00dcM : \u015eEREF\u0130YE \u00dc\u00c7\u00dcNC\u00dc B\u00d6L\u00dcM : \u015eEREF\u0130YE DE\u011eER D\u00dc\u015e\u00dcKL\u00dc\u011e\u00dc \u0130LE \u0130LG\u0130L\u0130 L\u0130TERAT\u00dcR TARAMASI D\u00d6RD\u00dcNC\u00dc B\u00d6L\u00dcM :<span class=\"excerpt-hellip\"> [\u2026]<\/span><\/p>\n","protected":false},"featured_media":0,"template":"","meta":{"_monsterinsights_skip_tracking":false,"_monsterinsights_sitenote_active":false,"_monsterinsights_sitenote_note":"","_monsterinsights_sitenote_category":0},"product_brand":[],"product_cat":[13043,14381],"product_tag":[],"class_list":{"0":"post-737108","1":"product","2":"type-product","3":"status-publish","5":"product_cat-ekonomi","6":"product_cat-isletme-muhasebe-maliye","7":"pa_cilt-ciltsiz","8":"pa_tur-kitap","9":"pa_yayinevi-gazi-kitabevi","10":"pa_yazar-ozge-ozkan-yusuf-cahit-cukaci","12":"first","13":"instock","14":"sale","15":"shipping-taxable","16":"purchasable","17":"product-type-simple"},"_links":{"self":[{"href":"https:\/\/roveyayinevi.com.tr\/index.php\/wp-json\/wp\/v2\/product\/737108","targetHints":{"allow":["GET"]}}],"collection":[{"href":"https:\/\/roveyayinevi.com.tr\/index.php\/wp-json\/wp\/v2\/product"}],"about":[{"href":"https:\/\/roveyayinevi.com.tr\/index.php\/wp-json\/wp\/v2\/types\/product"}],"wp:attachment":[{"href":"https:\/\/roveyayinevi.com.tr\/index.php\/wp-json\/wp\/v2\/media?parent=737108"}],"wp:term":[{"taxonomy":"product_brand","embeddable":true,"href":"https:\/\/roveyayinevi.com.tr\/index.php\/wp-json\/wp\/v2\/product_brand?post=737108"},{"taxonomy":"product_cat","embeddable":true,"href":"https:\/\/roveyayinevi.com.tr\/index.php\/wp-json\/wp\/v2\/product_cat?post=737108"},{"taxonomy":"product_tag","embeddable":true,"href":"https:\/\/roveyayinevi.com.tr\/index.php\/wp-json\/wp\/v2\/product_tag?post=737108"}],"curies":[{"name":"wp","href":"https:\/\/api.w.org\/{rel}","templated":true}]}}