{"id":737107,"date":"2025-08-27T23:21:14","date_gmt":"2025-08-27T20:21:14","guid":{"rendered":"https:\/\/roveyayinevi.com.tr\/index.php\/urun\/disiplinlerarasi-afet-risk-yonetimi-calismalari\/"},"modified":"2025-10-10T07:28:49","modified_gmt":"2025-10-10T04:28:49","slug":"disiplinlerarasi-afet-risk-yonetimi-calismalari","status":"publish","type":"product","link":"https:\/\/roveyayinevi.com.tr\/index.php\/urun\/disiplinlerarasi-afet-risk-yonetimi-calismalari\/","title":{"rendered":"Disiplinleraras\u0131 Afet Risk Y\u00f6netimi \u00c7al\u0131\u015fmalar\u0131"},"content":{"rendered":"<p>B\u0130R\u0130NC\u0130 B\u00d6L\u00dcM : B\u00fct\u00fcnle\u015fik Afet Y\u00f6netimi ve T\u00fcrkiye \u0130le Baz\u0131 \u00dclkelerin Afet Y\u00f6netim Sistemlerinin Kar\u015f\u0131la\u015ft\u0131r\u0131lmas\u0131   \u0130K\u0130NC\u0130 B\u00d6L\u00dcM : Afet Olaylar\u0131nda Liderlik   \u00dc\u00c7\u00dcNC\u00dc B\u00d6L\u00dcM : Dijitalle\u015fen D\u00fcnyada Veri Analiz Tekniklerinin Afet Y\u00f6netiminde Kullan\u0131m\u0131   D\u00d6RD\u00dcNC\u00dc B\u00d6L\u00dcM : Afet Y\u00f6netimi \u00c7al\u0131\u015fmalar\u0131nda \u0130\u015fbirli\u011fi   BE\u015e\u0130NC\u0130 B\u00d6L\u00dcM : Afetlerde Hem\u015firelerin Rol ve Sorumluluklar\u0131   ALTINCI B\u00d6L\u00dcM : Afetlerin Turizme Zararlar\u0131 ve Turizmde Afet Y\u00f6netimi   YED\u0130NC\u0130 B\u00d6L\u00dcM : Acil Durumlarda ve Afetlerde Beslenme   SEK\u0130Z\u0130NC\u0130 B\u00d6L\u00dcM : Afet Sonras\u0131 Faaliyetler: Yeniden Yap\u0131lanma ve Geli\u015ftirme   DOKUZUNCU B\u00d6L\u00dcM : Orman Yang\u0131n\u0131 Y\u00f6netiminde Toplum Tabanl\u0131 Yakla\u015f\u0131mlar\u0131n Uygulanmas\u0131   ONUNCU B\u00d6L\u00dcM : Afetlerin Psikolojik Etkileri ve Psikiyatri Hem\u015fireli\u011fi <\/p>\n","protected":false},"excerpt":{"rendered":"<p>B\u0130R\u0130NC\u0130 B\u00d6L\u00dcM : B\u00fct\u00fcnle\u015fik Afet Y\u00f6netimi ve T\u00fcrkiye \u0130le Baz\u0131 \u00dclkelerin Afet Y\u00f6netim Sistemlerinin Kar\u015f\u0131la\u015ft\u0131r\u0131lmas\u0131 \u0130K\u0130NC\u0130 B\u00d6L\u00dcM : Afet Olaylar\u0131nda Liderlik \u00dc\u00c7\u00dcNC\u00dc B\u00d6L\u00dcM : Dijitalle\u015fen D\u00fcnyada<span class=\"excerpt-hellip\"> [\u2026]<\/span><\/p>\n","protected":false},"featured_media":0,"template":"","meta":{"_monsterinsights_skip_tracking":false,"_monsterinsights_sitenote_active":false,"_monsterinsights_sitenote_note":"","_monsterinsights_sitenote_category":0},"product_brand":[],"product_cat":[13005,40995],"product_tag":[],"class_list":{"0":"post-737107","1":"product","2":"type-product","3":"status-publish","5":"product_cat-bilim-muhendislik","6":"product_cat-sosyal-bilimler","7":"pa_cilt-ciltsiz","8":"pa_tur-kitap","9":"pa_yayinevi-gazi-kitabevi","10":"pa_yazar-vildan-oral","12":"first","13":"instock","14":"sale","15":"shipping-taxable","16":"purchasable","17":"product-type-simple"},"_links":{"self":[{"href":"https:\/\/roveyayinevi.com.tr\/index.php\/wp-json\/wp\/v2\/product\/737107","targetHints":{"allow":["GET"]}}],"collection":[{"href":"https:\/\/roveyayinevi.com.tr\/index.php\/wp-json\/wp\/v2\/product"}],"about":[{"href":"https:\/\/roveyayinevi.com.tr\/index.php\/wp-json\/wp\/v2\/types\/product"}],"wp:attachment":[{"href":"https:\/\/roveyayinevi.com.tr\/index.php\/wp-json\/wp\/v2\/media?parent=737107"}],"wp:term":[{"taxonomy":"product_brand","embeddable":true,"href":"https:\/\/roveyayinevi.com.tr\/index.php\/wp-json\/wp\/v2\/product_brand?post=737107"},{"taxonomy":"product_cat","embeddable":true,"href":"https:\/\/roveyayinevi.com.tr\/index.php\/wp-json\/wp\/v2\/product_cat?post=737107"},{"taxonomy":"product_tag","embeddable":true,"href":"https:\/\/roveyayinevi.com.tr\/index.php\/wp-json\/wp\/v2\/product_tag?post=737107"}],"curies":[{"name":"wp","href":"https:\/\/api.w.org\/{rel}","templated":true}]}}