{"id":737082,"date":"2025-08-27T23:20:50","date_gmt":"2025-08-27T20:20:50","guid":{"rendered":"https:\/\/roveyayinevi.com.tr\/index.php\/urun\/dunyanin-merkezine-seyahat-3\/"},"modified":"2026-04-16T02:46:35","modified_gmt":"2026-04-15T23:46:35","slug":"dunyanin-merkezine-seyahat-3","status":"publish","type":"product","link":"https:\/\/roveyayinevi.com.tr\/index.php\/urun\/dunyanin-merkezine-seyahat-3\/","title":{"rendered":"D\u00fcnyan\u0131n Merkezine Seyahat"},"content":{"rendered":"<p>Jules Verne&#8217;in \u00e7\u0131\u011f\u0131r a\u00e7an klasi\u011fi D\u00fcnyan\u0131n Merkezine Seyahat, \u00e7evirileriyle tan\u0131d\u0131\u011f\u0131m\u0131z \u00dcmit Mutlu&#8217;nun s\u00f6zc\u00fcklerinde yeniden hayat buluyor; \u00f6zenli bir edisyonla \u201cSEN de OKU Klasikler\u201d koleksiyonundaki yerini al\u0131yor.Fantezi ve bilimkurgu edebiyat\u0131n\u0131n kilometre ta\u015flar\u0131ndan say\u0131lan eser, d\u00e2hice kurgusu ve parmak \u0131s\u0131rtan betimlemeleriyle bir bu\u00e7uk as\u0131rd\u0131r her ya\u015ftan okura \u201csinemasal\u201d d\u00fc\u015fler ya\u015fatmay\u0131 s\u00fcrd\u00fcr\u00fcyor. Ge\u00e7mi\u015f efsaneleri bir pusulan\u0131n ucuna tak\u0131p insanl\u0131\u011f\u0131n en b\u00fcy\u00fck hayallerinden birini ger\u00e7ek k\u0131lan bu s\u00fcr\u00fckleyici anlat\u0131; s\u00f6nm\u00fc\u015f bir yanarda\u011f\u0131n kraterinden okyanus taban\u0131na ve hatta gizemli dehlizlere uzanan ser\u00fcveniyle, yer bilimlerini ve m\u00fchendisli\u011fi tekrardan tan\u0131ml\u0131yor. \u00c7ekingen bir gen\u00e7, bilim \u00e2\u015f\u0131\u011f\u0131 bir jeoloji profes\u00f6r\u00fc, par\u00e7alanm\u0131\u015f bir el yazmas\u0131 kitap ve Runik harflerle \u015fifrelenmi\u015f bir mesaj&#8230;   Axel, eksantrik amcas\u0131 Otto Lidenbrock&#8217;un bir t\u00fcrl\u00fc \u00fcstesinden gelemedi\u011fi \u015fifreyi \u00e7\u00f6zd\u00fc\u011f\u00fcnde, birka\u00e7 g\u00fcn sonra \u00e7\u0131kacaklar\u0131 seyahatin, hayatlar\u0131n\u0131n seyrini nas\u0131l de\u011fi\u015ftirece\u011fini hayal bile edemezdi. On alt\u0131nc\u0131 y\u00fczy\u0131lda ya\u015fam\u0131\u015f simyac\u0131 Arne Saknussemm&#8217;den geriye kalan bir mesaj, d\u00fcnyan\u0131n merkezine nas\u0131l ula\u015f\u0131laca\u011f\u0131na dair t\u00fcm ayr\u0131nt\u0131lar\u0131 tarif ediyordu. Bahsi ge\u00e7en seyahati bu \u0130zlandal\u0131 simyac\u0131 da yapabildi\u011fine g\u00f6re yaz\u0131lanlar ger\u00e7ekti ve Profes\u00f6r Otto&#8217;yu art\u0131k kimse durduramazd\u0131! \u0130lk duraklar\u0131 Reykavik oldu. Orada, kendilerine rehberlik edecek Hans&#8217;la yollar\u0131 kesi\u015fti. \u00dc\u00e7 maceraperest, \u0130zlanda&#8217;dan d\u00fcnyan\u0131n merkezine do\u011fru yol al\u0131rken, ba\u015flar\u0131ndan ge\u00e7en talihsiz olaylar ve kar\u015f\u0131lar\u0131na \u00e7\u0131kan do\u011fa\u00fcst\u00fc canl\u0131lar bile onlar\u0131 hedeflerinden al\u0131koymaya yetmeyecekti. Her \u015feyi g\u00f6ze alm\u0131\u015flard\u0131 \u00e7\u00fcnk\u00fc; hem de eve geri d\u00f6nememe pahas\u0131na&#8230;D\u00fcnyan\u0131n Merkezine Seyahat&#8217;in bu yeniden anlat\u0131m\u0131; yer kabu\u011funun alt\u0131nda, kaya katmanlar\u0131n\u0131n derinlerinde ak\u0131p giden bir ser\u00fcvenin par\u00e7as\u0131 olmak isteyen \u00e7ocuklar\u0131n ve bilimkurgu klasiklerine tutkun yeti\u015fkin okurlar\u0131n haf\u0131zlar\u0131nda yer edecek, nefes kesici bir kitap!\u201cGelecek, bizim i\u00e7in h\u00e2l\u00e2 me\u00e7huld\u00fc. \u0130nsanl\u0131k i\u00e7inse tam bir muamma&#8230;\u201d<\/p>\n","protected":false},"excerpt":{"rendered":"<p>Jules Verne&#8217;in \u00e7\u0131\u011f\u0131r a\u00e7an klasi\u011fi D\u00fcnyan\u0131n Merkezine Seyahat, \u00e7evirileriyle tan\u0131d\u0131\u011f\u0131m\u0131z \u00dcmit Mutlu&#8217;nun s\u00f6zc\u00fcklerinde yeniden hayat buluyor; \u00f6zenli bir edisyonla \u201cSEN de OKU Klasikler\u201d koleksiyonundaki yerini al\u0131yor.Fantezi<span class=\"excerpt-hellip\"> [\u2026]<\/span><\/p>\n","protected":false},"featured_media":0,"template":"","meta":{"_monsterinsights_skip_tracking":false,"_monsterinsights_sitenote_active":false,"_monsterinsights_sitenote_note":"","_monsterinsights_sitenote_category":0},"product_brand":[],"product_cat":[12275,12274],"product_tag":[],"class_list":{"0":"post-737082","1":"product","2":"type-product","3":"status-publish","5":"product_cat-6-12-yas-kitaplari","6":"product_cat-cocuk-ve-genclik-kitaplari","7":"pa_cilt-ciltsiz","8":"pa_tur-kitap","9":"pa_yayinevi-tudem-yayinlari","10":"pa_yazar-umit-mutlu","12":"first","13":"instock","14":"sale","15":"shipping-taxable","16":"purchasable","17":"product-type-simple"},"_links":{"self":[{"href":"https:\/\/roveyayinevi.com.tr\/index.php\/wp-json\/wp\/v2\/product\/737082","targetHints":{"allow":["GET"]}}],"collection":[{"href":"https:\/\/roveyayinevi.com.tr\/index.php\/wp-json\/wp\/v2\/product"}],"about":[{"href":"https:\/\/roveyayinevi.com.tr\/index.php\/wp-json\/wp\/v2\/types\/product"}],"wp:attachment":[{"href":"https:\/\/roveyayinevi.com.tr\/index.php\/wp-json\/wp\/v2\/media?parent=737082"}],"wp:term":[{"taxonomy":"product_brand","embeddable":true,"href":"https:\/\/roveyayinevi.com.tr\/index.php\/wp-json\/wp\/v2\/product_brand?post=737082"},{"taxonomy":"product_cat","embeddable":true,"href":"https:\/\/roveyayinevi.com.tr\/index.php\/wp-json\/wp\/v2\/product_cat?post=737082"},{"taxonomy":"product_tag","embeddable":true,"href":"https:\/\/roveyayinevi.com.tr\/index.php\/wp-json\/wp\/v2\/product_tag?post=737082"}],"curies":[{"name":"wp","href":"https:\/\/api.w.org\/{rel}","templated":true}]}}