{"id":737079,"date":"2025-08-27T23:20:46","date_gmt":"2025-08-27T20:20:46","guid":{"rendered":"https:\/\/roveyayinevi.com.tr\/index.php\/urun\/yalnizlik-tanimlari\/"},"modified":"2026-04-16T02:46:35","modified_gmt":"2026-04-15T23:46:35","slug":"yalnizlik-tanimlari","status":"publish","type":"product","link":"https:\/\/roveyayinevi.com.tr\/index.php\/urun\/yalnizlik-tanimlari\/","title":{"rendered":"Yaln\u0131zl\u0131k Tan\u0131mlar\u0131"},"content":{"rendered":"<p>Egemen Berk\u00f6z (1941) Karadeniz Ere\u011fli do\u011fumlu. 1959\u2019dan ba\u015flayarak d\u00f6nemin \u00f6nde gelen dergilerinde \u015fiirleri yay\u0131mlanan Berk\u00f6z, ilk \u015fiir kitab\u0131 olan \u00c7in Askeri Ah Devran\u2019\u0131 1966 y\u0131l\u0131nda yay\u0131mlad\u0131. Bunu Yaln\u0131zl\u0131klar! Yaln\u0131zl\u0131klar! (1977) ve Bu Kitapta Sen Nerdesin? (1981) izledi. \u00d6zellikle, \u00fc\u00e7\u00fcnc\u00fc kitab\u0131nda yer alan \u201cSon \u00dc\u00e7 G\u00fcn\u00fcn Hik\u00e2yesi\u201d adl\u0131 d\u00fczyaz\u0131 \u015fiir; \u201chem korkun\u00e7 bir umuda hem ac\u0131l\u0131 bir \u00f6fkeye\u201d a\u00e7\u0131lan \u201cr\u00fczg\u00e2rl\u0131\u201d i\u00e7eri\u011fi, h\u00fczn\u00fc ve yaln\u0131zl\u0131\u011f\u0131 imleyen vurgusuyla \u015fairin poetikas\u0131n\u0131n kilit ta\u015f\u0131 olarak nitelendi. 2016 y\u0131l\u0131nda Beh\u00e7et Necatigil 100. Y\u0131l \u015eiir Emek \u00d6d\u00fcl\u00fc\u2019ne, 2017 y\u0131l\u0131nda ise PEN T\u00fcrkiye \u015eiir \u00d6d\u00fcl\u00fc\u2019ne de\u011fer g\u00f6r\u00fclen Berk\u00f6z\u2019\u00fcn Nobel Edebiyat \u00d6d\u00fcl\u00fc sahibi Salvatore Quasimodo\u2019dan yapt\u0131\u011f\u0131 \u00e7evirilerden olu\u015fan Ve Birden Ak\u015fam, 2019 y\u0131l\u0131nda Ayr\u0131nt\u0131 \u015fiir dizisinden yay\u0131mland\u0131.Egemen Berk\u00f6z, \u201cUnutma!\u201d \u00e7a\u011fr\u0131s\u0131n\u0131, k\u0131rk y\u0131l sonra yay\u0131mlad\u0131\u011f\u0131m\u0131z yeni kitab\u0131 Yaln\u0131zl\u0131k Tan\u0131mlar\u0131\u2019nda da s\u00fcrd\u00fcr\u00fcyor. Do\u011fan H\u0131zlan\u2019\u0131n deyi\u015fiyle, Berk\u00f6z\u2019\u00fcn \u201cinad\u0131na unutmamak\u201d \u00fczerine kurulu zaman\u0131 alg\u0131lama, ya\u015fama ve yazma tavr\u0131, ya\u015famdan izd\u00fc\u015f\u00fcmler, g\u00fcn d\u00f6k\u00fcmleri ve an\u0131msay\u0131\u015flar olarak kitap b\u00fct\u00fcn\u00fcnde izlenebiliyor. Berk\u00f6z; 1968\u2019den, bir zamanlar\u0131n Ere\u011fli\u2019sinden kalanlar\u0131, art\u0131k olmayanlar\u0131, Do\u011fdu\u011fu Ev\u2019i, D\u00f6nme Melek Han\u0131m Teyze\u2019yi, G\u00fcl\u00fc\u00e7 \u00c7ay\u0131r\u0131\u2019n\u0131 konuk ediyor \u015fiirine; lodosla poyrazla savrulup durulmu\u015f bir \u00f6mr\u00fcn hik\u00e2yesine g\u00f6nderiyor bizi. Yaln\u0131zl\u0131k Tan\u0131mlar\u0131, g\u00fcney kokan k\u0131\u015f g\u00fcnlerine, u\u00e7up giden Kas\u0131mpat\u0131 kokusuna, b\u0131rak\u0131lm\u0131\u015fl\u0131\u011f\u0131n o kal\u0131n \u00e7izgili h\u00fczn\u00fcne ve nice hat\u0131rlanas\u0131 \u015feylere \u015fiirle, \u015fiirli bir yolculuk&#8230;<\/p>\n","protected":false},"excerpt":{"rendered":"<p>Egemen Berk\u00f6z (1941) Karadeniz Ere\u011fli do\u011fumlu. 1959\u2019dan ba\u015flayarak d\u00f6nemin \u00f6nde gelen dergilerinde \u015fiirleri yay\u0131mlanan Berk\u00f6z, ilk \u015fiir kitab\u0131 olan \u00c7in Askeri Ah Devran\u2019\u0131 1966 y\u0131l\u0131nda yay\u0131mlad\u0131.<span class=\"excerpt-hellip\"> [\u2026]<\/span><\/p>\n","protected":false},"featured_media":0,"template":"","meta":{"_monsterinsights_skip_tracking":false,"_monsterinsights_sitenote_active":false,"_monsterinsights_sitenote_note":"","_monsterinsights_sitenote_category":0},"product_brand":[],"product_cat":[12291,12509],"product_tag":[],"class_list":{"0":"post-737079","1":"product","2":"type-product","3":"status-publish","5":"product_cat-edebiyat","6":"product_cat-siir","7":"pa_cilt-ciltsiz","8":"pa_tur-kitap","9":"pa_yayinevi-ayrinti-yayinlari","10":"pa_yazar-egemen-berkoz","12":"first","13":"instock","14":"sale","15":"shipping-taxable","16":"purchasable","17":"product-type-simple"},"_links":{"self":[{"href":"https:\/\/roveyayinevi.com.tr\/index.php\/wp-json\/wp\/v2\/product\/737079","targetHints":{"allow":["GET"]}}],"collection":[{"href":"https:\/\/roveyayinevi.com.tr\/index.php\/wp-json\/wp\/v2\/product"}],"about":[{"href":"https:\/\/roveyayinevi.com.tr\/index.php\/wp-json\/wp\/v2\/types\/product"}],"wp:attachment":[{"href":"https:\/\/roveyayinevi.com.tr\/index.php\/wp-json\/wp\/v2\/media?parent=737079"}],"wp:term":[{"taxonomy":"product_brand","embeddable":true,"href":"https:\/\/roveyayinevi.com.tr\/index.php\/wp-json\/wp\/v2\/product_brand?post=737079"},{"taxonomy":"product_cat","embeddable":true,"href":"https:\/\/roveyayinevi.com.tr\/index.php\/wp-json\/wp\/v2\/product_cat?post=737079"},{"taxonomy":"product_tag","embeddable":true,"href":"https:\/\/roveyayinevi.com.tr\/index.php\/wp-json\/wp\/v2\/product_tag?post=737079"}],"curies":[{"name":"wp","href":"https:\/\/api.w.org\/{rel}","templated":true}]}}