{"id":737074,"date":"2025-08-27T23:20:42","date_gmt":"2025-08-27T20:20:42","guid":{"rendered":"https:\/\/roveyayinevi.com.tr\/index.php\/urun\/hereke-fabrikasinin-kurulusu\/"},"modified":"2026-01-27T03:11:09","modified_gmt":"2026-01-27T00:11:09","slug":"hereke-fabrikasinin-kurulusu","status":"publish","type":"product","link":"https:\/\/roveyayinevi.com.tr\/index.php\/urun\/hereke-fabrikasinin-kurulusu\/","title":{"rendered":"Hereke Fabrikas\u0131n\u0131n Kurulu\u015fu"},"content":{"rendered":"<p>Tanzimat d\u00f6nemi sanayile\u015fme a\u00e7\u0131s\u0131ndan, geni\u015f \u00e7apta ihtiya\u00e7 duyulan mallar\u0131 imal etmek amac\u0131yla tesis kurma politikalar\u0131n\u0131n hayata ge\u00e7irildi\u011fi bir d\u00f6nem olmu\u015ftur. Bu d\u00f6nemde, esas itibariyle Osmanl\u0131 Devleti bir sanayi hamlesi yapmak istemi\u015ftir. Bu ba\u011flamda \u0130stanbul\u2019da Zeytinburnu-K\u00fc\u00e7\u00fck\u00e7ekmece aras\u0131ndaki sahil band\u0131na yeni fabrikalar kurulmu\u015f, bu arada \u0130zmit\u2019te de b\u00fcy\u00fck bir kuma\u015f fabrikas\u0131 tesis edilmi\u015ftir.Bu kitab\u0131n konusunu olu\u015fturan Hereke Fabrikas\u0131, bir nevi \u00f6zel giri\u015fim olarak d\u00f6nemin seraskeri Hasan R\u0131za Pa\u015fa ve Barut\u00e7uba\u015f\u0131 Ohannes Dadyan taraf\u0131ndan 1843 y\u0131l\u0131nda kurulmu\u015ftur. Fabrika, imal etti\u011fi ipekli kuma\u015flarla b\u00fcy\u00fck \u00fcn kazanm\u0131\u015ft\u0131r. Hereke Fabrikas\u0131 uzun y\u0131llar hal\u0131 ve kuma\u015f dokumac\u0131l\u0131\u011f\u0131n\u0131n en \u00f6nemli merkezi olmu\u015ftur. Burada \u00fcretilen hal\u0131lar ve kuma\u015flar yabanc\u0131lar\u0131n da b\u00fcy\u00fck be\u011fenisini elde etmi\u015ftir. \u00d6zelikle yabanc\u0131 devlet adamlar\u0131na fabrika \u00fcr\u00fcnlerinin hediye edilmesi, hal\u0131 ve kuma\u015flar\u0131n uluslararas\u0131 diplomasinin bir arac\u0131 olarak kullan\u0131ld\u0131\u011f\u0131n\u0131 da g\u00f6stermi\u015ftir.<\/p>\n","protected":false},"excerpt":{"rendered":"<p>Tanzimat d\u00f6nemi sanayile\u015fme a\u00e7\u0131s\u0131ndan, geni\u015f \u00e7apta ihtiya\u00e7 duyulan mallar\u0131 imal etmek amac\u0131yla tesis kurma politikalar\u0131n\u0131n hayata ge\u00e7irildi\u011fi bir d\u00f6nem olmu\u015ftur. Bu d\u00f6nemde, esas itibariyle Osmanl\u0131 Devleti<span class=\"excerpt-hellip\"> [\u2026]<\/span><\/p>\n","protected":false},"featured_media":0,"template":"","meta":{"_monsterinsights_skip_tracking":false,"_monsterinsights_sitenote_active":false,"_monsterinsights_sitenote_note":"","_monsterinsights_sitenote_category":0},"product_brand":[],"product_cat":[12304,13650],"product_tag":[],"class_list":{"0":"post-737074","1":"product","2":"type-product","3":"status-publish","5":"product_cat-tarih","6":"product_cat-turk-tarihi-arastirmalari","7":"pa_cilt-ciltsiz","8":"pa_tur-kitap","9":"pa_yayinevi-yeditepe-yayinevi","10":"pa_yazar-vahdettin-engin","12":"first","13":"instock","14":"sale","15":"shipping-taxable","16":"purchasable","17":"product-type-simple"},"_links":{"self":[{"href":"https:\/\/roveyayinevi.com.tr\/index.php\/wp-json\/wp\/v2\/product\/737074","targetHints":{"allow":["GET"]}}],"collection":[{"href":"https:\/\/roveyayinevi.com.tr\/index.php\/wp-json\/wp\/v2\/product"}],"about":[{"href":"https:\/\/roveyayinevi.com.tr\/index.php\/wp-json\/wp\/v2\/types\/product"}],"wp:attachment":[{"href":"https:\/\/roveyayinevi.com.tr\/index.php\/wp-json\/wp\/v2\/media?parent=737074"}],"wp:term":[{"taxonomy":"product_brand","embeddable":true,"href":"https:\/\/roveyayinevi.com.tr\/index.php\/wp-json\/wp\/v2\/product_brand?post=737074"},{"taxonomy":"product_cat","embeddable":true,"href":"https:\/\/roveyayinevi.com.tr\/index.php\/wp-json\/wp\/v2\/product_cat?post=737074"},{"taxonomy":"product_tag","embeddable":true,"href":"https:\/\/roveyayinevi.com.tr\/index.php\/wp-json\/wp\/v2\/product_tag?post=737074"}],"curies":[{"name":"wp","href":"https:\/\/api.w.org\/{rel}","templated":true}]}}